| Back to Multiple platform build/check report for BioC 3.8 experimental data |
This page was generated on 2019-04-16 15:25:59 -0400 (Tue, 16 Apr 2019).
| Package 165/360 | Hostname | OS / Arch | INSTALL | BUILD | CHECK | BUILD BIN | ||||||
| HIVcDNAvantWout03 1.22.0 Chris Fraley
| malbec1 | Linux (Ubuntu 16.04.6 LTS) / x86_64 | OK | OK | [ WARNINGS ] |
| Package: HIVcDNAvantWout03 |
| Version: 1.22.0 |
| Command: /home/biocbuild/bbs-3.8-bioc/R/bin/R CMD check --install=check:HIVcDNAvantWout03.install-out.txt --library=/home/biocbuild/bbs-3.8-bioc/R/library --no-vignettes --timings HIVcDNAvantWout03_1.22.0.tar.gz |
| StartedAt: 2019-04-16 13:47:36 -0400 (Tue, 16 Apr 2019) |
| EndedAt: 2019-04-16 13:47:43 -0400 (Tue, 16 Apr 2019) |
| EllapsedTime: 6.8 seconds |
| RetCode: 0 |
| Status: WARNINGS |
| CheckDir: HIVcDNAvantWout03.Rcheck |
| Warnings: 1 |
##############################################################################
##############################################################################
###
### Running command:
###
### /home/biocbuild/bbs-3.8-bioc/R/bin/R CMD check --install=check:HIVcDNAvantWout03.install-out.txt --library=/home/biocbuild/bbs-3.8-bioc/R/library --no-vignettes --timings HIVcDNAvantWout03_1.22.0.tar.gz
###
##############################################################################
##############################################################################
* using log directory ‘/home/biocbuild/bbs-3.8-data-experiment/meat/HIVcDNAvantWout03.Rcheck’
* using R version 3.5.3 (2019-03-11)
* using platform: x86_64-pc-linux-gnu (64-bit)
* using session charset: UTF-8
* using option ‘--no-vignettes’
* checking for file ‘HIVcDNAvantWout03/DESCRIPTION’ ... OK
* this is package ‘HIVcDNAvantWout03’ version ‘1.22.0’
* checking package namespace information ... OK
* checking package dependencies ... OK
* checking if this is a source package ... OK
* checking if there is a namespace ... OK
* checking for hidden files and directories ... OK
* checking for portable file names ... OK
* checking for sufficient/correct file permissions ... OK
* checking whether package ‘HIVcDNAvantWout03’ can be installed ... OK
* checking installed package size ... NOTE
installed size is 5.3Mb
sub-directories of 1Mb or more:
data 5.2Mb
* checking package directory ... OK
* checking DESCRIPTION meta-information ... OK
* checking top-level files ... OK
* checking for left-over files ... OK
* checking index information ... OK
* checking package subdirectories ... OK
* checking whether the package can be loaded ... OK
* checking whether the package can be loaded with stated dependencies ... OK
* checking whether the package can be unloaded cleanly ... OK
* checking whether the namespace can be loaded with stated dependencies ... OK
* checking whether the namespace can be unloaded cleanly ... OK
* checking Rd files ... OK
* checking Rd metadata ... OK
* checking Rd cross-references ... OK
* checking for missing documentation entries ... OK
* checking for code/documentation mismatches ... OK
* checking Rd \usage sections ... OK
* checking Rd contents ... OK
* checking for unstated dependencies in examples ... OK
* checking contents of ‘data’ directory ... OK
* checking data for non-ASCII characters ... OK
* checking data for ASCII and uncompressed saves ... OK
* checking files in ‘vignettes’ ... WARNING
Files in the 'vignettes' directory but no files in 'inst/doc':
‘hivData.pdf’
Package has no Sweave vignette sources and no VignetteBuilder field.
* checking examples ... NONE
* checking PDF version of manual ... OK
* DONE
Status: 1 WARNING, 1 NOTE
See
‘/home/biocbuild/bbs-3.8-data-experiment/meat/HIVcDNAvantWout03.Rcheck/00check.log’
for details.
HIVcDNAvantWout03.Rcheck/00install.out
############################################################################## ############################################################################## ### ### Running command: ### ### /home/biocbuild/bbs-3.8-bioc/R/bin/R CMD INSTALL HIVcDNAvantWout03 ### ############################################################################## ############################################################################## * installing to library ‘/home/biocbuild/bbs-3.8-bioc/R/library’ * installing *source* package ‘HIVcDNAvantWout03’ ... ** data ** help *** installing help indices ** building package indices Read 450000 items Read 450000 items ** installing vignettes ** testing if installed package can be loaded * DONE (HIVcDNAvantWout03)