| Back to Multiple platform build/check report for BioC 3.8 experimental data |
This page was generated on 2019-04-16 15:26:06 -0400 (Tue, 16 Apr 2019).
| Package 58/360 | Hostname | OS / Arch | INSTALL | BUILD | CHECK | BUILD BIN | ||||||
| ChIPXpressData 1.20.0 George Wu
| malbec1 | Linux (Ubuntu 16.04.6 LTS) / x86_64 | OK | OK | [ WARNINGS ] |
| Package: ChIPXpressData |
| Version: 1.20.0 |
| Command: /home/biocbuild/bbs-3.8-bioc/R/bin/R CMD check --install=check:ChIPXpressData.install-out.txt --library=/home/biocbuild/bbs-3.8-bioc/R/library --no-vignettes --timings ChIPXpressData_1.20.0.tar.gz |
| StartedAt: 2019-04-16 13:33:42 -0400 (Tue, 16 Apr 2019) |
| EndedAt: 2019-04-16 13:37:00 -0400 (Tue, 16 Apr 2019) |
| EllapsedTime: 198.2 seconds |
| RetCode: 0 |
| Status: WARNINGS |
| CheckDir: ChIPXpressData.Rcheck |
| Warnings: 1 |
##############################################################################
##############################################################################
###
### Running command:
###
### /home/biocbuild/bbs-3.8-bioc/R/bin/R CMD check --install=check:ChIPXpressData.install-out.txt --library=/home/biocbuild/bbs-3.8-bioc/R/library --no-vignettes --timings ChIPXpressData_1.20.0.tar.gz
###
##############################################################################
##############################################################################
* using log directory ‘/home/biocbuild/bbs-3.8-data-experiment/meat/ChIPXpressData.Rcheck’
* using R version 3.5.3 (2019-03-11)
* using platform: x86_64-pc-linux-gnu (64-bit)
* using session charset: UTF-8
* using option ‘--no-vignettes’
* checking for file ‘ChIPXpressData/DESCRIPTION’ ... OK
* checking extension type ... Package
* this is package ‘ChIPXpressData’ version ‘1.20.0’
* checking package namespace information ... OK
* checking package dependencies ... OK
* checking if this is a source package ... OK
* checking if there is a namespace ... OK
* checking for hidden files and directories ... NOTE
Found the following hidden files and directories:
.BBSoptions
These were most likely included in error. See section ‘Package
structure’ in the ‘Writing R Extensions’ manual.
* checking for portable file names ... OK
* checking for sufficient/correct file permissions ... OK
* checking whether package ‘ChIPXpressData’ can be installed ... OK
* checking installed package size ... NOTE
installed size is 4306.8Mb
sub-directories of 1Mb or more:
extdata 4305.9Mb
* checking package directory ... OK
* checking DESCRIPTION meta-information ... OK
* checking top-level files ... OK
* checking for left-over files ... OK
* checking index information ... OK
* checking package subdirectories ... OK
* checking whether the package can be loaded ... OK
* checking whether the package can be loaded with stated dependencies ... OK
* checking whether the package can be unloaded cleanly ... OK
* checking whether the namespace can be loaded with stated dependencies ... OK
* checking whether the namespace can be unloaded cleanly ... OK
* checking Rd files ... OK
* checking Rd metadata ... OK
* checking Rd cross-references ... OK
* checking for missing documentation entries ... OK
* checking for code/documentation mismatches ... OK
* checking Rd \usage sections ... OK
* checking Rd contents ... OK
* checking for unstated dependencies in examples ... OK
* checking contents of ‘data’ directory ... OK
* checking data for non-ASCII characters ... OK
* checking data for ASCII and uncompressed saves ... WARNING
Note: significantly better compression could be obtained
by using R CMD build --resave-data
old_size new_size compress
GPL1261mean.rda 215Kb 180Kb xz
GPL1261var.rda 216Kb 189Kb xz
GPL570mean.rda 198Kb 159Kb xz
GPL570var.rda 209Kb 181Kb xz
* checking examples ... OK
* checking PDF version of manual ... OK
* DONE
Status: 1 WARNING, 2 NOTEs
See
‘/home/biocbuild/bbs-3.8-data-experiment/meat/ChIPXpressData.Rcheck/00check.log’
for details.
ChIPXpressData.Rcheck/00install.out
############################################################################## ############################################################################## ### ### Running command: ### ### /home/biocbuild/bbs-3.8-bioc/R/bin/R CMD INSTALL ChIPXpressData ### ############################################################################## ############################################################################## * installing to library ‘/home/biocbuild/bbs-3.8-bioc/R/library’ * installing *source* package ‘ChIPXpressData’ ... ** data ** inst ** help *** installing help indices ** building package indices ** testing if installed package can be loaded * DONE (ChIPXpressData)
ChIPXpressData.Rcheck/ChIPXpressData-Ex.timings
| name | user | system | elapsed | |
| DB_GPL1261.bigmemory | 0.076 | 0.028 | 0.246 | |
| DB_GPL570.bigmemory | 0.268 | 0.092 | 0.398 | |
| GPL1261mean | 0.024 | 0.000 | 0.023 | |
| GPL1261var | 0.008 | 0.000 | 0.011 | |
| GPL570mean | 0.012 | 0.000 | 0.013 | |
| GPL570var | 0.016 | 0.000 | 0.019 | |