| Back to Multiple platform build/check report for BioC 3.8 experimental data |
This page was generated on 2019-04-16 15:26:00 -0400 (Tue, 16 Apr 2019).
| Package 188/360 | Hostname | OS / Arch | INSTALL | BUILD | CHECK | BUILD BIN | ||||||
| lumiBarnes 1.22.0 Pan Du
| malbec1 | Linux (Ubuntu 16.04.6 LTS) / x86_64 | OK | OK | [ WARNINGS ] |
| Package: lumiBarnes |
| Version: 1.22.0 |
| Command: /home/biocbuild/bbs-3.8-bioc/R/bin/R CMD check --install=check:lumiBarnes.install-out.txt --library=/home/biocbuild/bbs-3.8-bioc/R/library --no-vignettes --timings lumiBarnes_1.22.0.tar.gz |
| StartedAt: 2019-04-16 13:50:28 -0400 (Tue, 16 Apr 2019) |
| EndedAt: 2019-04-16 13:52:00 -0400 (Tue, 16 Apr 2019) |
| EllapsedTime: 92.4 seconds |
| RetCode: 0 |
| Status: WARNINGS |
| CheckDir: lumiBarnes.Rcheck |
| Warnings: 1 |
##############################################################################
##############################################################################
###
### Running command:
###
### /home/biocbuild/bbs-3.8-bioc/R/bin/R CMD check --install=check:lumiBarnes.install-out.txt --library=/home/biocbuild/bbs-3.8-bioc/R/library --no-vignettes --timings lumiBarnes_1.22.0.tar.gz
###
##############################################################################
##############################################################################
* using log directory ‘/home/biocbuild/bbs-3.8-data-experiment/meat/lumiBarnes.Rcheck’
* using R version 3.5.3 (2019-03-11)
* using platform: x86_64-pc-linux-gnu (64-bit)
* using session charset: UTF-8
* using option ‘--no-vignettes’
* checking for file ‘lumiBarnes/DESCRIPTION’ ... OK
* checking extension type ... Package
* this is package ‘lumiBarnes’ version ‘1.22.0’
* checking package namespace information ... OK
* checking package dependencies ... OK
* checking if this is a source package ... OK
* checking if there is a namespace ... OK
* checking for hidden files and directories ... OK
* checking for portable file names ... OK
* checking for sufficient/correct file permissions ... OK
* checking whether package ‘lumiBarnes’ can be installed ... OK
* checking installed package size ... NOTE
installed size is 5.1Mb
sub-directories of 1Mb or more:
data 5.0Mb
* checking package directory ... OK
* checking DESCRIPTION meta-information ... OK
* checking top-level files ... OK
* checking for left-over files ... OK
* checking index information ... OK
* checking package subdirectories ... OK
* checking whether the package can be loaded ... OK
* checking whether the package can be loaded with stated dependencies ... OK
* checking whether the package can be unloaded cleanly ... OK
* checking whether the namespace can be loaded with stated dependencies ... OK
* checking whether the namespace can be unloaded cleanly ... OK
* checking Rd files ... OK
* checking Rd metadata ... OK
* checking Rd cross-references ... OK
* checking for missing documentation entries ... OK
* checking for code/documentation mismatches ... OK
* checking Rd \usage sections ... OK
* checking Rd contents ... OK
* checking for unstated dependencies in examples ... OK
* checking contents of ‘data’ directory ... OK
* checking data for non-ASCII characters ... OK
* checking data for ASCII and uncompressed saves ... WARNING
Note: significantly better compression could be obtained
by using R CMD build --resave-data
old_size new_size compress
lumiBarnes.rda 5.0Mb 3.0Mb xz
* checking examples ... OK
* checking PDF version of manual ... OK
* DONE
Status: 1 WARNING, 1 NOTE
See
‘/home/biocbuild/bbs-3.8-data-experiment/meat/lumiBarnes.Rcheck/00check.log’
for details.
lumiBarnes.Rcheck/00install.out
############################################################################## ############################################################################## ### ### Running command: ### ### /home/biocbuild/bbs-3.8-bioc/R/bin/R CMD INSTALL lumiBarnes ### ############################################################################## ############################################################################## * installing to library ‘/home/biocbuild/bbs-3.8-bioc/R/library’ * installing *source* package ‘lumiBarnes’ ... ** data ** help *** installing help indices ** building package indices ** testing if installed package can be loaded * DONE (lumiBarnes)
lumiBarnes.Rcheck/lumiBarnes-Ex.timings
| name | user | system | elapsed | |
| lumiBarnes | 0.160 | 0.012 | 0.172 | |