| Back to Multiple platform build/check report for BioC 3.8 |
|
This page was generated on 2019-04-16 11:52:20 -0400 (Tue, 16 Apr 2019).
| Package 1614/1649 | Hostname | OS / Arch | INSTALL | BUILD | CHECK | BUILD BIN | ||||||
| uSORT 1.8.1 Hao Chen
| malbec1 | Linux (Ubuntu 16.04.6 LTS) / x86_64 | OK | OK | [ WARNINGS ] | |||||||
| merida1 | OS X 10.11.6 El Capitan / x86_64 | OK | OK | WARNINGS | OK |
| Package: uSORT |
| Version: 1.8.1 |
| Command: /home/biocbuild/bbs-3.8-bioc/R/bin/R CMD check --install=check:uSORT.install-out.txt --library=/home/biocbuild/bbs-3.8-bioc/R/library --no-vignettes --timings uSORT_1.8.1.tar.gz |
| StartedAt: 2019-04-16 03:37:05 -0400 (Tue, 16 Apr 2019) |
| EndedAt: 2019-04-16 03:39:44 -0400 (Tue, 16 Apr 2019) |
| EllapsedTime: 158.6 seconds |
| RetCode: 0 |
| Status: WARNINGS |
| CheckDir: uSORT.Rcheck |
| Warnings: 1 |
##############################################################################
##############################################################################
###
### Running command:
###
### /home/biocbuild/bbs-3.8-bioc/R/bin/R CMD check --install=check:uSORT.install-out.txt --library=/home/biocbuild/bbs-3.8-bioc/R/library --no-vignettes --timings uSORT_1.8.1.tar.gz
###
##############################################################################
##############################################################################
* using log directory ‘/home/biocbuild/bbs-3.8-bioc/meat/uSORT.Rcheck’
* using R version 3.5.3 (2019-03-11)
* using platform: x86_64-pc-linux-gnu (64-bit)
* using session charset: UTF-8
* using option ‘--no-vignettes’
* checking for file ‘uSORT/DESCRIPTION’ ... OK
* this is package ‘uSORT’ version ‘1.8.1’
* package encoding: UTF-8
* checking package namespace information ... OK
* checking package dependencies ... OK
* checking if this is a source package ... OK
* checking if there is a namespace ... OK
* checking for hidden files and directories ... OK
* checking for portable file names ... OK
* checking for sufficient/correct file permissions ... OK
* checking whether package ‘uSORT’ can be installed ... WARNING
Found the following significant warnings:
Note: break used in wrong context: no loop is visible
See ‘/home/biocbuild/bbs-3.8-bioc/meat/uSORT.Rcheck/00install.out’ for details.
Information on the location(s) of code generating the ‘Note’s can be
obtained by re-running with environment variable R_KEEP_PKG_SOURCE set
to ‘yes’.
* checking installed package size ... OK
* checking package directory ... OK
* checking ‘build’ directory ... OK
* checking DESCRIPTION meta-information ... OK
* checking top-level files ... OK
* checking for left-over files ... OK
* checking index information ... OK
* checking package subdirectories ... OK
* checking R files for non-ASCII characters ... OK
* checking R files for syntax errors ... OK
* checking whether the package can be loaded ... OK
* checking whether the package can be loaded with stated dependencies ... OK
* checking whether the package can be unloaded cleanly ... OK
* checking whether the namespace can be loaded with stated dependencies ... OK
* checking whether the namespace can be unloaded cleanly ... OK
* checking dependencies in R code ... OK
* checking S3 generic/method consistency ... OK
* checking replacement functions ... OK
* checking foreign function calls ... OK
* checking R code for possible problems ... OK
* checking Rd files ... OK
* checking Rd metadata ... OK
* checking Rd cross-references ... OK
* checking for missing documentation entries ... OK
* checking for code/documentation mismatches ... OK
* checking Rd \usage sections ... OK
* checking Rd contents ... OK
* checking for unstated dependencies in examples ... OK
* checking files in ‘vignettes’ ... OK
* checking examples ... OK
Examples with CPU or elapsed time > 5s
user system elapsed
sWanderlust 26.472 0.652 27.363
autoSPIN 17.368 0.240 17.644
* checking for unstated dependencies in ‘tests’ ... OK
* checking tests ...
Running ‘runTests.R’
OK
* checking for unstated dependencies in vignettes ... OK
* checking package vignettes in ‘inst/doc’ ... OK
* checking running R code from vignettes ... SKIPPED
* checking re-building of vignette outputs ... SKIPPED
* checking PDF version of manual ... OK
* DONE
Status: 1 WARNING
See
‘/home/biocbuild/bbs-3.8-bioc/meat/uSORT.Rcheck/00check.log’
for details.
uSORT.Rcheck/00install.out
############################################################################## ############################################################################## ### ### Running command: ### ### /home/biocbuild/bbs-3.8-bioc/R/bin/R CMD INSTALL uSORT ### ############################################################################## ############################################################################## * installing to library ‘/home/biocbuild/bbs-3.8-bioc/R/library’ * installing *source* package ‘uSORT’ ... ** R ** inst ** byte-compile and prepare package for lazy loading Note: break used in wrong context: no loop is visible ** help *** installing help indices ** building package indices ** installing vignettes ** testing if installed package can be loaded * DONE (uSORT)
uSORT.Rcheck/tests/runTests.Rout
R version 3.5.3 (2019-03-11) -- "Great Truth"
Copyright (C) 2019 The R Foundation for Statistical Computing
Platform: x86_64-pc-linux-gnu (64-bit)
R is free software and comes with ABSOLUTELY NO WARRANTY.
You are welcome to redistribute it under certain conditions.
Type 'license()' or 'licence()' for distribution details.
R is a collaborative project with many contributors.
Type 'contributors()' for more information and
'citation()' on how to cite R or R packages in publications.
Type 'demo()' for some demos, 'help()' for on-line help, or
'help.start()' for an HTML browser interface to help.
Type 'q()' to quit R.
> BiocGenerics:::testPackage("uSORT")
No starting point specified, the first row will be used!
Building lNN graph...
lNN computed in: 0 seconds
Randomly Select waypoints...
Flock waypoints...
Iteratively realign trajectory:
Running iterations... 1
Correlation with previous iteration: 0.999438
Running iterations... 2
Correlation with previous iteration: 0.999519
Running iterations... 3
Correlation with previous iteration: 0.998746
Running iterations... 4
Correlation with previous iteration: 0.999146
Running iterations... 5
Correlation with previous iteration: 1
Wanderlust Sorting Done!
RUNIT TEST PROTOCOL -- Tue Apr 16 03:39:40 2019
***********************************************
Number of test functions: 1
Number of errors: 0
Number of failures: 0
1 Test Suite :
uSORT RUnit Tests - 1 test function, 0 errors, 0 failures
Number of test functions: 1
Number of errors: 0
Number of failures: 0
>
> proc.time()
user system elapsed
5.924 0.300 6.391
uSORT.Rcheck/uSORT-Ex.timings
| name | user | system | elapsed | |
| Rwanderlust | 0.948 | 0.028 | 0.974 | |
| SPIN | 0.060 | 0.004 | 0.062 | |
| STS_sortingcost | 0.016 | 0.000 | 0.015 | |
| autoSPIN | 17.368 | 0.240 | 17.644 | |
| driving_force_gene_selection | 0.000 | 0.004 | 0.000 | |
| elbow_detection | 0.000 | 0.000 | 0.003 | |
| monocle_wrapper | 0 | 0 | 0 | |
| neighborhood_sortingcost | 0.036 | 0.000 | 0.034 | |
| pca_gene_selection | 2.976 | 0.080 | 3.106 | |
| sWanderlust | 26.472 | 0.652 | 27.363 | |
| uSORT | 0.000 | 0.000 | 0.001 | |
| uSORT_GUI | 0 | 0 | 0 | |
| uSORT_preProcess | 1.904 | 0.080 | 2.015 | |
| uSORT_sorting_wrapper | 2.500 | 0.048 | 2.550 | |
| uSORT_write_results | 0.000 | 0.000 | 0.001 | |