| Back to Multiple platform build/check report for BioC 3.8 |
|
This page was generated on 2019-04-13 11:27:53 -0400 (Sat, 13 Apr 2019).
| Package 1043/1649 | Hostname | OS / Arch | INSTALL | BUILD | CHECK | BUILD BIN | ||||||
| ndexr 1.4.1 Florian Auer
| malbec1 | Linux (Ubuntu 16.04.6 LTS) / x86_64 | OK | ERROR | skipped | |||||||
| tokay1 | Windows Server 2012 R2 Standard / x64 | OK | [ ERROR ] | skipped | skipped | |||||||
| merida1 | OS X 10.11.6 El Capitan / x86_64 | OK | ERROR | skipped | skipped |
| Package: ndexr |
| Version: 1.4.1 |
| Command: chmod a+r ndexr -R && C:\Users\biocbuild\bbs-3.8-bioc\R\bin\R.exe CMD build --keep-empty-dirs --no-resave-data ndexr |
| StartedAt: 2019-04-12 23:26:54 -0400 (Fri, 12 Apr 2019) |
| EndedAt: 2019-04-12 23:27:22 -0400 (Fri, 12 Apr 2019) |
| EllapsedTime: 28.3 seconds |
| RetCode: 1 |
| Status: ERROR |
| PackageFile: None |
| PackageFileSize: NA |
##############################################################################
##############################################################################
###
### Running command:
###
### chmod a+r ndexr -R && C:\Users\biocbuild\bbs-3.8-bioc\R\bin\R.exe CMD build --keep-empty-dirs --no-resave-data ndexr
###
##############################################################################
##############################################################################
* checking for file 'ndexr/DESCRIPTION' ... OK
* preparing 'ndexr':
* checking DESCRIPTION meta-information ... OK
* installing the package to build vignettes
* creating vignettes ... ERROR
Loading required package: igraph
Attaching package: 'igraph'
The following objects are masked from 'package:stats':
decompose, spectrum
The following object is masked from 'package:base':
union
Quitting from lines 308-319 (ndexr-vignette.Rmd)
Error: processing vignette 'ndexr-vignette.Rmd' failed with diagnostics:
invalid indexing
Execution halted