| Back to Multiple platform build/check report for BioC 3.8 |
|
This page was generated on 2019-04-13 11:21:53 -0400 (Sat, 13 Apr 2019).
| Package 961/1649 | Hostname | OS / Arch | INSTALL | BUILD | CHECK | BUILD BIN | ||||||
| minfi 1.28.4 Kasper Daniel Hansen
| malbec1 | Linux (Ubuntu 16.04.6 LTS) / x86_64 | OK | OK | OK | |||||||
| tokay1 | Windows Server 2012 R2 Standard / x64 | OK | OK | [ WARNINGS ] | OK | |||||||
| merida1 | OS X 10.11.6 El Capitan / x86_64 | OK | OK | OK | OK |
| Package: minfi |
| Version: 1.28.4 |
| Command: C:\Users\biocbuild\bbs-3.8-bioc\R\bin\R.exe CMD check --force-multiarch --install=check:minfi.install-out.txt --library=C:\Users\biocbuild\bbs-3.8-bioc\R\library --no-vignettes --timings minfi_1.28.4.tar.gz |
| StartedAt: 2019-04-13 03:50:37 -0400 (Sat, 13 Apr 2019) |
| EndedAt: 2019-04-13 04:04:33 -0400 (Sat, 13 Apr 2019) |
| EllapsedTime: 836.0 seconds |
| RetCode: 0 |
| Status: WARNINGS |
| CheckDir: minfi.Rcheck |
| Warnings: 1 |
##############################################################################
##############################################################################
###
### Running command:
###
### C:\Users\biocbuild\bbs-3.8-bioc\R\bin\R.exe CMD check --force-multiarch --install=check:minfi.install-out.txt --library=C:\Users\biocbuild\bbs-3.8-bioc\R\library --no-vignettes --timings minfi_1.28.4.tar.gz
###
##############################################################################
##############################################################################
* using log directory 'C:/Users/biocbuild/bbs-3.8-bioc/meat/minfi.Rcheck'
* using R version 3.5.3 (2019-03-11)
* using platform: x86_64-w64-mingw32 (64-bit)
* using session charset: ISO8859-1
* using option '--no-vignettes'
* checking for file 'minfi/DESCRIPTION' ... OK
* this is package 'minfi' version '1.28.4'
* checking package namespace information ... OK
* checking package dependencies ...Warning: unable to access index for repository https://CRAN.R-project.org/src/contrib:
cannot open URL 'https://CRAN.R-project.org/src/contrib/PACKAGES'
OK
* checking if this is a source package ... OK
* checking if there is a namespace ... OK
* checking for hidden files and directories ... OK
* checking for portable file names ... OK
* checking whether package 'minfi' can be installed ... WARNING
Found the following significant warnings:
Rd warning: C:/Users/biocbuild/bbs-3.8-bioc/tmpdir/Rtmp6TPn30/R.INSTALL23cc4c2b491c/minfi/man/GenomicMethylSet-class.Rd:129: file link 'RangedSummarizedExperiment' in package 'SummarizedExperiment' does not exist and so has been treated as a topic
Rd warning: C:/Users/biocbuild/bbs-3.8-bioc/tmpdir/Rtmp6TPn30/R.INSTALL23cc4c2b491c/minfi/man/GenomicRatioSet-class.Rd:121: file link 'RangedSummarizedExperiment' in package 'SummarizedExperiment' does not exist and so has been treated as a topic
See 'C:/Users/biocbuild/bbs-3.8-bioc/meat/minfi.Rcheck/00install.out' for details.
* checking installed package size ... OK
* checking package directory ... OK
* checking 'build' directory ... OK
* checking DESCRIPTION meta-information ... OK
* checking top-level files ... OK
* checking for left-over files ... OK
* checking index information ... OK
* checking package subdirectories ... OK
* checking R files for non-ASCII characters ... OK
* checking R files for syntax errors ... OK
* loading checks for arch 'i386'
** checking whether the package can be loaded ... OK
** checking whether the package can be loaded with stated dependencies ... OK
** checking whether the package can be unloaded cleanly ... OK
** checking whether the namespace can be loaded with stated dependencies ... OK
** checking whether the namespace can be unloaded cleanly ... OK
* loading checks for arch 'x64'
** checking whether the package can be loaded ... OK
** checking whether the package can be loaded with stated dependencies ... OK
** checking whether the package can be unloaded cleanly ... OK
** checking whether the namespace can be loaded with stated dependencies ... OK
** checking whether the namespace can be unloaded cleanly ... OK
* checking dependencies in R code ... NOTE
Unexported objects imported by ':::' calls:
'DelayedArray:::.normarg_grid'
'DelayedArray:::get_verbose_block_processing'
'bumphunter:::.getEstimate'
See the note in ?`:::` about the use of this operator.
There are ::: calls to the package's namespace in its code. A package
almost never needs to use ::: for its own objects:
'.guessArrayTypes'
* checking S3 generic/method consistency ... OK
* checking replacement functions ... OK
* checking foreign function calls ... OK
* checking R code for possible problems ... OK
* checking Rd files ... OK
* checking Rd metadata ... OK
* checking Rd cross-references ... OK
* checking for missing documentation entries ... OK
* checking for code/documentation mismatches ... OK
* checking Rd \usage sections ... OK
* checking Rd contents ... OK
* checking for unstated dependencies in examples ... OK
* checking files in 'vignettes' ... OK
* checking examples ...
** running examples for arch 'i386' ... OK
Examples with CPU or elapsed time > 5s
user system elapsed
combineArrays 68.34 6.92 78.58
bumphunter 27.11 3.75 30.86
read.metharray.exp 8.23 0.18 8.42
read.metharray 5.00 0.11 5.11
** running examples for arch 'x64' ... OK
Examples with CPU or elapsed time > 5s
user system elapsed
combineArrays 73.08 3.27 76.36
bumphunter 40.08 6.56 46.66
read.metharray.exp 13.53 0.26 13.80
preprocessIllumina 7.64 0.41 8.05
read.metharray 6.86 0.19 7.04
* checking for unstated dependencies in 'tests' ... OK
* checking tests ...
** running tests for arch 'i386' ...
Running 'runTests.R'
OK
** running tests for arch 'x64' ...
Running 'runTests.R'
OK
* checking for unstated dependencies in vignettes ... OK
* checking package vignettes in 'inst/doc' ... OK
* checking running R code from vignettes ... SKIPPED
* checking re-building of vignette outputs ... SKIPPED
* checking PDF version of manual ... OK
* DONE
Status: 1 WARNING, 1 NOTE
See
'C:/Users/biocbuild/bbs-3.8-bioc/meat/minfi.Rcheck/00check.log'
for details.
minfi.Rcheck/00install.out
##############################################################################
##############################################################################
###
### Running command:
###
### C:\cygwin\bin\curl.exe -O https://malbec1.bioconductor.org/BBS/3.8/bioc/src/contrib/minfi_1.28.4.tar.gz && rm -rf minfi.buildbin-libdir && mkdir minfi.buildbin-libdir && C:\Users\biocbuild\bbs-3.8-bioc\R\bin\R.exe CMD INSTALL --merge-multiarch --build --library=minfi.buildbin-libdir minfi_1.28.4.tar.gz && C:\Users\biocbuild\bbs-3.8-bioc\R\bin\R.exe CMD INSTALL minfi_1.28.4.zip && rm minfi_1.28.4.tar.gz minfi_1.28.4.zip
###
##############################################################################
##############################################################################
% Total % Received % Xferd Average Speed Time Time Time Current
Dload Upload Total Spent Left Speed
0 0 0 0 0 0 0 0 --:--:-- --:--:-- --:--:-- 0
100 174k 100 174k 0 0 3068k 0 --:--:-- --:--:-- --:--:-- 3355k
install for i386
* installing *source* package 'minfi' ...
** R
** inst
** byte-compile and prepare package for lazy loading
** help
*** installing help indices
converting help for package 'minfi'
finding HTML links ... done
DelayedArray_utils html
GenomicMethylSet-class html
Rd warning: C:/Users/biocbuild/bbs-3.8-bioc/tmpdir/Rtmp6TPn30/R.INSTALL23cc4c2b491c/minfi/man/GenomicMethylSet-class.Rd:129: file link 'RangedSummarizedExperiment' in package 'SummarizedExperiment' does not exist and so has been treated as a topic
GenomicRatioSet-class html
Rd warning: C:/Users/biocbuild/bbs-3.8-bioc/tmpdir/Rtmp6TPn30/R.INSTALL23cc4c2b491c/minfi/man/GenomicRatioSet-class.Rd:121: file link 'RangedSummarizedExperiment' in package 'SummarizedExperiment' does not exist and so has been treated as a topic
IlluminaMethylationAnnotation-class html
IlluminaMethylationManifest-class html
MethylSet-class html
finding level-2 HTML links ... done
RGChannelSet-class html
RatioSet-class html
blockFinder html
bumphunter html
combineArrays html
compartments html
controlStripPlot html
convertArray html
cpgCollapse html
densityBeanPlot html
densityPlot html
detectionP html
dmpFinder html
estimateCellCounts html
fixMethOutliers html
gaphunter html
getAnnotation html
getGenomicRatioSetFromGEO html
getQC html
getSex html
logit2 html
makeGenomicRatioSetFromMatrix html
mapToGenome-methods html
mdsPlot html
minfi-defunct html
minfi-deprecated html
minfi-package html
minfiQC html
plotBetasByType html
plotCpg html
preprocessFunnorm html
preprocessIllumina html
preprocessNoob html
preprocessQuantile html
preprocessRaw html
preprocessSwan html
qcReport html
ratioConvert-methods html
read.metharray html
read.metharray.exp html
read.metharray.sheet html
readGEORawFile html
readTCGA html
subsetByLoci html
utils html
** building package indices
** installing vignettes
** testing if installed package can be loaded
In R CMD INSTALL
install for x64
* installing *source* package 'minfi' ...
** testing if installed package can be loaded
* MD5 sums
packaged installation of 'minfi' as minfi_1.28.4.zip
* DONE (minfi)
In R CMD INSTALL
In R CMD INSTALL
* installing to library 'C:/Users/biocbuild/bbs-3.8-bioc/R/library'
package 'minfi' successfully unpacked and MD5 sums checked
In R CMD INSTALL
|
minfi.Rcheck/tests_i386/runTests.Rout
R version 3.5.3 (2019-03-11) -- "Great Truth"
Copyright (C) 2019 The R Foundation for Statistical Computing
Platform: i386-w64-mingw32/i386 (32-bit)
R is free software and comes with ABSOLUTELY NO WARRANTY.
You are welcome to redistribute it under certain conditions.
Type 'license()' or 'licence()' for distribution details.
R is a collaborative project with many contributors.
Type 'contributors()' for more information and
'citation()' on how to cite R or R packages in publications.
Type 'demo()' for some demos, 'help()' for on-line help, or
'help.start()' for an HTML browser interface to help.
Type 'q()' to quit R.
> require("minfi") || stop("unable to load minfi")
Loading required package: minfi
Loading required package: BiocGenerics
Loading required package: parallel
Attaching package: 'BiocGenerics'
The following objects are masked from 'package:parallel':
clusterApply, clusterApplyLB, clusterCall, clusterEvalQ,
clusterExport, clusterMap, parApply, parCapply, parLapply,
parLapplyLB, parRapply, parSapply, parSapplyLB
The following objects are masked from 'package:stats':
IQR, mad, sd, var, xtabs
The following objects are masked from 'package:base':
Filter, Find, Map, Position, Reduce, anyDuplicated, append,
as.data.frame, basename, cbind, colMeans, colSums, colnames,
dirname, do.call, duplicated, eval, evalq, get, grep, grepl,
intersect, is.unsorted, lapply, lengths, mapply, match, mget,
order, paste, pmax, pmax.int, pmin, pmin.int, rank, rbind,
rowMeans, rowSums, rownames, sapply, setdiff, sort, table, tapply,
union, unique, unsplit, which, which.max, which.min
Loading required package: GenomicRanges
Loading required package: stats4
Loading required package: S4Vectors
Attaching package: 'S4Vectors'
The following object is masked from 'package:base':
expand.grid
Loading required package: IRanges
Attaching package: 'IRanges'
The following object is masked from 'package:grDevices':
windows
Loading required package: GenomeInfoDb
Loading required package: SummarizedExperiment
Loading required package: Biobase
Welcome to Bioconductor
Vignettes contain introductory material; view with
'browseVignettes()'. To cite Bioconductor, see
'citation("Biobase")', and for packages 'citation("pkgname")'.
Loading required package: DelayedArray
Loading required package: matrixStats
Attaching package: 'matrixStats'
The following objects are masked from 'package:Biobase':
anyMissing, rowMedians
Loading required package: BiocParallel
Attaching package: 'DelayedArray'
The following objects are masked from 'package:matrixStats':
colMaxs, colMins, colRanges, rowMaxs, rowMins, rowRanges
The following objects are masked from 'package:base':
aperm, apply
Loading required package: Biostrings
Loading required package: XVector
Attaching package: 'Biostrings'
The following object is masked from 'package:DelayedArray':
type
The following object is masked from 'package:base':
strsplit
Loading required package: bumphunter
Loading required package: foreach
Loading required package: iterators
Loading required package: locfit
locfit 1.5-9.1 2013-03-22
Setting options('download.file.method.GEOquery'='auto')
Setting options('GEOquery.inmemory.gpl'=FALSE)
[1] TRUE
> BiocGenerics:::testPackage("minfi")
Loading required package: minfiData
Loading required package: IlluminaHumanMethylation450kmanifest
Loading required package: IlluminaHumanMethylation450kanno.ilmn12.hg19
Loading required package: digest
RUNIT TEST PROTOCOL -- Sat Apr 13 04:03:30 2019
***********************************************
Number of test functions: 10
Number of errors: 0
Number of failures: 0
1 Test Suite :
minfi RUnit Tests - 10 test functions, 0 errors, 0 failures
Number of test functions: 10
Number of errors: 0
Number of failures: 0
>
> proc.time()
user system elapsed
44.82 2.39 47.43
|
minfi.Rcheck/tests_x64/runTests.Rout
R version 3.5.3 (2019-03-11) -- "Great Truth"
Copyright (C) 2019 The R Foundation for Statistical Computing
Platform: x86_64-w64-mingw32/x64 (64-bit)
R is free software and comes with ABSOLUTELY NO WARRANTY.
You are welcome to redistribute it under certain conditions.
Type 'license()' or 'licence()' for distribution details.
R is a collaborative project with many contributors.
Type 'contributors()' for more information and
'citation()' on how to cite R or R packages in publications.
Type 'demo()' for some demos, 'help()' for on-line help, or
'help.start()' for an HTML browser interface to help.
Type 'q()' to quit R.
> require("minfi") || stop("unable to load minfi")
Loading required package: minfi
Loading required package: BiocGenerics
Loading required package: parallel
Attaching package: 'BiocGenerics'
The following objects are masked from 'package:parallel':
clusterApply, clusterApplyLB, clusterCall, clusterEvalQ,
clusterExport, clusterMap, parApply, parCapply, parLapply,
parLapplyLB, parRapply, parSapply, parSapplyLB
The following objects are masked from 'package:stats':
IQR, mad, sd, var, xtabs
The following objects are masked from 'package:base':
Filter, Find, Map, Position, Reduce, anyDuplicated, append,
as.data.frame, basename, cbind, colMeans, colSums, colnames,
dirname, do.call, duplicated, eval, evalq, get, grep, grepl,
intersect, is.unsorted, lapply, lengths, mapply, match, mget,
order, paste, pmax, pmax.int, pmin, pmin.int, rank, rbind,
rowMeans, rowSums, rownames, sapply, setdiff, sort, table, tapply,
union, unique, unsplit, which, which.max, which.min
Loading required package: GenomicRanges
Loading required package: stats4
Loading required package: S4Vectors
Attaching package: 'S4Vectors'
The following object is masked from 'package:base':
expand.grid
Loading required package: IRanges
Attaching package: 'IRanges'
The following object is masked from 'package:grDevices':
windows
Loading required package: GenomeInfoDb
Loading required package: SummarizedExperiment
Loading required package: Biobase
Welcome to Bioconductor
Vignettes contain introductory material; view with
'browseVignettes()'. To cite Bioconductor, see
'citation("Biobase")', and for packages 'citation("pkgname")'.
Loading required package: DelayedArray
Loading required package: matrixStats
Attaching package: 'matrixStats'
The following objects are masked from 'package:Biobase':
anyMissing, rowMedians
Loading required package: BiocParallel
Attaching package: 'DelayedArray'
The following objects are masked from 'package:matrixStats':
colMaxs, colMins, colRanges, rowMaxs, rowMins, rowRanges
The following objects are masked from 'package:base':
aperm, apply
Loading required package: Biostrings
Loading required package: XVector
Attaching package: 'Biostrings'
The following object is masked from 'package:DelayedArray':
type
The following object is masked from 'package:base':
strsplit
Loading required package: bumphunter
Loading required package: foreach
Loading required package: iterators
Loading required package: locfit
locfit 1.5-9.1 2013-03-22
Setting options('download.file.method.GEOquery'='auto')
Setting options('GEOquery.inmemory.gpl'=FALSE)
[1] TRUE
> BiocGenerics:::testPackage("minfi")
Loading required package: minfiData
Loading required package: IlluminaHumanMethylation450kmanifest
Loading required package: IlluminaHumanMethylation450kanno.ilmn12.hg19
Loading required package: digest
RUNIT TEST PROTOCOL -- Sat Apr 13 04:04:27 2019
***********************************************
Number of test functions: 10
Number of errors: 0
Number of failures: 0
1 Test Suite :
minfi RUnit Tests - 10 test functions, 0 errors, 0 failures
Number of test functions: 10
Number of errors: 0
Number of failures: 0
>
> proc.time()
user system elapsed
54.56 2.18 56.84
|
|
minfi.Rcheck/examples_i386/minfi-Ex.timings
|
minfi.Rcheck/examples_x64/minfi-Ex.timings
|