| Back to Multiple platform build/check report for BioC 3.8 | 
 | 
This page was generated on 2019-04-13 11:23:53 -0400 (Sat, 13 Apr 2019).
| Package 506/1649 | Hostname | OS / Arch | INSTALL | BUILD | CHECK | BUILD BIN | ||||||
| fastLiquidAssociation 1.18.0 Tina Gunderson 
 | malbec1 | Linux (Ubuntu 16.04.6 LTS) / x86_64 | OK | OK | WARNINGS |  | ||||||
| tokay1 | Windows Server 2012 R2 Standard / x64 | OK | OK | [ WARNINGS ] | OK |  | ||||||
| merida1 | OS X 10.11.6 El Capitan / x86_64 | OK | OK | WARNINGS | OK |  | 
| Package: fastLiquidAssociation | 
| Version: 1.18.0 | 
| Command: C:\Users\biocbuild\bbs-3.8-bioc\R\bin\R.exe CMD check --force-multiarch --install=check:fastLiquidAssociation.install-out.txt --library=C:\Users\biocbuild\bbs-3.8-bioc\R\library --no-vignettes --timings fastLiquidAssociation_1.18.0.tar.gz | 
| StartedAt: 2019-04-13 02:11:38 -0400 (Sat, 13 Apr 2019) | 
| EndedAt: 2019-04-13 02:17:29 -0400 (Sat, 13 Apr 2019) | 
| EllapsedTime: 350.2 seconds | 
| RetCode: 0 | 
| Status: WARNINGS | 
| CheckDir: fastLiquidAssociation.Rcheck | 
| Warnings: 2 | 
##############################################################################
##############################################################################
###
### Running command:
###
###   C:\Users\biocbuild\bbs-3.8-bioc\R\bin\R.exe CMD check --force-multiarch --install=check:fastLiquidAssociation.install-out.txt --library=C:\Users\biocbuild\bbs-3.8-bioc\R\library --no-vignettes --timings fastLiquidAssociation_1.18.0.tar.gz
###
##############################################################################
##############################################################################
* using log directory 'C:/Users/biocbuild/bbs-3.8-bioc/meat/fastLiquidAssociation.Rcheck'
* using R version 3.5.3 (2019-03-11)
* using platform: x86_64-w64-mingw32 (64-bit)
* using session charset: ISO8859-1
* using option '--no-vignettes'
* checking for file 'fastLiquidAssociation/DESCRIPTION' ... OK
* checking extension type ... Package
* this is package 'fastLiquidAssociation' version '1.18.0'
* checking package namespace information ... OK
* checking package dependencies ...Warning: unable to access index for repository https://CRAN.R-project.org/src/contrib:
  cannot open URL 'https://CRAN.R-project.org/src/contrib/PACKAGES'
 OK
* checking if this is a source package ... OK
* checking if there is a namespace ... OK
* checking for hidden files and directories ... OK
* checking for portable file names ... OK
* checking whether package 'fastLiquidAssociation' can be installed ... WARNING
Found the following significant warnings:
  Rd warning: C:/Users/biocbuild/bbs-3.8-bioc/tmpdir/RtmpWkIvtR/R.INSTALL158c339412cd/fastLiquidAssociation/man/fastMLA-methods.Rd:59: missing link 'WGCNA'
See 'C:/Users/biocbuild/bbs-3.8-bioc/meat/fastLiquidAssociation.Rcheck/00install.out' for details.
* checking installed package size ... OK
* checking package directory ... OK
* checking 'build' directory ... OK
* checking DESCRIPTION meta-information ... OK
* checking top-level files ... OK
* checking for left-over files ... OK
* checking index information ... OK
* checking package subdirectories ... OK
* checking R files for non-ASCII characters ... OK
* checking R files for syntax errors ... OK
* loading checks for arch 'i386'
** checking whether the package can be loaded ... OK
** checking whether the package can be loaded with stated dependencies ... OK
** checking whether the package can be unloaded cleanly ... OK
** checking whether the namespace can be loaded with stated dependencies ... OK
** checking whether the namespace can be unloaded cleanly ... OK
* loading checks for arch 'x64'
** checking whether the package can be loaded ... OK
** checking whether the package can be loaded with stated dependencies ... OK
** checking whether the package can be unloaded cleanly ... OK
** checking whether the namespace can be loaded with stated dependencies ... OK
** checking whether the namespace can be unloaded cleanly ... OK
* checking dependencies in R code ... NOTE
Namespaces in Imports field not imported from:
  'impute' 'preprocessCore'
  All declared Imports should be used.
* checking S3 generic/method consistency ... OK
* checking replacement functions ... OK
* checking foreign function calls ... OK
* checking R code for possible problems ... OK
* checking Rd files ... OK
* checking Rd metadata ... OK
* checking Rd cross-references ... WARNING
Missing link or links in documentation object 'fastMLA-methods.Rd':
  'WGCNA'
See section 'Cross-references' in the 'Writing R Extensions' manual.
* checking for missing documentation entries ... OK
* checking for code/documentation mismatches ... OK
* checking Rd \usage sections ... OK
* checking Rd contents ... OK
* checking for unstated dependencies in examples ... OK
* checking contents of 'data' directory ... OK
* checking data for non-ASCII characters ... OK
* checking data for ASCII and uncompressed saves ... OK
* checking files in 'vignettes' ... OK
* checking examples ...
** running examples for arch 'i386' ... OK
Examples with CPU or elapsed time > 5s
                              user system elapsed
mass.CNM-methods              1.24   0.05    6.54
fastLiquidAssociation-package 1.14   0.04   29.69
fastboots.GLA-methods         0.76   0.08   32.43
** running examples for arch 'x64' ... OK
Examples with CPU or elapsed time > 5s
                              user system elapsed
fastLiquidAssociation-package 2.03   0.11   37.78
fastboots.GLA-methods         1.08   0.07   30.89
* checking for unstated dependencies in vignettes ... OK
* checking package vignettes in 'inst/doc' ... OK
* checking running R code from vignettes ... SKIPPED
* checking re-building of vignette outputs ... SKIPPED
* checking PDF version of manual ... OK
* DONE
Status: 2 WARNINGs, 1 NOTE
See
  'C:/Users/biocbuild/bbs-3.8-bioc/meat/fastLiquidAssociation.Rcheck/00check.log'
for details.
fastLiquidAssociation.Rcheck/00install.out
##############################################################################
##############################################################################
###
### Running command:
###
###   C:\cygwin\bin\curl.exe -O https://malbec1.bioconductor.org/BBS/3.8/bioc/src/contrib/fastLiquidAssociation_1.18.0.tar.gz && rm -rf fastLiquidAssociation.buildbin-libdir && mkdir fastLiquidAssociation.buildbin-libdir && C:\Users\biocbuild\bbs-3.8-bioc\R\bin\R.exe CMD INSTALL --merge-multiarch --build --library=fastLiquidAssociation.buildbin-libdir fastLiquidAssociation_1.18.0.tar.gz && C:\Users\biocbuild\bbs-3.8-bioc\R\bin\R.exe CMD INSTALL fastLiquidAssociation_1.18.0.zip && rm fastLiquidAssociation_1.18.0.tar.gz fastLiquidAssociation_1.18.0.zip
###
##############################################################################
##############################################################################
  % Total    % Received % Xferd  Average Speed   Time    Time     Time  Current
                                 Dload  Upload   Total   Spent    Left  Speed
  0     0    0     0    0     0      0      0 --:--:-- --:--:-- --:--:--     0
100  151k  100  151k    0     0  3958k      0 --:--:-- --:--:-- --:--:-- 4446k
install for i386
* installing *source* package 'fastLiquidAssociation' ...
** R
** data
** byte-compile and prepare package for lazy loading
** help
*** installing help indices
  converting help for package 'fastLiquidAssociation'
    finding HTML links ... done
    fastLiquidAssociation-package           html  
    fastMLA-methods                         html  
    finding level-2 HTML links ... done
Rd warning: C:/Users/biocbuild/bbs-3.8-bioc/tmpdir/RtmpWkIvtR/R.INSTALL158c339412cd/fastLiquidAssociation/man/fastMLA-methods.Rd:59: missing link 'WGCNA'
    fastboots.GLA-methods                   html  
    mass.CNM-methods                        html  
    testmat                                 html  
** building package indices
** installing vignettes
** testing if installed package can be loaded
In R CMD INSTALL
install for x64
* installing *source* package 'fastLiquidAssociation' ...
** testing if installed package can be loaded
* MD5 sums
packaged installation of 'fastLiquidAssociation' as fastLiquidAssociation_1.18.0.zip
* DONE (fastLiquidAssociation)
In R CMD INSTALL
In R CMD INSTALL
* installing to library 'C:/Users/biocbuild/bbs-3.8-bioc/R/library'
package 'fastLiquidAssociation' successfully unpacked and MD5 sums checked
In R CMD INSTALL
| fastLiquidAssociation.Rcheck/examples_i386/fastLiquidAssociation-Ex.timings 
 | fastLiquidAssociation.Rcheck/examples_x64/fastLiquidAssociation-Ex.timings 
 |