| Back to Multiple platform build/check report for BioC 3.8 |
|
This page was generated on 2019-04-13 11:26:08 -0400 (Sat, 13 Apr 2019).
| Package 372/1649 | Hostname | OS / Arch | INSTALL | BUILD | CHECK | BUILD BIN | ||||||
| dcGSA 1.10.1 Jiehuan sun
| malbec1 | Linux (Ubuntu 16.04.6 LTS) / x86_64 | OK | OK | WARNINGS | |||||||
| tokay1 | Windows Server 2012 R2 Standard / x64 | OK | OK | [ WARNINGS ] | OK | |||||||
| merida1 | OS X 10.11.6 El Capitan / x86_64 | OK | OK | WARNINGS | OK |
| Package: dcGSA |
| Version: 1.10.1 |
| Command: C:\Users\biocbuild\bbs-3.8-bioc\R\bin\R.exe CMD check --force-multiarch --install=check:dcGSA.install-out.txt --library=C:\Users\biocbuild\bbs-3.8-bioc\R\library --no-vignettes --timings dcGSA_1.10.1.tar.gz |
| StartedAt: 2019-04-13 01:38:23 -0400 (Sat, 13 Apr 2019) |
| EndedAt: 2019-04-13 01:40:24 -0400 (Sat, 13 Apr 2019) |
| EllapsedTime: 120.8 seconds |
| RetCode: 0 |
| Status: WARNINGS |
| CheckDir: dcGSA.Rcheck |
| Warnings: 1 |
############################################################################## ############################################################################## ### ### Running command: ### ### C:\Users\biocbuild\bbs-3.8-bioc\R\bin\R.exe CMD check --force-multiarch --install=check:dcGSA.install-out.txt --library=C:\Users\biocbuild\bbs-3.8-bioc\R\library --no-vignettes --timings dcGSA_1.10.1.tar.gz ### ############################################################################## ############################################################################## * using log directory 'C:/Users/biocbuild/bbs-3.8-bioc/meat/dcGSA.Rcheck' * using R version 3.5.3 (2019-03-11) * using platform: x86_64-w64-mingw32 (64-bit) * using session charset: ISO8859-1 * using option '--no-vignettes' * checking for file 'dcGSA/DESCRIPTION' ... OK * checking extension type ... Package * this is package 'dcGSA' version '1.10.1' * checking package namespace information ... OK * checking package dependencies ...Warning: unable to access index for repository https://CRAN.R-project.org/src/contrib: cannot open URL 'https://CRAN.R-project.org/src/contrib/PACKAGES' OK * checking if this is a source package ... OK * checking if there is a namespace ... OK * checking for hidden files and directories ... OK * checking for portable file names ... OK * checking whether package 'dcGSA' can be installed ... OK * checking installed package size ... OK * checking package directory ... OK * checking DESCRIPTION meta-information ... OK * checking top-level files ... OK * checking for left-over files ... OK * checking index information ... OK * checking package subdirectories ... OK * checking R files for non-ASCII characters ... OK * checking R files for syntax errors ... OK * loading checks for arch 'i386' ** checking whether the package can be loaded ... OK ** checking whether the package can be loaded with stated dependencies ... OK ** checking whether the package can be unloaded cleanly ... OK ** checking whether the namespace can be loaded with stated dependencies ... OK ** checking whether the namespace can be unloaded cleanly ... OK * loading checks for arch 'x64' ** checking whether the package can be loaded ... OK ** checking whether the package can be loaded with stated dependencies ... OK ** checking whether the package can be unloaded cleanly ... OK ** checking whether the namespace can be loaded with stated dependencies ... OK ** checking whether the namespace can be unloaded cleanly ... OK * checking dependencies in R code ... OK * checking S3 generic/method consistency ... OK * checking replacement functions ... OK * checking foreign function calls ... OK * checking R code for possible problems ... OK * checking Rd files ... OK * checking Rd metadata ... OK * checking Rd cross-references ... OK * checking for missing documentation entries ... OK * checking for code/documentation mismatches ... OK * checking Rd \usage sections ... OK * checking Rd contents ... OK * checking for unstated dependencies in examples ... OK * checking contents of 'data' directory ... OK * checking data for non-ASCII characters ... OK * checking data for ASCII and uncompressed saves ... OK * checking files in 'vignettes' ... WARNING Files in the 'vignettes' directory but no files in 'inst/doc': 'dcGSA.Rmd', 'dcGSA.bib' Files named as vignettes but with no recognized vignette engine: 'vignettes/dcGSA.Rmd' (Is a VignetteBuilder field missing?) * checking examples ... ** running examples for arch 'i386' ... OK ** running examples for arch 'x64' ... OK * checking PDF version of manual ... OK * DONE Status: 1 WARNING See 'C:/Users/biocbuild/bbs-3.8-bioc/meat/dcGSA.Rcheck/00check.log' for details.
dcGSA.Rcheck/00install.out
##############################################################################
##############################################################################
###
### Running command:
###
### C:\cygwin\bin\curl.exe -O https://malbec1.bioconductor.org/BBS/3.8/bioc/src/contrib/dcGSA_1.10.1.tar.gz && rm -rf dcGSA.buildbin-libdir && mkdir dcGSA.buildbin-libdir && C:\Users\biocbuild\bbs-3.8-bioc\R\bin\R.exe CMD INSTALL --merge-multiarch --build --library=dcGSA.buildbin-libdir dcGSA_1.10.1.tar.gz && C:\Users\biocbuild\bbs-3.8-bioc\R\bin\R.exe CMD INSTALL dcGSA_1.10.1.zip && rm dcGSA_1.10.1.tar.gz dcGSA_1.10.1.zip
###
##############################################################################
##############################################################################
% Total % Received % Xferd Average Speed Time Time Time Current
Dload Upload Total Spent Left Speed
0 0 0 0 0 0 0 0 --:--:-- --:--:-- --:--:-- 0
100 37042 100 37042 0 0 903k 0 --:--:-- --:--:-- --:--:-- 1004k
install for i386
* installing *source* package 'dcGSA' ...
** R
** data
*** moving datasets to lazyload DB
** inst
** byte-compile and prepare package for lazy loading
** help
*** installing help indices
converting help for package 'dcGSA'
finding HTML links ... done
LDcov html
dcGSA html
finding level-2 HTML links ... done
dcGSAtest html
readGMT html
** building package indices
** installing vignettes
** testing if installed package can be loaded
In R CMD INSTALL
install for x64
* installing *source* package 'dcGSA' ...
** testing if installed package can be loaded
* MD5 sums
packaged installation of 'dcGSA' as dcGSA_1.10.1.zip
* DONE (dcGSA)
In R CMD INSTALL
In R CMD INSTALL
* installing to library 'C:/Users/biocbuild/bbs-3.8-bioc/R/library'
package 'dcGSA' successfully unpacked and MD5 sums checked
In R CMD INSTALL
|
dcGSA.Rcheck/examples_i386/dcGSA-Ex.timings
|
dcGSA.Rcheck/examples_x64/dcGSA-Ex.timings
|