| Back to Multiple platform build/check report for BioC 3.8 |
|
This page was generated on 2019-04-16 11:49:05 -0400 (Tue, 16 Apr 2019).
| Package 254/1649 | Hostname | OS / Arch | INSTALL | BUILD | CHECK | BUILD BIN | ||||||
| chopsticks 1.48.0 Hin-Tak Leung
| malbec1 | Linux (Ubuntu 16.04.6 LTS) / x86_64 | OK | OK | [ WARNINGS ] | |||||||
| merida1 | OS X 10.11.6 El Capitan / x86_64 | OK | OK | WARNINGS | OK |
| Package: chopsticks |
| Version: 1.48.0 |
| Command: /home/biocbuild/bbs-3.8-bioc/R/bin/R CMD check --install=check:chopsticks.install-out.txt --library=/home/biocbuild/bbs-3.8-bioc/R/library --no-vignettes --timings chopsticks_1.48.0.tar.gz |
| StartedAt: 2019-04-15 22:53:05 -0400 (Mon, 15 Apr 2019) |
| EndedAt: 2019-04-15 22:53:59 -0400 (Mon, 15 Apr 2019) |
| EllapsedTime: 54.3 seconds |
| RetCode: 0 |
| Status: WARNINGS |
| CheckDir: chopsticks.Rcheck |
| Warnings: 1 |
##############################################################################
##############################################################################
###
### Running command:
###
### /home/biocbuild/bbs-3.8-bioc/R/bin/R CMD check --install=check:chopsticks.install-out.txt --library=/home/biocbuild/bbs-3.8-bioc/R/library --no-vignettes --timings chopsticks_1.48.0.tar.gz
###
##############################################################################
##############################################################################
* using log directory ‘/home/biocbuild/bbs-3.8-bioc/meat/chopsticks.Rcheck’
* using R version 3.5.3 (2019-03-11)
* using platform: x86_64-pc-linux-gnu (64-bit)
* using session charset: UTF-8
* using option ‘--no-vignettes’
* checking for file ‘chopsticks/DESCRIPTION’ ... OK
* this is package ‘chopsticks’ version ‘1.48.0’
* checking package namespace information ... OK
* checking package dependencies ... OK
* checking if this is a source package ... OK
* checking if there is a namespace ... OK
* checking for hidden files and directories ... OK
* checking for portable file names ... OK
* checking for sufficient/correct file permissions ... OK
* checking whether package ‘chopsticks’ can be installed ... OK
* checking installed package size ... NOTE
installed size is 5.7Mb
sub-directories of 1Mb or more:
data 4.1Mb
* checking package directory ... OK
* checking ‘build’ directory ... OK
* checking DESCRIPTION meta-information ... NOTE
Malformed Description field: should contain one or more complete sentences.
* checking top-level files ... OK
* checking for left-over files ... OK
* checking index information ... OK
* checking package subdirectories ... OK
* checking R files for non-ASCII characters ... OK
* checking R files for syntax errors ... OK
* checking whether the package can be loaded ... OK
* checking whether the package can be loaded with stated dependencies ... OK
* checking whether the package can be unloaded cleanly ... OK
* checking whether the namespace can be loaded with stated dependencies ... OK
* checking whether the namespace can be unloaded cleanly ... OK
* checking dependencies in R code ... OK
* checking S3 generic/method consistency ... OK
* checking replacement functions ... OK
* checking foreign function calls ... OK
* checking R code for possible problems ... OK
* checking Rd files ... NOTE
prepare_Rd: ibs.stats.Rd:28: Dropping empty section \references
prepare_Rd: ibs.stats.Rd:49: Dropping empty section \seealso
prepare_Rd: read.pedfile.info.Rd:31-32: Dropping empty section \examples
prepare_Rd: read.pedfile.map.Rd:31-32: Dropping empty section \examples
prepare_Rd: read.snps.chiamo.Rd:37-38: Dropping empty section \note
prepare_Rd: read.wtccc.signals.Rd:58: Dropping empty section \seealso
prepare_Rd: wtccc.sample.list.Rd:36-37: Dropping empty section \note
prepare_Rd: wtccc.sample.list.Rd:39-40: Dropping empty section \examples
* checking Rd metadata ... OK
* checking Rd cross-references ... OK
* checking for missing documentation entries ... OK
* checking for code/documentation mismatches ... OK
* checking Rd \usage sections ... OK
* checking Rd contents ... OK
* checking for unstated dependencies in examples ... OK
* checking contents of ‘data’ directory ... OK
* checking data for non-ASCII characters ... OK
* checking data for ASCII and uncompressed saves ... WARNING
Warning: package needs dependence on R (>= 2.10)
* checking line endings in C/C++/Fortran sources/headers ... OK
* checking compiled code ... NOTE
Note: information on .o files is not available
File ‘chopsticks/libs/chopsticks.so’:
Found non-API call to R: ‘R_data_class’
Compiled code should not call non-API entry points in R.
See ‘Writing portable packages’ in the ‘Writing R Extensions’ manual.
* checking files in ‘vignettes’ ... OK
* checking examples ... OK
* checking for unstated dependencies in vignettes ... OK
* checking package vignettes in ‘inst/doc’ ... OK
* checking running R code from vignettes ... SKIPPED
* checking re-building of vignette outputs ... SKIPPED
* checking PDF version of manual ... OK
* DONE
Status: 1 WARNING, 4 NOTEs
See
‘/home/biocbuild/bbs-3.8-bioc/meat/chopsticks.Rcheck/00check.log’
for details.
chopsticks.Rcheck/00install.out
############################################################################## ############################################################################## ### ### Running command: ### ### /home/biocbuild/bbs-3.8-bioc/R/bin/R CMD INSTALL chopsticks ### ############################################################################## ############################################################################## * installing to library ‘/home/biocbuild/bbs-3.8-bioc/R/library’ * installing *source* package ‘chopsticks’ ... ** libs gcc -I"/home/biocbuild/bbs-3.8-bioc/R/include" -DNDEBUG -I/usr/local/include -fpic -g -O2 -Wall -c adler32.c -o adler32.o gcc -I"/home/biocbuild/bbs-3.8-bioc/R/include" -DNDEBUG -I/usr/local/include -fpic -g -O2 -Wall -c bind.c -o bind.o gcc -I"/home/biocbuild/bbs-3.8-bioc/R/include" -DNDEBUG -I/usr/local/include -fpic -g -O2 -Wall -c compress.c -o compress.o gcc -I"/home/biocbuild/bbs-3.8-bioc/R/include" -DNDEBUG -I/usr/local/include -fpic -g -O2 -Wall -c crc32.c -o crc32.o gcc -I"/home/biocbuild/bbs-3.8-bioc/R/include" -DNDEBUG -I/usr/local/include -fpic -g -O2 -Wall -c deflate.c -o deflate.o gcc -I"/home/biocbuild/bbs-3.8-bioc/R/include" -DNDEBUG -I/usr/local/include -fpic -g -O2 -Wall -c force_hom.c -o force_hom.o gcc -I"/home/biocbuild/bbs-3.8-bioc/R/include" -DNDEBUG -I/usr/local/include -fpic -g -O2 -Wall -c glm_test.c -o glm_test.o gcc -I"/home/biocbuild/bbs-3.8-bioc/R/include" -DNDEBUG -I/usr/local/include -fpic -g -O2 -Wall -c glm_test_R.c -o glm_test_R.o gcc -I"/home/biocbuild/bbs-3.8-bioc/R/include" -DNDEBUG -I/usr/local/include -fpic -g -O2 -Wall -c gzio.c -o gzio.o gcc -I"/home/biocbuild/bbs-3.8-bioc/R/include" -DNDEBUG -I/usr/local/include -fpic -g -O2 -Wall -c hash_index.c -o hash_index.o gcc -I"/home/biocbuild/bbs-3.8-bioc/R/include" -DNDEBUG -I/usr/local/include -fpic -g -O2 -Wall -c ibs.c -o ibs.o gcc -I"/home/biocbuild/bbs-3.8-bioc/R/include" -DNDEBUG -I/usr/local/include -fpic -g -O2 -Wall -c in.c -o in.o gcc -I"/home/biocbuild/bbs-3.8-bioc/R/include" -DNDEBUG -I/usr/local/include -fpic -g -O2 -Wall -c infback.c -o infback.o gcc -I"/home/biocbuild/bbs-3.8-bioc/R/include" -DNDEBUG -I/usr/local/include -fpic -g -O2 -Wall -c inffast.c -o inffast.o gcc -I"/home/biocbuild/bbs-3.8-bioc/R/include" -DNDEBUG -I/usr/local/include -fpic -g -O2 -Wall -c inflate.c -o inflate.o gcc -I"/home/biocbuild/bbs-3.8-bioc/R/include" -DNDEBUG -I/usr/local/include -fpic -g -O2 -Wall -c inftrees.c -o inftrees.o gcc -I"/home/biocbuild/bbs-3.8-bioc/R/include" -DNDEBUG -I/usr/local/include -fpic -g -O2 -Wall -c input.c -o input.o gcc -I"/home/biocbuild/bbs-3.8-bioc/R/include" -DNDEBUG -I/usr/local/include -fpic -g -O2 -Wall -c inputNew.c -o inputNew.o gcc -I"/home/biocbuild/bbs-3.8-bioc/R/include" -DNDEBUG -I/usr/local/include -fpic -g -O2 -Wall -c input_unsorted.c -o input_unsorted.o gcc -I"/home/biocbuild/bbs-3.8-bioc/R/include" -DNDEBUG -I/usr/local/include -fpic -g -O2 -Wall -c ld_graphic_eps.c -o ld_graphic_eps.o gcc -I"/home/biocbuild/bbs-3.8-bioc/R/include" -DNDEBUG -I/usr/local/include -fpic -g -O2 -Wall -c ld_with.c -o ld_with.o gcc -I"/home/biocbuild/bbs-3.8-bioc/R/include" -DNDEBUG -I/usr/local/include -fpic -g -O2 -Wall -c mla.c -o mla.o gcc -I"/home/biocbuild/bbs-3.8-bioc/R/include" -DNDEBUG -I/usr/local/include -fpic -g -O2 -Wall -c outdata.c -o outdata.o gcc -I"/home/biocbuild/bbs-3.8-bioc/R/include" -DNDEBUG -I/usr/local/include -fpic -g -O2 -Wall -c pairwise_linkage.c -o pairwise_linkage.o gcc -I"/home/biocbuild/bbs-3.8-bioc/R/include" -DNDEBUG -I/usr/local/include -fpic -g -O2 -Wall -c read_chiamo.c -o read_chiamo.o gcc -I"/home/biocbuild/bbs-3.8-bioc/R/include" -DNDEBUG -I/usr/local/include -fpic -g -O2 -Wall -c read_hapmap.c -o read_hapmap.o gcc -I"/home/biocbuild/bbs-3.8-bioc/R/include" -DNDEBUG -I/usr/local/include -fpic -g -O2 -Wall -c read_pedfile.c -o read_pedfile.o gcc -I"/home/biocbuild/bbs-3.8-bioc/R/include" -DNDEBUG -I/usr/local/include -fpic -g -O2 -Wall -c read_signals.c -o read_signals.o gcc -I"/home/biocbuild/bbs-3.8-bioc/R/include" -DNDEBUG -I/usr/local/include -fpic -g -O2 -Wall -c readped.c -o readped.o gcc -I"/home/biocbuild/bbs-3.8-bioc/R/include" -DNDEBUG -I/usr/local/include -fpic -g -O2 -Wall -c sdfpw.c -o sdfpw.o gcc -I"/home/biocbuild/bbs-3.8-bioc/R/include" -DNDEBUG -I/usr/local/include -fpic -g -O2 -Wall -c single_snp_tests.c -o single_snp_tests.o gcc -I"/home/biocbuild/bbs-3.8-bioc/R/include" -DNDEBUG -I/usr/local/include -fpic -g -O2 -Wall -c snp_summary.c -o snp_summary.o gcc -I"/home/biocbuild/bbs-3.8-bioc/R/include" -DNDEBUG -I/usr/local/include -fpic -g -O2 -Wall -c snpmpy.c -o snpmpy.o gcc -I"/home/biocbuild/bbs-3.8-bioc/R/include" -DNDEBUG -I/usr/local/include -fpic -g -O2 -Wall -c solve_cubic.c -o solve_cubic.o gcc -I"/home/biocbuild/bbs-3.8-bioc/R/include" -DNDEBUG -I/usr/local/include -fpic -g -O2 -Wall -c solve_quadratic.c -o solve_quadratic.o gcc -I"/home/biocbuild/bbs-3.8-bioc/R/include" -DNDEBUG -I/usr/local/include -fpic -g -O2 -Wall -c structure.c -o structure.o gcc -I"/home/biocbuild/bbs-3.8-bioc/R/include" -DNDEBUG -I/usr/local/include -fpic -g -O2 -Wall -c trees.c -o trees.o gcc -I"/home/biocbuild/bbs-3.8-bioc/R/include" -DNDEBUG -I/usr/local/include -fpic -g -O2 -Wall -c uncompr.c -o uncompr.o gcc -I"/home/biocbuild/bbs-3.8-bioc/R/include" -DNDEBUG -I/usr/local/include -fpic -g -O2 -Wall -c zutil.c -o zutil.o gcc -shared -L/home/biocbuild/bbs-3.8-bioc/R/lib -L/usr/local/lib -o chopsticks.so adler32.o bind.o compress.o crc32.o deflate.o force_hom.o glm_test.o glm_test_R.o gzio.o hash_index.o ibs.o in.o infback.o inffast.o inflate.o inftrees.o input.o inputNew.o input_unsorted.o ld_graphic_eps.o ld_with.o mla.o outdata.o pairwise_linkage.o read_chiamo.o read_hapmap.o read_pedfile.o read_signals.o readped.o sdfpw.o single_snp_tests.o snp_summary.o snpmpy.o solve_cubic.o solve_quadratic.o structure.o trees.o uncompr.o zutil.o -L/home/biocbuild/bbs-3.8-bioc/R/lib -lR installing to /home/biocbuild/bbs-3.8-bioc/R/library/chopsticks/libs ** R ** data ** byte-compile and prepare package for lazy loading ** help *** installing help indices ** building package indices ** installing vignettes ** testing if installed package can be loaded * DONE (chopsticks)
chopsticks.Rcheck/chopsticks-Ex.timings
| name | user | system | elapsed | |
| X.snp-class | 0.152 | 0.004 | 0.206 | |
| X.snp.matrix-class | 0.128 | 0.000 | 0.129 | |
| epsout.ld.snp | 0.192 | 0.004 | 0.196 | |
| for.exercise | 0.600 | 0.020 | 0.639 | |
| ibs.stats | 0.128 | 0.008 | 0.134 | |
| ibsCount | 0.392 | 0.016 | 0.411 | |
| ibsDist | 0.244 | 0.000 | 0.248 | |
| ld.snp | 0.152 | 0.004 | 0.155 | |
| ld.with | 0.096 | 0.004 | 0.103 | |
| pair.result.ld.snp | 0.116 | 0.008 | 0.127 | |
| plot.snp.dprime | 0.320 | 0.004 | 0.324 | |
| qq.chisq | 0.000 | 0.000 | 0.001 | |
| read.HapMap.data | 0.000 | 0.000 | 0.001 | |
| read.snps.chiamo | 0.000 | 0.000 | 0.001 | |
| read.wtccc.signals | 0 | 0 | 0 | |
| row.summary | 0.144 | 0.000 | 0.141 | |
| single.snp.tests | 0.140 | 0.004 | 0.143 | |
| snp-class | 0 | 0 | 0 | |
| snp.cbind | 0.232 | 0.008 | 0.239 | |
| snp.cor | 0.48 | 0.00 | 0.48 | |
| snp.dprime-class | 0.112 | 0.004 | 0.115 | |
| snp.lhs.tests | 0.160 | 0.004 | 0.163 | |
| snp.matrix-class | 0.188 | 0.004 | 0.195 | |
| snp.pre | 0.092 | 0.000 | 0.092 | |
| snp.rhs.tests | 0.092 | 0.004 | 0.096 | |
| testdata | 0.176 | 0.000 | 0.177 | |
| xxt | 0.364 | 0.000 | 0.364 | |