| Back to Multiple platform build/check report for BioC 3.8 |
|
This page was generated on 2019-04-16 11:53:58 -0400 (Tue, 16 Apr 2019).
| Package 20/1649 | Hostname | OS / Arch | INSTALL | BUILD | CHECK | BUILD BIN | ||||||
| affy 1.60.0 Rafael A. Irizarry
| malbec1 | Linux (Ubuntu 16.04.6 LTS) / x86_64 | OK | OK | WARNINGS | |||||||
| merida1 | OS X 10.11.6 El Capitan / x86_64 | OK | OK | [ WARNINGS ] | OK |
| Package: affy |
| Version: 1.60.0 |
| Command: /Library/Frameworks/R.framework/Versions/Current/Resources/bin/R CMD check --install=check:affy.install-out.txt --library=/Library/Frameworks/R.framework/Versions/Current/Resources/library --no-vignettes --timings affy_1.60.0.tar.gz |
| StartedAt: 2019-04-15 22:16:58 -0400 (Mon, 15 Apr 2019) |
| EndedAt: 2019-04-15 22:19:32 -0400 (Mon, 15 Apr 2019) |
| EllapsedTime: 154.2 seconds |
| RetCode: 0 |
| Status: WARNINGS |
| CheckDir: affy.Rcheck |
| Warnings: 1 |
##############################################################################
##############################################################################
###
### Running command:
###
### /Library/Frameworks/R.framework/Versions/Current/Resources/bin/R CMD check --install=check:affy.install-out.txt --library=/Library/Frameworks/R.framework/Versions/Current/Resources/library --no-vignettes --timings affy_1.60.0.tar.gz
###
##############################################################################
##############################################################################
* using log directory ‘/Users/biocbuild/bbs-3.8-bioc/meat/affy.Rcheck’
* using R version 3.5.3 (2019-03-11)
* using platform: x86_64-apple-darwin15.6.0 (64-bit)
* using session charset: UTF-8
* using option ‘--no-vignettes’
* checking for file ‘affy/DESCRIPTION’ ... OK
* this is package ‘affy’ version ‘1.60.0’
* checking package namespace information ... OK
* checking package dependencies ... OK
* checking if this is a source package ... OK
* checking if there is a namespace ... OK
* checking for hidden files and directories ... OK
* checking for portable file names ... OK
* checking for sufficient/correct file permissions ... OK
* checking whether package ‘affy’ can be installed ... OK
* checking installed package size ... OK
* checking package directory ... OK
* checking ‘build’ directory ... OK
* checking DESCRIPTION meta-information ... OK
* checking top-level files ... OK
* checking for left-over files ... OK
* checking index information ... OK
* checking package subdirectories ... OK
* checking R files for non-ASCII characters ... OK
* checking R files for syntax errors ... OK
* checking whether the package can be loaded ... OK
* checking whether the package can be loaded with stated dependencies ... OK
* checking whether the package can be unloaded cleanly ... OK
* checking whether the namespace can be loaded with stated dependencies ... OK
* checking whether the namespace can be unloaded cleanly ... OK
* checking dependencies in R code ... NOTE
'library' or 'require' call to ‘tkWidgets’ in package code.
Please use :: or requireNamespace() instead.
See section 'Suggested packages' in the 'Writing R Extensions' manual.
Unexported objects imported by ':::' calls:
‘stats:::C_loess_raw’ ‘stats:::C_lowesp’ ‘stats:::C_lowesw’
See the note in ?`:::` about the use of this operator.
There are ::: calls to the package's namespace in its code. A package
almost never needs to use ::: for its own objects:
‘bg.correct’
* checking S3 generic/method consistency ... OK
* checking replacement functions ... OK
* checking foreign function calls ... WARNING
Foreign function calls to a base package:
.C(stats:::C_loess_raw, ...)
.Fortran(stats:::C_lowesp, ...)
.Fortran(stats:::C_lowesw, ...)
Packages should not make .C/.Call/.External/.Fortran calls to a base
package. They are not part of the API, for use only by R itself and
subject to change without notice.
* checking R code for possible problems ... NOTE
AllButCelsForReadAffy: no visible global function definition for
‘fileBrowser’
AllButCelsForReadAffy: no visible global function definition for
‘hasSuffix’
expressoWidget: no visible global function definition for ‘tclVar’
expressoWidget : quit: no visible global function definition for
‘tkdestroy’
expressoWidget : end: no visible global function definition for
‘tclvalue’
expressoWidget: no visible global function definition for ‘tktoplevel’
expressoWidget: no visible global function definition for ‘tkdestroy’
expressoWidget: no visible global function definition for ‘tktitle<-’
expressoWidget: no visible global function definition for ‘tkpack’
expressoWidget: no visible global function definition for ‘tklabel’
expressoWidget: no visible global function definition for ‘tkframe’
expressoWidget: no visible global function definition for
‘dropdownList’
expressoWidget: no visible global function definition for ‘tclvalue’
expressoWidget: no visible global function definition for ‘tkgrid’
expressoWidget: no visible global function definition for
‘tkgrid.configure’
expressoWidget: no visible global function definition for ‘tkbutton’
expressoWidget: no visible global function definition for
‘tkwait.window’
Undefined global functions or variables:
dropdownList fileBrowser hasSuffix tclVar tclvalue tkbutton tkdestroy
tkframe tkgrid tkgrid.configure tklabel tkpack tktitle<- tktoplevel
tkwait.window
* checking Rd files ... OK
* checking Rd metadata ... OK
* checking Rd cross-references ... OK
* checking for missing documentation entries ... OK
* checking for code/documentation mismatches ... OK
* checking Rd \usage sections ... OK
* checking Rd contents ... OK
* checking for unstated dependencies in examples ... OK
* checking contents of ‘data’ directory ... OK
* checking data for non-ASCII characters ... OK
* checking data for ASCII and uncompressed saves ... OK
* checking line endings in shell scripts ... OK
* checking line endings in C/C++/Fortran sources/headers ... OK
* checking line endings in Makefiles ... OK
* checking compilation flags in Makevars ... OK
* checking for GNU extensions in Makefiles ... OK
* checking for portable use of $(BLAS_LIBS) and $(LAPACK_LIBS) ... OK
* checking compiled code ... NOTE
Note: information on .o files is not available
* checking sizes of PDF files under ‘inst/doc’ ... OK
* checking files in ‘vignettes’ ... OK
* checking examples ... OK
Examples with CPU or elapsed time > 5s
user system elapsed
mas5 30.687 0.204 31.032
expresso 18.533 0.140 18.828
MAplot 13.215 0.502 13.889
ProgressBarText-class 0.865 0.045 16.550
* checking for unstated dependencies in vignettes ... OK
* checking package vignettes in ‘inst/doc’ ... OK
* checking running R code from vignettes ... SKIPPED
* checking re-building of vignette outputs ... SKIPPED
* checking PDF version of manual ... OK
* DONE
Status: 1 WARNING, 3 NOTEs
See
‘/Users/biocbuild/bbs-3.8-bioc/meat/affy.Rcheck/00check.log’
for details.
affy.Rcheck/00install.out
############################################################################## ############################################################################## ### ### Running command: ### ### /Library/Frameworks/R.framework/Versions/Current/Resources/bin/R CMD INSTALL affy ### ############################################################################## ############################################################################## * installing to library ‘/Library/Frameworks/R.framework/Versions/3.5/Resources/library’ * installing *source* package ‘affy’ ... creating cache ./config.cache checking how to run the C preprocessor... cc -E checking for main in -lz... yes checking for zlib.h... yes checking if zlib version >= 1.1.3... yes updating cache ./config.cache creating ./config.status creating src/Makevars ** libs clang -I"/Library/Frameworks/R.framework/Resources/include" -DNDEBUG -DHAVE_ZLIB=1 -I"/Library/Frameworks/R.framework/Versions/3.5/Resources/library/preprocessCore/include" -I/usr/local/include -fPIC -Wall -g -O2 -c chipbackground.c -o chipbackground.o clang -I"/Library/Frameworks/R.framework/Resources/include" -DNDEBUG -DHAVE_ZLIB=1 -I"/Library/Frameworks/R.framework/Versions/3.5/Resources/library/preprocessCore/include" -I/usr/local/include -fPIC -Wall -g -O2 -c getall_locations.c -o getall_locations.o clang -I"/Library/Frameworks/R.framework/Resources/include" -DNDEBUG -DHAVE_ZLIB=1 -I"/Library/Frameworks/R.framework/Versions/3.5/Resources/library/preprocessCore/include" -I/usr/local/include -fPIC -Wall -g -O2 -c mas5calls.c -o mas5calls.o clang -I"/Library/Frameworks/R.framework/Resources/include" -DNDEBUG -DHAVE_ZLIB=1 -I"/Library/Frameworks/R.framework/Versions/3.5/Resources/library/preprocessCore/include" -I/usr/local/include -fPIC -Wall -g -O2 -c rma2.c -o rma2.o clang -I"/Library/Frameworks/R.framework/Resources/include" -DNDEBUG -DHAVE_ZLIB=1 -I"/Library/Frameworks/R.framework/Versions/3.5/Resources/library/preprocessCore/include" -I/usr/local/include -fPIC -Wall -g -O2 -c rma_common.c -o rma_common.o clang -dynamiclib -Wl,-headerpad_max_install_names -undefined dynamic_lookup -single_module -multiply_defined suppress -L/Library/Frameworks/R.framework/Resources/lib -L/usr/local/lib -o affy.so chipbackground.o getall_locations.o mas5calls.o rma2.o rma_common.o -lz -F/Library/Frameworks/R.framework/.. -framework R -Wl,-framework -Wl,CoreFoundation installing to /Library/Frameworks/R.framework/Versions/3.5/Resources/library/affy/libs ** R ** data ** demo ** inst ** byte-compile and prepare package for lazy loading ** help *** installing help indices ** building package indices ** installing vignettes ** testing if installed package can be loaded * DONE (affy)
affy.Rcheck/affy-Ex.timings
| name | user | system | elapsed | |
| AffyBatch-class | 3.357 | 0.153 | 3.533 | |
| AffyRNAdeg | 1.918 | 0.087 | 2.018 | |
| MAplot | 13.215 | 0.502 | 13.889 | |
| ProbeSet-class | 0.408 | 0.015 | 0.426 | |
| ProgressBarText-class | 0.865 | 0.045 | 16.550 | |
| affy-options | 0.001 | 0.001 | 0.002 | |
| barplot.ProbeSet | 0.637 | 0.019 | 0.660 | |
| bgc | 2.296 | 0.198 | 3.800 | |
| cleancdfname | 0.008 | 0.002 | 0.010 | |
| expresso | 18.533 | 0.140 | 18.828 | |
| expressoWidget | 0.001 | 0.000 | 0.000 | |
| fit.li.wong | 0.270 | 0.010 | 0.281 | |
| generateExprSet-methods | 0.614 | 0.009 | 0.630 | |
| generateExprVal-methods | 0.526 | 0.016 | 0.545 | |
| generateExprVal.method.avgdiff | 0.338 | 0.013 | 0.356 | |
| list.celfiles | 0.001 | 0.000 | 0.001 | |
| maffy.subset | 0.011 | 0.001 | 0.011 | |
| mas5 | 30.687 | 0.204 | 31.032 | |
| mas5calls | 1.192 | 0.093 | 1.292 | |
| mva.pairs | 0.070 | 0.001 | 0.072 | |
| normalize-methods | 0.305 | 0.020 | 0.326 | |
| normalize.loess | 0.010 | 0.000 | 0.011 | |
| plot.ProbeSet | 0.013 | 0.001 | 0.015 | |
| plot.density | 0.749 | 0.075 | 0.832 | |
| plotLocation | 1.286 | 0.085 | 1.382 | |
| pmcorrect | 0.380 | 0.016 | 0.401 | |
| ppsetApply | 0.002 | 0.000 | 0.002 | |
| read.affybatch | 1.895 | 0.099 | 2.007 | |
| rma | 1.695 | 0.030 | 1.737 | |
| setAffyOptions | 0 | 0 | 0 | |
| xy2indices | 2.010 | 0.136 | 2.174 | |