| Back to Multiple platform build/check report for BioC 3.8 |
|
This page was generated on 2019-04-16 12:00:06 -0400 (Tue, 16 Apr 2019).
| Package 1514/1649 | Hostname | OS / Arch | INSTALL | BUILD | CHECK | BUILD BIN | ||||||
| StarBioTrek 1.8.5 Claudia Cava
| malbec1 | Linux (Ubuntu 16.04.6 LTS) / x86_64 | OK | OK | WARNINGS | |||||||
| merida1 | OS X 10.11.6 El Capitan / x86_64 | OK | OK | [ WARNINGS ] | OK |
| Package: StarBioTrek |
| Version: 1.8.5 |
| Command: /Library/Frameworks/R.framework/Versions/Current/Resources/bin/R CMD check --install=check:StarBioTrek.install-out.txt --library=/Library/Frameworks/R.framework/Versions/Current/Resources/library --no-vignettes --timings StarBioTrek_1.8.5.tar.gz |
| StartedAt: 2019-04-16 02:59:37 -0400 (Tue, 16 Apr 2019) |
| EndedAt: 2019-04-16 03:02:01 -0400 (Tue, 16 Apr 2019) |
| EllapsedTime: 143.4 seconds |
| RetCode: 0 |
| Status: WARNINGS |
| CheckDir: StarBioTrek.Rcheck |
| Warnings: 1 |
##############################################################################
##############################################################################
###
### Running command:
###
### /Library/Frameworks/R.framework/Versions/Current/Resources/bin/R CMD check --install=check:StarBioTrek.install-out.txt --library=/Library/Frameworks/R.framework/Versions/Current/Resources/library --no-vignettes --timings StarBioTrek_1.8.5.tar.gz
###
##############################################################################
##############################################################################
* using log directory ‘/Users/biocbuild/bbs-3.8-bioc/meat/StarBioTrek.Rcheck’
* using R version 3.5.3 (2019-03-11)
* using platform: x86_64-apple-darwin15.6.0 (64-bit)
* using session charset: UTF-8
* using option ‘--no-vignettes’
* checking for file ‘StarBioTrek/DESCRIPTION’ ... OK
* checking extension type ... Package
* this is package ‘StarBioTrek’ version ‘1.8.5’
* checking package namespace information ... OK
* checking package dependencies ... OK
* checking if this is a source package ... OK
* checking if there is a namespace ... OK
* checking for hidden files and directories ... OK
* checking for portable file names ... OK
* checking for sufficient/correct file permissions ... OK
* checking whether package ‘StarBioTrek’ can be installed ... OK
* checking installed package size ... NOTE
installed size is 5.6Mb
sub-directories of 1Mb or more:
data 5.4Mb
* checking package directory ... OK
* checking ‘build’ directory ... OK
* checking DESCRIPTION meta-information ... OK
* checking top-level files ... OK
* checking for left-over files ... OK
* checking index information ... OK
* checking package subdirectories ... OK
* checking R files for non-ASCII characters ... OK
* checking R files for syntax errors ... OK
* checking whether the package can be loaded ... OK
* checking whether the package can be loaded with stated dependencies ... OK
* checking whether the package can be unloaded cleanly ... OK
* checking whether the namespace can be loaded with stated dependencies ... OK
* checking whether the namespace can be unloaded cleanly ... OK
* checking dependencies in R code ... NOTE
Namespace in Imports field not imported from: ‘AnnotationDbi’
All declared Imports should be used.
* checking S3 generic/method consistency ... OK
* checking replacement functions ... OK
* checking foreign function calls ... OK
* checking R code for possible problems ... NOTE
svm_classification: no visible binding for global variable ‘Target’
Undefined global functions or variables:
Target
* checking Rd files ... OK
* checking Rd metadata ... OK
* checking Rd cross-references ... OK
* checking for missing documentation entries ... OK
* checking for code/documentation mismatches ... OK
* checking Rd \usage sections ... WARNING
Documented arguments not in \usage in documentation object 'svm_classification':
‘Target’
Functions with \usage entries need to have the appropriate \alias
entries, and all their arguments documented.
The \usage entries must correspond to syntactically valid R code.
See chapter ‘Writing R documentation files’ in the ‘Writing R
Extensions’ manual.
* checking Rd contents ... OK
* checking for unstated dependencies in examples ... OK
* checking contents of ‘data’ directory ... OK
* checking data for non-ASCII characters ... OK
* checking data for ASCII and uncompressed saves ... OK
* checking files in ‘vignettes’ ... OK
* checking examples ... OK
* checking for unstated dependencies in vignettes ... OK
* checking package vignettes in ‘inst/doc’ ... OK
* checking running R code from vignettes ... SKIPPED
* checking re-building of vignette outputs ... SKIPPED
* checking PDF version of manual ... OK
* DONE
Status: 1 WARNING, 3 NOTEs
See
‘/Users/biocbuild/bbs-3.8-bioc/meat/StarBioTrek.Rcheck/00check.log’
for details.
StarBioTrek.Rcheck/00install.out
############################################################################## ############################################################################## ### ### Running command: ### ### /Library/Frameworks/R.framework/Versions/Current/Resources/bin/R CMD INSTALL StarBioTrek ### ############################################################################## ############################################################################## * installing to library ‘/Library/Frameworks/R.framework/Versions/3.5/Resources/library’ * installing *source* package ‘StarBioTrek’ ... ** R ** data *** moving datasets to lazyload DB ** inst ** byte-compile and prepare package for lazy loading ** help *** installing help indices ** building package indices ** installing vignettes ** testing if installed package can be loaded * DONE (StarBioTrek)
StarBioTrek.Rcheck/StarBioTrek-Ex.timings
| name | user | system | elapsed | |
| ConvertedIDgenes | 3.581 | 0.080 | 3.714 | |
| GE_matrix | 0.094 | 0.007 | 0.126 | |
| GE_matrix_mean | 0.076 | 0.007 | 0.084 | |
| GetData | 0.000 | 0.000 | 0.001 | |
| GetPathData | 0.008 | 0.000 | 0.008 | |
| GetPathNet | 0.032 | 0.004 | 0.037 | |
| IPPI | 0.000 | 0.000 | 0.001 | |
| SelectedSample | 0.419 | 0.020 | 0.438 | |
| average | 1.822 | 0.067 | 1.961 | |
| circleplot | 2.643 | 0.077 | 2.833 | |
| dsscorecrtlk | 0.049 | 0.001 | 0.050 | |
| eucdistcrtlk | 0.044 | 0.001 | 0.045 | |
| getNETdata | 0.000 | 0.000 | 0.001 | |
| listpathnet | 0.573 | 0.020 | 0.607 | |
| pathnet | 0.500 | 0.014 | 0.566 | |
| plotcrosstalk | 0.016 | 0.000 | 0.017 | |
| stdv | 0.045 | 0.002 | 0.047 | |
| svm_classification | 0 | 0 | 0 | |