| Back to Multiple platform build/check report for BioC 3.8 |
|
This page was generated on 2019-04-16 11:51:56 -0400 (Tue, 16 Apr 2019).
| Package 1488/1649 | Hostname | OS / Arch | INSTALL | BUILD | CHECK | BUILD BIN | ||||||
| SpidermiR 1.12.1 Claudia Cava
| malbec1 | Linux (Ubuntu 16.04.6 LTS) / x86_64 | OK | OK | [ WARNINGS ] | |||||||
| merida1 | OS X 10.11.6 El Capitan / x86_64 | OK | OK | WARNINGS | OK |
| Package: SpidermiR |
| Version: 1.12.1 |
| Command: /home/biocbuild/bbs-3.8-bioc/R/bin/R CMD check --install=check:SpidermiR.install-out.txt --library=/home/biocbuild/bbs-3.8-bioc/R/library --no-vignettes --timings SpidermiR_1.12.1.tar.gz |
| StartedAt: 2019-04-16 03:13:00 -0400 (Tue, 16 Apr 2019) |
| EndedAt: 2019-04-16 03:15:09 -0400 (Tue, 16 Apr 2019) |
| EllapsedTime: 129.6 seconds |
| RetCode: 0 |
| Status: WARNINGS |
| CheckDir: SpidermiR.Rcheck |
| Warnings: 1 |
##############################################################################
##############################################################################
###
### Running command:
###
### /home/biocbuild/bbs-3.8-bioc/R/bin/R CMD check --install=check:SpidermiR.install-out.txt --library=/home/biocbuild/bbs-3.8-bioc/R/library --no-vignettes --timings SpidermiR_1.12.1.tar.gz
###
##############################################################################
##############################################################################
* using log directory ‘/home/biocbuild/bbs-3.8-bioc/meat/SpidermiR.Rcheck’
* using R version 3.5.3 (2019-03-11)
* using platform: x86_64-pc-linux-gnu (64-bit)
* using session charset: UTF-8
* using option ‘--no-vignettes’
* checking for file ‘SpidermiR/DESCRIPTION’ ... OK
* checking extension type ... Package
* this is package ‘SpidermiR’ version ‘1.12.1’
* checking package namespace information ... OK
* checking package dependencies ... OK
* checking if this is a source package ... OK
* checking if there is a namespace ... OK
* checking for hidden files and directories ... OK
* checking for portable file names ... OK
* checking for sufficient/correct file permissions ... OK
* checking whether package ‘SpidermiR’ can be installed ... WARNING
Found the following significant warnings:
Note: possible error in 'simpleNetwork(NetworkData, ': unused argument (textColour = "black")
See ‘/home/biocbuild/bbs-3.8-bioc/meat/SpidermiR.Rcheck/00install.out’ for details.
Information on the location(s) of code generating the ‘Note’s can be
obtained by re-running with environment variable R_KEEP_PKG_SOURCE set
to ‘yes’.
* checking installed package size ... OK
* checking package directory ... OK
* checking ‘build’ directory ... OK
* checking DESCRIPTION meta-information ... OK
* checking top-level files ... OK
* checking for left-over files ... OK
* checking index information ... OK
* checking package subdirectories ... OK
* checking R files for non-ASCII characters ... OK
* checking R files for syntax errors ... OK
* checking whether the package can be loaded ... OK
* checking whether the package can be loaded with stated dependencies ... OK
* checking whether the package can be unloaded cleanly ... OK
* checking whether the namespace can be loaded with stated dependencies ... OK
* checking whether the namespace can be unloaded cleanly ... OK
* checking dependencies in R code ... NOTE
Namespace in Imports field not imported from: ‘TCGAbiolinks’
All declared Imports should be used.
* checking S3 generic/method consistency ... OK
* checking replacement functions ... OK
* checking foreign function calls ... OK
* checking R code for possible problems ... NOTE
.SpidermiRvisualize_gene: possible error in simpleNetwork(NetworkData,
linkColour = "gray", textColour = "black", zoom = TRUE): unused
argument (textColour = "black")
SpidermiRvisualize_plot_target: no visible binding for global variable
‘miRNAs’
SpidermiRvisualize_plot_target: no visible binding for global variable
‘mRNA_target’
Undefined global functions or variables:
mRNA_target miRNAs
* checking Rd files ... OK
* checking Rd metadata ... OK
* checking Rd cross-references ... OK
* checking for missing documentation entries ... OK
* checking for code/documentation mismatches ... OK
* checking Rd \usage sections ... OK
* checking Rd contents ... OK
* checking for unstated dependencies in examples ... OK
* checking files in ‘vignettes’ ... OK
* checking examples ... OK
Examples with CPU or elapsed time > 5s
user system elapsed
SpidermiRdownload_miRNAvalidate 7.184 0.192 11.006
SpidermiRdownload_miRNAprediction 4.956 0.284 5.249
SpidermiRquery_disease 1.012 0.044 9.044
* checking for unstated dependencies in ‘tests’ ... OK
* checking tests ...
Running ‘testthat.R’
OK
* checking for unstated dependencies in vignettes ... OK
* checking package vignettes in ‘inst/doc’ ... OK
* checking running R code from vignettes ... SKIPPED
* checking re-building of vignette outputs ... SKIPPED
* checking PDF version of manual ... OK
* DONE
Status: 1 WARNING, 2 NOTEs
See
‘/home/biocbuild/bbs-3.8-bioc/meat/SpidermiR.Rcheck/00check.log’
for details.
SpidermiR.Rcheck/00install.out
############################################################################## ############################################################################## ### ### Running command: ### ### /home/biocbuild/bbs-3.8-bioc/R/bin/R CMD INSTALL SpidermiR ### ############################################################################## ############################################################################## * installing to library ‘/home/biocbuild/bbs-3.8-bioc/R/library’ * installing *source* package ‘SpidermiR’ ... ** R ** inst ** byte-compile and prepare package for lazy loading Note: possible error in 'simpleNetwork(NetworkData, ': unused argument (textColour = "black") ** help *** installing help indices ** building package indices ** installing vignettes ** testing if installed package can be loaded * DONE (SpidermiR)
SpidermiR.Rcheck/tests/testthat.Rout
R version 3.5.3 (2019-03-11) -- "Great Truth"
Copyright (C) 2019 The R Foundation for Statistical Computing
Platform: x86_64-pc-linux-gnu (64-bit)
R is free software and comes with ABSOLUTELY NO WARRANTY.
You are welcome to redistribute it under certain conditions.
Type 'license()' or 'licence()' for distribution details.
R is a collaborative project with many contributors.
Type 'contributors()' for more information and
'citation()' on how to cite R or R packages in publications.
Type 'demo()' for some demos, 'help()' for on-line help, or
'help.start()' for an HTML browser interface to help.
Type 'q()' to quit R.
> library(testthat)
> library(SpidermiR)
Loading required package: miRNAtap
Loading required package: AnnotationDbi
Loading required package: stats4
Loading required package: BiocGenerics
Loading required package: parallel
Attaching package: 'BiocGenerics'
The following objects are masked from 'package:parallel':
clusterApply, clusterApplyLB, clusterCall, clusterEvalQ,
clusterExport, clusterMap, parApply, parCapply, parLapply,
parLapplyLB, parRapply, parSapply, parSapplyLB
The following objects are masked from 'package:stats':
IQR, mad, sd, var, xtabs
The following objects are masked from 'package:base':
Filter, Find, Map, Position, Reduce, anyDuplicated, append,
as.data.frame, basename, cbind, colMeans, colSums, colnames,
dirname, do.call, duplicated, eval, evalq, get, grep, grepl,
intersect, is.unsorted, lapply, lengths, mapply, match, mget,
order, paste, pmax, pmax.int, pmin, pmin.int, rank, rbind,
rowMeans, rowSums, rownames, sapply, setdiff, sort, table, tapply,
union, unique, unsplit, which, which.max, which.min
Loading required package: Biobase
Welcome to Bioconductor
Vignettes contain introductory material; view with
'browseVignettes()'. To cite Bioconductor, see
'citation("Biobase")', and for packages 'citation("pkgname")'.
Loading required package: IRanges
Loading required package: S4Vectors
Attaching package: 'S4Vectors'
The following object is masked from 'package:base':
expand.grid
>
> test_check("SpidermiR")
[1] "Downloading: http://genemania.org/data/current/Saccharomyces_cerevisiae/Shared_protein_domains.INTERPRO.txt ... reference n. 1 of 2"
[1] "Downloading: http://genemania.org/data/current/Saccharomyces_cerevisiae/Shared_protein_domains.PFAM.txt ... reference n. 2 of 2"
══ testthat results ═══════════════════════════════════════════════════════════
OK: 4 SKIPPED: 0 FAILED: 0
>
> proc.time()
user system elapsed
4.984 0.184 6.495
SpidermiR.Rcheck/SpidermiR-Ex.timings
| name | user | system | elapsed | |
| SpidermiRanalyze_Community_detection | 0.008 | 0.000 | 0.009 | |
| SpidermiRanalyze_Community_detection_bi | 0.008 | 0.000 | 0.009 | |
| SpidermiRanalyze_Community_detection_net | 0.008 | 0.000 | 0.006 | |
| SpidermiRanalyze_degree_centrality | 0.004 | 0.000 | 0.002 | |
| SpidermiRanalyze_direct_net | 0.000 | 0.000 | 0.002 | |
| SpidermiRanalyze_direct_subnetwork | 0.004 | 0.000 | 0.003 | |
| SpidermiRanalyze_mirnanet_pharm | 0.004 | 0.000 | 0.002 | |
| SpidermiRanalyze_subnetwork_neigh | 0.004 | 0.000 | 0.004 | |
| SpidermiRdownload_miRNAextra_cir | 0.112 | 0.004 | 1.449 | |
| SpidermiRdownload_miRNAprediction | 4.956 | 0.284 | 5.249 | |
| SpidermiRdownload_miRNAvalidate | 7.184 | 0.192 | 11.006 | |
| SpidermiRdownload_net | 0.380 | 0.032 | 1.220 | |
| SpidermiRdownload_pharmacomir | 0.008 | 0.000 | 0.410 | |
| SpidermiRprepare_NET | 0.724 | 0.028 | 1.964 | |
| SpidermiRquery_disease | 1.012 | 0.044 | 9.044 | |
| SpidermiRquery_networks_type | 0.112 | 0.000 | 0.445 | |
| SpidermiRquery_spec_networks | 0.088 | 0.000 | 0.253 | |
| SpidermiRquery_species | 0.020 | 0.000 | 0.126 | |
| SpidermiRvisualize_3Dbarplot | 0.116 | 0.000 | 0.124 | |
| SpidermiRvisualize_BI | 0.124 | 0.004 | 0.157 | |
| SpidermiRvisualize_adj_matrix | 1.384 | 0.032 | 1.421 | |
| SpidermiRvisualize_degree_dist | 0.016 | 0.000 | 0.015 | |
| SpidermiRvisualize_direction | 0.044 | 0.008 | 0.142 | |
| SpidermiRvisualize_mirnanet | 0.032 | 0.004 | 0.035 | |
| SpidermiRvisualize_plot_target | 0.260 | 0.000 | 0.267 | |