| Back to Multiple platform build/check report for BioC 3.8 |
|
This page was generated on 2018-04-30 09:24:23 -0400 (Mon, 30 Apr 2018).
| Package 1032/1559 | Hostname | OS / Arch | INSTALL | BUILD | CHECK | BUILD BIN | ||||||
Chenglin Liu
| malbec1 | Linux (Ubuntu 16.04.1 LTS) / x86_64 | OK | [ ERROR ] | skipped | |||||||
| tokay1 | Windows Server 2012 R2 Standard / x64 | OK | ERROR | skipped | skipped | |||||||
| merida1 | OS X 10.11.6 El Capitan / x86_64 | OK | ERROR | skipped | skipped |
| Package: OperaMate |
| Version: 1.11.1 |
| Command: /home/biocbuild/bbs-3.8-bioc/R/bin/R CMD build --keep-empty-dirs --no-resave-data OperaMate |
| StartedAt: 2018-04-29 20:29:35 -0400 (Sun, 29 Apr 2018) |
| EndedAt: 2018-04-29 20:30:12 -0400 (Sun, 29 Apr 2018) |
| EllapsedTime: 37.5 seconds |
| RetCode: 1 |
| Status: ERROR |
| PackageFile: None |
| PackageFileSize: NA |
##############################################################################
##############################################################################
###
### Running command:
###
### /home/biocbuild/bbs-3.8-bioc/R/bin/R CMD build --keep-empty-dirs --no-resave-data OperaMate
###
##############################################################################
##############################################################################
* checking for file ‘OperaMate/DESCRIPTION’ ... OK
* preparing ‘OperaMate’:
* checking DESCRIPTION meta-information ... OK
* installing the package to build vignettes
* creating vignettes ... ERROR
Warning: Package 'OperaMate' is deprecated and will be removed from Bioconductor
version 3.7
[04-29-2018 20:29:41]
OperaMate Data Processing & Analysis
********************************************************
Loading data ...
Data normalization ...
Data visualization ...
Quality control ...
Hit detection ...
Annotation ...
Hit analysis ...
Error in if (!sort_by_structure) { : argument is of length zero
Warning in cellSigAnalysis(cell, genemap, organism, file = file.path(outpath, :
Function gProfile failed.
Error: processing vignette 'OperaMate-vignette.Rnw' failed with diagnostics:
chunk 4 (label = run_pipeline)
Error in log10(chart[, "p.value"]) :
non-numeric argument to mathematical function
Execution halted