| Back to Multiple platform build/check report for BioC 3.8 |
|
This page was generated on 2018-11-12 10:46:48 -0500 (Mon, 12 Nov 2018).
| Package 903/1649 | Hostname | OS / Arch | INSTALL | BUILD | CHECK | BUILD BIN | ||||||
| MEAL 1.12.0 Carlos Ruiz-Arenas
| malbec1 | Linux (Ubuntu 16.04.1 LTS) / x86_64 | OK | OK | WARNINGS | |||||||
| tokay1 | Windows Server 2012 R2 Standard / x64 | OK | OK | WARNINGS | OK | |||||||
| merida1 | OS X 10.11.6 El Capitan / x86_64 | OK | OK | [ WARNINGS ] | OK |
| Package: MEAL |
| Version: 1.12.0 |
| Command: /Library/Frameworks/R.framework/Versions/Current/Resources/bin/R CMD check --install=check:MEAL.install-out.txt --library=/Library/Frameworks/R.framework/Versions/Current/Resources/library --no-vignettes --timings MEAL_1.12.0.tar.gz |
| StartedAt: 2018-11-12 02:16:38 -0500 (Mon, 12 Nov 2018) |
| EndedAt: 2018-11-12 02:24:25 -0500 (Mon, 12 Nov 2018) |
| EllapsedTime: 467.8 seconds |
| RetCode: 0 |
| Status: WARNINGS |
| CheckDir: MEAL.Rcheck |
| Warnings: 1 |
##############################################################################
##############################################################################
###
### Running command:
###
### /Library/Frameworks/R.framework/Versions/Current/Resources/bin/R CMD check --install=check:MEAL.install-out.txt --library=/Library/Frameworks/R.framework/Versions/Current/Resources/library --no-vignettes --timings MEAL_1.12.0.tar.gz
###
##############################################################################
##############################################################################
* using log directory ‘/Users/biocbuild/bbs-3.8-bioc/meat/MEAL.Rcheck’
* using R version 3.5.1 Patched (2018-07-12 r74967)
* using platform: x86_64-apple-darwin15.6.0 (64-bit)
* using session charset: UTF-8
* using option ‘--no-vignettes’
* checking for file ‘MEAL/DESCRIPTION’ ... OK
* this is package ‘MEAL’ version ‘1.12.0’
* package encoding: UTF-8
* checking package namespace information ... OK
* checking package dependencies ... OK
* checking if this is a source package ... OK
* checking if there is a namespace ... OK
* checking for hidden files and directories ... OK
* checking for portable file names ... OK
* checking for sufficient/correct file permissions ... OK
* checking whether package ‘MEAL’ can be installed ... OK
* checking installed package size ... OK
* checking package directory ... OK
* checking ‘build’ directory ... OK
* checking DESCRIPTION meta-information ... OK
* checking top-level files ... NOTE
File
LICENSE
is not mentioned in the DESCRIPTION file.
* checking for left-over files ... OK
* checking index information ... OK
* checking package subdirectories ... OK
* checking R files for non-ASCII characters ... OK
* checking R files for syntax errors ... OK
* checking whether the package can be loaded ... OK
* checking whether the package can be loaded with stated dependencies ... OK
* checking whether the package can be unloaded cleanly ... OK
* checking whether the namespace can be loaded with stated dependencies ... OK
* checking whether the namespace can be unloaded cleanly ... OK
* checking dependencies in R code ... OK
* checking S3 generic/method consistency ... OK
* checking replacement functions ... OK
* checking foreign function calls ... OK
* checking R code for possible problems ... NOTE
plotRegion: no visible global function definition for 'data'
plotRegion: no visible binding for global variable 'dmrcatedata'
plotRegion: no visible binding for global variable 'tx.hg19'
plotRegion: no visible binding for global variable 'tx.hg38'
plotRegion: no visible binding for global variable 'tx.mm10'
plotRegion: no visible global function definition for
'subsetByOverlaps'
plotRegion: no visible global function definition for 'mcols<-'
runBlockFinder: no visible global function definition for 'assays'
runBlockFinder: no visible global function definition for 'colData'
runRDA: no visible global function definition for 'rowData'
runSVA: no visible global function definition for 'resid'
Undefined global functions or variables:
assays colData data dmrcatedata mcols<- resid rowData
subsetByOverlaps tx.hg19 tx.hg38 tx.mm10
Consider adding
importFrom("stats", "resid")
importFrom("utils", "data")
to your NAMESPACE file.
* checking Rd files ... OK
* checking Rd metadata ... OK
* checking Rd cross-references ... OK
* checking for missing documentation entries ... OK
* checking for code/documentation mismatches ... OK
* checking Rd \usage sections ... OK
* checking Rd contents ... OK
* checking for unstated dependencies in examples ... OK
* checking files in ‘vignettes’ ... OK
* checking examples ... WARNING
Found the following significant warnings:
Warning: 'calculateRelevantSNPs' is deprecated.
Warning: 'correlationMethSNPs' is deprecated.
Warning: 'explainedVariance' is deprecated.
Warning: 'normalSNP' is deprecated.
Warning: 'plotLM' is deprecated.
Deprecated functions may be defunct as soon as of the next release of
R.
See ?Deprecated.
Examples with CPU or elapsed time > 5s
user system elapsed
exportResults 19.05 1.318 20.598
* checking for unstated dependencies in ‘tests’ ... OK
* checking tests ...
Running ‘testthat.R’
OK
* checking for unstated dependencies in vignettes ... OK
* checking package vignettes in ‘inst/doc’ ... OK
* checking running R code from vignettes ... SKIPPED
* checking re-building of vignette outputs ... SKIPPED
* checking PDF version of manual ... OK
* DONE
Status: 1 WARNING, 2 NOTEs
See
‘/Users/biocbuild/bbs-3.8-bioc/meat/MEAL.Rcheck/00check.log’
for details.
MEAL.Rcheck/00install.out
############################################################################## ############################################################################## ### ### Running command: ### ### /Library/Frameworks/R.framework/Versions/Current/Resources/bin/R CMD INSTALL MEAL ### ############################################################################## ############################################################################## * installing to library ‘/Library/Frameworks/R.framework/Versions/3.5/Resources/library’ * installing *source* package ‘MEAL’ ... ** R ** byte-compile and prepare package for lazy loading ** help *** installing help indices ** building package indices ** installing vignettes ** testing if installed package can be loaded * DONE (MEAL)
MEAL.Rcheck/tests/testthat.Rout
R version 3.5.1 Patched (2018-07-12 r74967) -- "Feather Spray"
Copyright (C) 2018 The R Foundation for Statistical Computing
Platform: x86_64-apple-darwin15.6.0 (64-bit)
R is free software and comes with ABSOLUTELY NO WARRANTY.
You are welcome to redistribute it under certain conditions.
Type 'license()' or 'licence()' for distribution details.
R is a collaborative project with many contributors.
Type 'contributors()' for more information and
'citation()' on how to cite R or R packages in publications.
Type 'demo()' for some demos, 'help()' for on-line help, or
'help.start()' for an HTML browser interface to help.
Type 'q()' to quit R.
> library(testthat)
> library(MEAL)
Loading required package: Biobase
Loading required package: BiocGenerics
Loading required package: parallel
Attaching package: 'BiocGenerics'
The following objects are masked from 'package:parallel':
clusterApply, clusterApplyLB, clusterCall, clusterEvalQ,
clusterExport, clusterMap, parApply, parCapply, parLapply,
parLapplyLB, parRapply, parSapply, parSapplyLB
The following objects are masked from 'package:stats':
IQR, mad, sd, var, xtabs
The following objects are masked from 'package:base':
Filter, Find, Map, Position, Reduce, anyDuplicated, append,
as.data.frame, basename, cbind, colMeans, colSums, colnames,
dirname, do.call, duplicated, eval, evalq, get, grep, grepl,
intersect, is.unsorted, lapply, lengths, mapply, match, mget,
order, paste, pmax, pmax.int, pmin, pmin.int, rank, rbind,
rowMeans, rowSums, rownames, sapply, setdiff, sort, table, tapply,
union, unique, unsplit, which, which.max, which.min
Welcome to Bioconductor
Vignettes contain introductory material; view with
'browseVignettes()'. To cite Bioconductor, see
'citation("Biobase")', and for packages 'citation("pkgname")'.
Loading required package: MultiDataSet
Setting options('download.file.method.GEOquery'='auto')
Setting options('GEOquery.inmemory.gpl'=FALSE)
>
> test_check("MEAL")
══ testthat results ═══════════════════════════════════════════════════════════
OK: 50 SKIPPED: 0 FAILED: 0
>
> proc.time()
user system elapsed
48.998 3.087 52.467
MEAL.Rcheck/MEAL-Ex.timings
| name | user | system | elapsed | |
| calculateRelevantSNPs | 0.002 | 0.000 | 0.002 | |
| correlationMethSNPs | 0.001 | 0.000 | 0.002 | |
| explainedVariance | 0.002 | 0.001 | 0.002 | |
| exportResults | 19.050 | 1.318 | 20.598 | |
| getGeneVals | 0.001 | 0.000 | 0.002 | |
| normalSNP | 0.001 | 0.001 | 0.002 | |
| plotFeature | 3.559 | 0.208 | 3.817 | |
| plotLM | 0.002 | 0.000 | 0.002 | |
| plotRDA | 0.845 | 0.084 | 0.936 | |
| runDiffMeanAnalysis | 0.551 | 0.117 | 0.677 | |
| runDiffVarAnalysis | 0.870 | 0.155 | 1.045 | |
| runPipeline | 1.190 | 0.116 | 1.320 | |
| runRDA | 0.729 | 0.027 | 0.763 | |
| runRegionAnalysis | 1.456 | 0.151 | 1.621 | |
| topRDAhits | 0.735 | 0.028 | 0.776 | |