| Back to Multiple platform build/check report for BioC 3.8 |
|
This page was generated on 2019-04-13 11:23:31 -0400 (Sat, 13 Apr 2019).
| Package 620/1649 | Hostname | OS / Arch | INSTALL | BUILD | CHECK | BUILD BIN | ||||||
| GenomeInfoDb 1.18.2 Bioconductor Package Maintainer
| malbec1 | Linux (Ubuntu 16.04.6 LTS) / x86_64 | OK | OK | OK | |||||||
| tokay1 | Windows Server 2012 R2 Standard / x64 | OK | OK | [ WARNINGS ] | OK | |||||||
| merida1 | OS X 10.11.6 El Capitan / x86_64 | OK | OK | OK | OK |
| Package: GenomeInfoDb |
| Version: 1.18.2 |
| Command: C:\Users\biocbuild\bbs-3.8-bioc\R\bin\R.exe CMD check --force-multiarch --install=check:GenomeInfoDb.install-out.txt --library=C:\Users\biocbuild\bbs-3.8-bioc\R\library --no-vignettes --timings GenomeInfoDb_1.18.2.tar.gz |
| StartedAt: 2019-04-13 02:32:28 -0400 (Sat, 13 Apr 2019) |
| EndedAt: 2019-04-13 02:35:59 -0400 (Sat, 13 Apr 2019) |
| EllapsedTime: 211.0 seconds |
| RetCode: 0 |
| Status: WARNINGS |
| CheckDir: GenomeInfoDb.Rcheck |
| Warnings: 1 |
##############################################################################
##############################################################################
###
### Running command:
###
### C:\Users\biocbuild\bbs-3.8-bioc\R\bin\R.exe CMD check --force-multiarch --install=check:GenomeInfoDb.install-out.txt --library=C:\Users\biocbuild\bbs-3.8-bioc\R\library --no-vignettes --timings GenomeInfoDb_1.18.2.tar.gz
###
##############################################################################
##############################################################################
* using log directory 'C:/Users/biocbuild/bbs-3.8-bioc/meat/GenomeInfoDb.Rcheck'
* using R version 3.5.3 (2019-03-11)
* using platform: x86_64-w64-mingw32 (64-bit)
* using session charset: ISO8859-1
* using option '--no-vignettes'
* checking for file 'GenomeInfoDb/DESCRIPTION' ... OK
* this is package 'GenomeInfoDb' version '1.18.2'
* package encoding: UTF-8
* checking package namespace information ... OK
* checking package dependencies ...Warning: unable to access index for repository https://CRAN.R-project.org/src/contrib:
cannot open URL 'https://CRAN.R-project.org/src/contrib/PACKAGES'
OK
* checking if this is a source package ... OK
* checking if there is a namespace ... OK
* checking for hidden files and directories ... OK
* checking for portable file names ... OK
* checking whether package 'GenomeInfoDb' can be installed ... WARNING
Found the following significant warnings:
Rd warning: C:/Users/biocbuild/bbs-3.8-bioc/tmpdir/RtmpKWXlKs/R.INSTALL1fb07bd88d4/GenomeInfoDb/man/GenomeDescription-class.Rd:45: file link 'BSgenome' in package 'BSgenome' does not exist and so has been treated as a topic
Rd warning: C:/Users/biocbuild/bbs-3.8-bioc/tmpdir/RtmpKWXlKs/R.INSTALL1fb07bd88d4/GenomeInfoDb/man/GenomeDescription-class.Rd:46: file link 'BSgenome' in package 'BSgenome' does not exist and so has been treated as a topic
Rd warning: C:/Users/biocbuild/bbs-3.8-bioc/tmpdir/RtmpKWXlKs/R.INSTALL1fb07bd88d4/GenomeInfoDb/man/GenomeDescription-class.Rd:126: file link 'BSgenome' in package 'BSgenome' does not exist and so has been treated as a topic
Rd warning: C:/Users/biocbuild/bbs-3.8-bioc/tmpdir/RtmpKWXlKs/R.INSTALL1fb07bd88d4/GenomeInfoDb/man/fetchExtendedChromInfoFromUCSC.Rd:130: file link 'getBSgenome' in package 'BSgenome' does not exist and so has been treated as a topic
Rd warning: C:/Users/biocbuild/bbs-3.8-bioc/tmpdir/RtmpKWXlKs/R.INSTALL1fb07bd88d4/GenomeInfoDb/man/seqinfo.Rd:82: file link 'GRanges' in package 'GenomicRanges' does not exist and so has been treated as a topic
Rd warning: C:/Users/biocbuild/bbs-3.8-bioc/tmpdir/RtmpKWXlKs/R.INSTALL1fb07bd88d4/GenomeInfoDb/man/seqinfo.Rd:105: file link 'GRangesList' in package 'GenomicRanges' does not exist and so has been treated as a topic
Rd warning: C:/Users/biocbuild/bbs-3.8-bioc/tmpdir/RtmpKWXlKs/R.INSTALL1fb07bd88d4/GenomeInfoDb/man/seqinfo.Rd:106: file link 'GAlignmentPairs' in package 'GenomicAlignments' does not exist and so has been treated as a topic
Rd warning: C:/Users/biocbuild/bbs-3.8-bioc/tmpdir/RtmpKWXlKs/R.INSTALL1fb07bd88d4/GenomeInfoDb/man/seqinfo.Rd:107: file link 'GAlignmentsList' in package 'GenomicAlignments' does not exist and so has been treated as a topic
Rd warning: C:/Users/biocbuild/bbs-3.8-bioc/tmpdir/RtmpKWXlKs/R.INSTALL1fb07bd88d4/GenomeInfoDb/man/seqinfo.Rd:116: file link 'GRangesList' in package 'GenomicRanges' does not exist and so has been treated as a topic
Rd warning: C:/Users/biocbuild/bbs-3.8-bioc/tmpdir/RtmpKWXlKs/R.INSTALL1fb07bd88d4/GenomeInfoDb/man/seqinfo.Rd:118: file link 'exonsBy' in package 'GenomicFeatures' does not exist and so has been treated as a topic
Rd warning: C:/Users/biocbuild/bbs-3.8-bioc/tmpdir/RtmpKWXlKs/R.INSTALL1fb07bd88d4/GenomeInfoDb/man/seqinfo.Rd:131: file link 'GRangesList' in package 'GenomicRanges' does not exist and so has been treated as a topic
Rd warning: C:/Users/biocbuild/bbs-3.8-bioc/tmpdir/RtmpKWXlKs/R.INSTALL1fb07bd88d4/GenomeInfoDb/man/seqinfo.Rd:136: file link 'GRanges' in package 'GenomicRanges' does not exist and so has been treated as a topic
Rd warning: C:/Users/biocbuild/bbs-3.8-bioc/tmpdir/RtmpKWXlKs/R.INSTALL1fb07bd88d4/GenomeInfoDb/man/seqinfo.Rd:137: file link 'GAlignments' in package 'GenomicAlignments' does not exist and so has been treated as a topic
Rd warning: C:/Users/biocbuild/bbs-3.8-bioc/tmpdir/RtmpKWXlKs/R.INSTALL1fb07bd88d4/GenomeInfoDb/man/seqinfo.Rd:182: file link 'GRanges' in package 'GenomicRanges' does not exist and so has been treated as a topic
Rd warning: C:/Users/biocbuild/bbs-3.8-bioc/tmpdir/RtmpKWXlKs/R.INSTALL1fb07bd88d4/GenomeInfoDb/man/seqinfo.Rd:182: file link 'GRangesList' in package 'GenomicRanges' does not exist and so has been treated as a topic
Rd warning: C:/Users/biocbuild/bbs-3.8-bioc/tmpdir/RtmpKWXlKs/R.INSTALL1fb07bd88d4/GenomeInfoDb/man/seqinfo.Rd:184: file link 'SummarizedExperiment' in package 'SummarizedExperiment' does not exist and so has been treated as a topic
Rd warning: C:/Users/biocbuild/bbs-3.8-bioc/tmpdir/RtmpKWXlKs/R.INSTALL1fb07bd88d4/GenomeInfoDb/man/seqinfo.Rd:186: file link 'GAlignments' in package 'GenomicAlignments' does not exist and so has been treated as a topic
Rd warning: C:/Users/biocbuild/bbs-3.8-bioc/tmpdir/RtmpKWXlKs/R.INSTALL1fb07bd88d4/GenomeInfoDb/man/seqinfo.Rd:187: file link 'GAlignmentPairs' in package 'GenomicAlignments' does not exist and so has been treated as a topic
Rd warning: C:/Users/biocbuild/bbs-3.8-bioc/tmpdir/RtmpKWXlKs/R.INSTALL1fb07bd88d4/GenomeInfoDb/man/seqinfo.Rd:188: file link 'GAlignmentsList' in package 'GenomicAlignments' does not exist and so has been treated as a topic
Rd warning: C:/Users/biocbuild/bbs-3.8-bioc/tmpdir/RtmpKWXlKs/R.INSTALL1fb07bd88d4/GenomeInfoDb/man/seqinfo.Rd:190: file link 'TxDb' in package 'GenomicFeatures' does not exist and so has been treated as a topic
Rd warning: C:/Users/biocbuild/bbs-3.8-bioc/tmpdir/RtmpKWXlKs/R.INSTALL1fb07bd88d4/GenomeInfoDb/man/seqinfo.Rd:192: file link 'BSgenome' in package 'BSgenome' does not exist and so has been treated as a topic
Rd warning: C:/Users/biocbuild/bbs-3.8-bioc/tmpdir/RtmpKWXlKs/R.INSTALL1fb07bd88d4/GenomeInfoDb/man/seqinfo.Rd:226: file link 'GRanges' in package 'GenomicRanges' does not exist and so has been treated as a topic
Rd warning: C:/Users/biocbuild/bbs-3.8-bioc/tmpdir/RtmpKWXlKs/R.INSTALL1fb07bd88d4/GenomeInfoDb/man/seqinfo.Rd:226: file link 'GRangesList' in package 'GenomicRanges' does not exist and so has been treated as a topic
Rd warning: C:/Users/biocbuild/bbs-3.8-bioc/tmpdir/RtmpKWXlKs/R.INSTALL1fb07bd88d4/GenomeInfoDb/man/seqinfo.Rd:229: file link 'SummarizedExperiment' in package 'SummarizedExperiment' does not exist and so has been treated as a topic
Rd warning: C:/Users/biocbuild/bbs-3.8-bioc/tmpdir/RtmpKWXlKs/R.INSTALL1fb07bd88d4/GenomeInfoDb/man/seqinfo.Rd:232: file link 'GAlignments' in package 'GenomicAlignments' does not exist and so has been treated as a topic
Rd warning: C:/Users/biocbuild/bbs-3.8-bioc/tmpdir/RtmpKWXlKs/R.INSTALL1fb07bd88d4/GenomeInfoDb/man/seqinfo.Rd:233: file link 'GAlignmentPairs' in package 'GenomicAlignments' does not exist and so has been treated as a topic
Rd warning: C:/Users/biocbuild/bbs-3.8-bioc/tmpdir/RtmpKWXlKs/R.INSTALL1fb07bd88d4/GenomeInfoDb/man/seqinfo.Rd:234: file link 'GAlignmentsList' in package 'GenomicAlignments' does not exist and so has been treated as a topic
Rd warning: C:/Users/biocbuild/bbs-3.8-bioc/tmpdir/RtmpKWXlKs/R.INSTALL1fb07bd88d4/GenomeInfoDb/man/seqinfo.Rd:237: file link 'TxDb' in package 'GenomicFeatures' does not exist and so has been treated as a topic
Rd warning: C:/Users/biocbuild/bbs-3.8-bioc/tmpdir/RtmpKWXlKs/R.INSTALL1fb07bd88d4/GenomeInfoDb/man/seqinfo.Rd:240: file link 'BSgenome' in package 'BSgenome' does not exist and so has been treated as a topic
See 'C:/Users/biocbuild/bbs-3.8-bioc/meat/GenomeInfoDb.Rcheck/00install.out' for details.
* checking installed package size ... OK
* checking package directory ... OK
* checking 'build' directory ... OK
* checking DESCRIPTION meta-information ... OK
* checking top-level files ... OK
* checking for left-over files ... OK
* checking index information ... OK
* checking package subdirectories ... OK
* checking R files for non-ASCII characters ... OK
* checking R files for syntax errors ... OK
* loading checks for arch 'i386'
** checking whether the package can be loaded ... OK
** checking whether the package can be loaded with stated dependencies ... OK
** checking whether the package can be unloaded cleanly ... OK
** checking whether the namespace can be loaded with stated dependencies ... OK
** checking whether the namespace can be unloaded cleanly ... OK
* loading checks for arch 'x64'
** checking whether the package can be loaded ... OK
** checking whether the package can be loaded with stated dependencies ... OK
** checking whether the package can be unloaded cleanly ... OK
** checking whether the namespace can be loaded with stated dependencies ... OK
** checking whether the namespace can be unloaded cleanly ... OK
* checking dependencies in R code ... NOTE
Unexported object imported by a ':::' call: 'utils:::.roman2numeric'
See the note in ?`:::` about the use of this operator.
* checking S3 generic/method consistency ... OK
* checking replacement functions ... OK
* checking foreign function calls ... OK
* checking R code for possible problems ... OK
* checking Rd files ... OK
* checking Rd metadata ... OK
* checking Rd cross-references ... OK
* checking for missing documentation entries ... OK
* checking for code/documentation mismatches ... OK
* checking Rd \usage sections ... OK
* checking Rd contents ... OK
* checking for unstated dependencies in examples ... OK
* checking files in 'vignettes' ... OK
* checking examples ...
** running examples for arch 'i386' ... OK
Examples with CPU or elapsed time > 5s
user system elapsed
loadTaxonomyDb 10.13 0.86 11.00
GenomeDescription-class 8.22 0.64 8.86
fetchExtendedChromInfoFromUCSC 2.37 1.17 5.61
** running examples for arch 'x64' ... OK
Examples with CPU or elapsed time > 5s
user system elapsed
loadTaxonomyDb 7.60 0.21 7.82
GenomeDescription-class 6.04 0.17 6.21
fetchExtendedChromInfoFromUCSC 2.31 0.78 5.14
* checking for unstated dependencies in 'tests' ... OK
* checking tests ...
** running tests for arch 'i386' ...
Running 'run_unitTests.R'
OK
** running tests for arch 'x64' ...
Running 'run_unitTests.R'
OK
* checking for unstated dependencies in vignettes ... OK
* checking package vignettes in 'inst/doc' ... OK
* checking running R code from vignettes ... SKIPPED
* checking re-building of vignette outputs ... SKIPPED
* checking PDF version of manual ... OK
* DONE
Status: 1 WARNING, 1 NOTE
See
'C:/Users/biocbuild/bbs-3.8-bioc/meat/GenomeInfoDb.Rcheck/00check.log'
for details.
GenomeInfoDb.Rcheck/00install.out
##############################################################################
##############################################################################
###
### Running command:
###
### C:\cygwin\bin\curl.exe -O https://malbec1.bioconductor.org/BBS/3.8/bioc/src/contrib/GenomeInfoDb_1.18.2.tar.gz && rm -rf GenomeInfoDb.buildbin-libdir && mkdir GenomeInfoDb.buildbin-libdir && C:\Users\biocbuild\bbs-3.8-bioc\R\bin\R.exe CMD INSTALL --merge-multiarch --build --library=GenomeInfoDb.buildbin-libdir GenomeInfoDb_1.18.2.tar.gz && C:\Users\biocbuild\bbs-3.8-bioc\R\bin\R.exe CMD INSTALL GenomeInfoDb_1.18.2.zip && rm GenomeInfoDb_1.18.2.tar.gz GenomeInfoDb_1.18.2.zip
###
##############################################################################
##############################################################################
% Total % Received % Xferd Average Speed Time Time Time Current
Dload Upload Total Spent Left Speed
0 0 0 0 0 0 0 0 --:--:-- --:--:-- --:--:-- 0
100 3032k 100 3032k 0 0 37.2M 0 --:--:-- --:--:-- --:--:-- 38.9M
install for i386
* installing *source* package 'GenomeInfoDb' ...
** R
** inst
** byte-compile and prepare package for lazy loading
** help
*** installing help indices
converting help for package 'GenomeInfoDb'
finding HTML links ... done
GenomeDescription-class html
Rd warning: C:/Users/biocbuild/bbs-3.8-bioc/tmpdir/RtmpKWXlKs/R.INSTALL1fb07bd88d4/GenomeInfoDb/man/GenomeDescription-class.Rd:45: file link 'BSgenome' in package 'BSgenome' does not exist and so has been treated as a topic
Rd warning: C:/Users/biocbuild/bbs-3.8-bioc/tmpdir/RtmpKWXlKs/R.INSTALL1fb07bd88d4/GenomeInfoDb/man/GenomeDescription-class.Rd:46: file link 'BSgenome' in package 'BSgenome' does not exist and so has been treated as a topic
Rd warning: C:/Users/biocbuild/bbs-3.8-bioc/tmpdir/RtmpKWXlKs/R.INSTALL1fb07bd88d4/GenomeInfoDb/man/GenomeDescription-class.Rd:126: file link 'BSgenome' in package 'BSgenome' does not exist and so has been treated as a topic
Seqinfo-class html
fetchExtendedChromInfoFromUCSC html
Rd warning: C:/Users/biocbuild/bbs-3.8-bioc/tmpdir/RtmpKWXlKs/R.INSTALL1fb07bd88d4/GenomeInfoDb/man/fetchExtendedChromInfoFromUCSC.Rd:130: file link 'getBSgenome' in package 'BSgenome' does not exist and so has been treated as a topic
loadTaxonomyDb html
mapGenomeBuilds html
rankSeqlevels html
seqinfo html
Rd warning: C:/Users/biocbuild/bbs-3.8-bioc/tmpdir/RtmpKWXlKs/R.INSTALL1fb07bd88d4/GenomeInfoDb/man/seqinfo.Rd:82: file link 'GRanges' in package 'GenomicRanges' does not exist and so has been treated as a topic
Rd warning: C:/Users/biocbuild/bbs-3.8-bioc/tmpdir/RtmpKWXlKs/R.INSTALL1fb07bd88d4/GenomeInfoDb/man/seqinfo.Rd:105: file link 'GRangesList' in package 'GenomicRanges' does not exist and so has been treated as a topic
Rd warning: C:/Users/biocbuild/bbs-3.8-bioc/tmpdir/RtmpKWXlKs/R.INSTALL1fb07bd88d4/GenomeInfoDb/man/seqinfo.Rd:106: file link 'GAlignmentPairs' in package 'GenomicAlignments' does not exist and so has been treated as a topic
Rd warning: C:/Users/biocbuild/bbs-3.8-bioc/tmpdir/RtmpKWXlKs/R.INSTALL1fb07bd88d4/GenomeInfoDb/man/seqinfo.Rd:107: file link 'GAlignmentsList' in package 'GenomicAlignments' does not exist and so has been treated as a topic
Rd warning: C:/Users/biocbuild/bbs-3.8-bioc/tmpdir/RtmpKWXlKs/R.INSTALL1fb07bd88d4/GenomeInfoDb/man/seqinfo.Rd:116: file link 'GRangesList' in package 'GenomicRanges' does not exist and so has been treated as a topic
Rd warning: C:/Users/biocbuild/bbs-3.8-bioc/tmpdir/RtmpKWXlKs/R.INSTALL1fb07bd88d4/GenomeInfoDb/man/seqinfo.Rd:118: file link 'exonsBy' in package 'GenomicFeatures' does not exist and so has been treated as a topic
Rd warning: C:/Users/biocbuild/bbs-3.8-bioc/tmpdir/RtmpKWXlKs/R.INSTALL1fb07bd88d4/GenomeInfoDb/man/seqinfo.Rd:131: file link 'GRangesList' in package 'GenomicRanges' does not exist and so has been treated as a topic
Rd warning: C:/Users/biocbuild/bbs-3.8-bioc/tmpdir/RtmpKWXlKs/R.INSTALL1fb07bd88d4/GenomeInfoDb/man/seqinfo.Rd:136: file link 'GRanges' in package 'GenomicRanges' does not exist and so has been treated as a topic
Rd warning: C:/Users/biocbuild/bbs-3.8-bioc/tmpdir/RtmpKWXlKs/R.INSTALL1fb07bd88d4/GenomeInfoDb/man/seqinfo.Rd:137: file link 'GAlignments' in package 'GenomicAlignments' does not exist and so has been treated as a topic
Rd warning: C:/Users/biocbuild/bbs-3.8-bioc/tmpdir/RtmpKWXlKs/R.INSTALL1fb07bd88d4/GenomeInfoDb/man/seqinfo.Rd:182: file link 'GRanges' in package 'GenomicRanges' does not exist and so has been treated as a topic
Rd warning: C:/Users/biocbuild/bbs-3.8-bioc/tmpdir/RtmpKWXlKs/R.INSTALL1fb07bd88d4/GenomeInfoDb/man/seqinfo.Rd:182: file link 'GRangesList' in package 'GenomicRanges' does not exist and so has been treated as a topic
Rd warning: C:/Users/biocbuild/bbs-3.8-bioc/tmpdir/RtmpKWXlKs/R.INSTALL1fb07bd88d4/GenomeInfoDb/man/seqinfo.Rd:184: file link 'SummarizedExperiment' in package 'SummarizedExperiment' does not exist and so has been treated as a topic
Rd warning: C:/Users/biocbuild/bbs-3.8-bioc/tmpdir/RtmpKWXlKs/R.INSTALL1fb07bd88d4/GenomeInfoDb/man/seqinfo.Rd:186: file link 'GAlignments' in package 'GenomicAlignments' does not exist and so has been treated as a topic
Rd warning: C:/Users/biocbuild/bbs-3.8-bioc/tmpdir/RtmpKWXlKs/R.INSTALL1fb07bd88d4/GenomeInfoDb/man/seqinfo.Rd:187: file link 'GAlignmentPairs' in package 'GenomicAlignments' does not exist and so has been treated as a topic
Rd warning: C:/Users/biocbuild/bbs-3.8-bioc/tmpdir/RtmpKWXlKs/R.INSTALL1fb07bd88d4/GenomeInfoDb/man/seqinfo.Rd:188: file link 'GAlignmentsList' in package 'GenomicAlignments' does not exist and so has been treated as a topic
Rd warning: C:/Users/biocbuild/bbs-3.8-bioc/tmpdir/RtmpKWXlKs/R.INSTALL1fb07bd88d4/GenomeInfoDb/man/seqinfo.Rd:190: file link 'TxDb' in package 'GenomicFeatures' does not exist and so has been treated as a topic
Rd warning: C:/Users/biocbuild/bbs-3.8-bioc/tmpdir/RtmpKWXlKs/R.INSTALL1fb07bd88d4/GenomeInfoDb/man/seqinfo.Rd:192: file link 'BSgenome' in package 'BSgenome' does not exist and so has been treated as a topic
Rd warning: C:/Users/biocbuild/bbs-3.8-bioc/tmpdir/RtmpKWXlKs/R.INSTALL1fb07bd88d4/GenomeInfoDb/man/seqinfo.Rd:226: file link 'GRanges' in package 'GenomicRanges' does not exist and so has been treated as a topic
Rd warning: C:/Users/biocbuild/bbs-3.8-bioc/tmpdir/RtmpKWXlKs/R.INSTALL1fb07bd88d4/GenomeInfoDb/man/seqinfo.Rd:226: file link 'GRangesList' in package 'GenomicRanges' does not exist and so has been treated as a topic
Rd warning: C:/Users/biocbuild/bbs-3.8-bioc/tmpdir/RtmpKWXlKs/R.INSTALL1fb07bd88d4/GenomeInfoDb/man/seqinfo.Rd:229: file link 'SummarizedExperiment' in package 'SummarizedExperiment' does not exist and so has been treated as a topic
Rd warning: C:/Users/biocbuild/bbs-3.8-bioc/tmpdir/RtmpKWXlKs/R.INSTALL1fb07bd88d4/GenomeInfoDb/man/seqinfo.Rd:232: file link 'GAlignments' in package 'GenomicAlignments' does not exist and so has been treated as a topic
Rd warning: C:/Users/biocbuild/bbs-3.8-bioc/tmpdir/RtmpKWXlKs/R.INSTALL1fb07bd88d4/GenomeInfoDb/man/seqinfo.Rd:233: file link 'GAlignmentPairs' in package 'GenomicAlignments' does not exist and so has been treated as a topic
Rd warning: C:/Users/biocbuild/bbs-3.8-bioc/tmpdir/RtmpKWXlKs/R.INSTALL1fb07bd88d4/GenomeInfoDb/man/seqinfo.Rd:234: file link 'GAlignmentsList' in package 'GenomicAlignments' does not exist and so has been treated as a topic
Rd warning: C:/Users/biocbuild/bbs-3.8-bioc/tmpdir/RtmpKWXlKs/R.INSTALL1fb07bd88d4/GenomeInfoDb/man/seqinfo.Rd:237: file link 'TxDb' in package 'GenomicFeatures' does not exist and so has been treated as a topic
Rd warning: C:/Users/biocbuild/bbs-3.8-bioc/tmpdir/RtmpKWXlKs/R.INSTALL1fb07bd88d4/GenomeInfoDb/man/seqinfo.Rd:240: file link 'BSgenome' in package 'BSgenome' does not exist and so has been treated as a topic
seqlevels-wrappers html
seqlevelsStyle html
** building package indices
** installing vignettes
** testing if installed package can be loaded
In R CMD INSTALL
install for x64
* installing *source* package 'GenomeInfoDb' ...
** testing if installed package can be loaded
* MD5 sums
packaged installation of 'GenomeInfoDb' as GenomeInfoDb_1.18.2.zip
* DONE (GenomeInfoDb)
In R CMD INSTALL
In R CMD INSTALL
* installing to library 'C:/Users/biocbuild/bbs-3.8-bioc/R/library'
package 'GenomeInfoDb' successfully unpacked and MD5 sums checked
In R CMD INSTALL
|
GenomeInfoDb.Rcheck/tests_i386/run_unitTests.Rout
R version 3.5.3 (2019-03-11) -- "Great Truth"
Copyright (C) 2019 The R Foundation for Statistical Computing
Platform: i386-w64-mingw32/i386 (32-bit)
R is free software and comes with ABSOLUTELY NO WARRANTY.
You are welcome to redistribute it under certain conditions.
Type 'license()' or 'licence()' for distribution details.
R is a collaborative project with many contributors.
Type 'contributors()' for more information and
'citation()' on how to cite R or R packages in publications.
Type 'demo()' for some demos, 'help()' for on-line help, or
'help.start()' for an HTML browser interface to help.
Type 'q()' to quit R.
> require("GenomeInfoDb") || stop("unable to load GenomeInfoDb package")
Loading required package: GenomeInfoDb
Loading required package: BiocGenerics
Loading required package: parallel
Attaching package: 'BiocGenerics'
The following objects are masked from 'package:parallel':
clusterApply, clusterApplyLB, clusterCall, clusterEvalQ,
clusterExport, clusterMap, parApply, parCapply, parLapply,
parLapplyLB, parRapply, parSapply, parSapplyLB
The following objects are masked from 'package:stats':
IQR, mad, sd, var, xtabs
The following objects are masked from 'package:base':
Filter, Find, Map, Position, Reduce, anyDuplicated, append,
as.data.frame, basename, cbind, colMeans, colSums, colnames,
dirname, do.call, duplicated, eval, evalq, get, grep, grepl,
intersect, is.unsorted, lapply, lengths, mapply, match, mget,
order, paste, pmax, pmax.int, pmin, pmin.int, rank, rbind,
rowMeans, rowSums, rownames, sapply, setdiff, sort, table, tapply,
union, unique, unsplit, which, which.max, which.min
Loading required package: S4Vectors
Loading required package: stats4
Attaching package: 'S4Vectors'
The following object is masked from 'package:base':
expand.grid
Loading required package: IRanges
Attaching package: 'IRanges'
The following object is masked from 'package:grDevices':
windows
[1] TRUE
> GenomeInfoDb:::.test()
RUNIT TEST PROTOCOL -- Sat Apr 13 02:35:48 2019
***********************************************
Number of test functions: 20
Number of errors: 0
Number of failures: 0
1 Test Suite :
GenomeInfoDb RUnit Tests - 20 test functions, 0 errors, 0 failures
Number of test functions: 20
Number of errors: 0
Number of failures: 0
Warning messages:
1: In .Seqinfo.mergexy(x, y) :
Each of the 2 combined objects has sequence levels not in the other:
- in 'x': chr1, chr2
- in 'y': chr4
Make sure to always combine/compare objects based on the same reference
genome (use suppressWarnings() to suppress this warning).
2: 'organism' not found: nothere
3: 'organism' not found: nothere
4: 'genome' not found: nothere
5: 'genome' not found: nothere
>
> proc.time()
user system elapsed
4.85 0.26 5.26
|
GenomeInfoDb.Rcheck/tests_x64/run_unitTests.Rout
R version 3.5.3 (2019-03-11) -- "Great Truth"
Copyright (C) 2019 The R Foundation for Statistical Computing
Platform: x86_64-w64-mingw32/x64 (64-bit)
R is free software and comes with ABSOLUTELY NO WARRANTY.
You are welcome to redistribute it under certain conditions.
Type 'license()' or 'licence()' for distribution details.
R is a collaborative project with many contributors.
Type 'contributors()' for more information and
'citation()' on how to cite R or R packages in publications.
Type 'demo()' for some demos, 'help()' for on-line help, or
'help.start()' for an HTML browser interface to help.
Type 'q()' to quit R.
> require("GenomeInfoDb") || stop("unable to load GenomeInfoDb package")
Loading required package: GenomeInfoDb
Loading required package: BiocGenerics
Loading required package: parallel
Attaching package: 'BiocGenerics'
The following objects are masked from 'package:parallel':
clusterApply, clusterApplyLB, clusterCall, clusterEvalQ,
clusterExport, clusterMap, parApply, parCapply, parLapply,
parLapplyLB, parRapply, parSapply, parSapplyLB
The following objects are masked from 'package:stats':
IQR, mad, sd, var, xtabs
The following objects are masked from 'package:base':
Filter, Find, Map, Position, Reduce, anyDuplicated, append,
as.data.frame, basename, cbind, colMeans, colSums, colnames,
dirname, do.call, duplicated, eval, evalq, get, grep, grepl,
intersect, is.unsorted, lapply, lengths, mapply, match, mget,
order, paste, pmax, pmax.int, pmin, pmin.int, rank, rbind,
rowMeans, rowSums, rownames, sapply, setdiff, sort, table, tapply,
union, unique, unsplit, which, which.max, which.min
Loading required package: S4Vectors
Loading required package: stats4
Attaching package: 'S4Vectors'
The following object is masked from 'package:base':
expand.grid
Loading required package: IRanges
Attaching package: 'IRanges'
The following object is masked from 'package:grDevices':
windows
[1] TRUE
> GenomeInfoDb:::.test()
RUNIT TEST PROTOCOL -- Sat Apr 13 02:35:54 2019
***********************************************
Number of test functions: 20
Number of errors: 0
Number of failures: 0
1 Test Suite :
GenomeInfoDb RUnit Tests - 20 test functions, 0 errors, 0 failures
Number of test functions: 20
Number of errors: 0
Number of failures: 0
Warning messages:
1: In .Seqinfo.mergexy(x, y) :
Each of the 2 combined objects has sequence levels not in the other:
- in 'x': chr1, chr2
- in 'y': chr4
Make sure to always combine/compare objects based on the same reference
genome (use suppressWarnings() to suppress this warning).
2: 'organism' not found: nothere
3: 'organism' not found: nothere
4: 'genome' not found: nothere
5: 'genome' not found: nothere
>
> proc.time()
user system elapsed
4.90 0.35 5.26
|
|
GenomeInfoDb.Rcheck/examples_i386/GenomeInfoDb-Ex.timings
|
GenomeInfoDb.Rcheck/examples_x64/GenomeInfoDb-Ex.timings
|