| Back to Multiple platform build/check report for BioC 3.8 |
|
This page was generated on 2018-04-30 09:24:08 -0400 (Mon, 30 Apr 2018).
| Package 167/1559 | Hostname | OS / Arch | INSTALL | BUILD | CHECK | BUILD BIN | ||||||
Paul Shannon
| malbec1 | Linux (Ubuntu 16.04.1 LTS) / x86_64 | OK | [ ERROR ] | skipped | |||||||
| tokay1 | Windows Server 2012 R2 Standard / x64 | ...NOT SUPPORTED... | ||||||||||
| merida1 | OS X 10.11.6 El Capitan / x86_64 | ...NOT SUPPORTED... | ||||||||||
| Package: BrowserVizDemo |
| Version: 1.11.1 |
| Command: /home/biocbuild/bbs-3.8-bioc/R/bin/R CMD build --keep-empty-dirs --no-resave-data BrowserVizDemo |
| StartedAt: 2018-04-29 20:26:09 -0400 (Sun, 29 Apr 2018) |
| EndedAt: 2018-04-29 20:26:12 -0400 (Sun, 29 Apr 2018) |
| EllapsedTime: 3.0 seconds |
| RetCode: 1 |
| Status: ERROR |
| PackageFile: None |
| PackageFileSize: NA |
##############################################################################
##############################################################################
###
### Running command:
###
### /home/biocbuild/bbs-3.8-bioc/R/bin/R CMD build --keep-empty-dirs --no-resave-data BrowserVizDemo
###
##############################################################################
##############################################################################
* checking for file ‘BrowserVizDemo/DESCRIPTION’ ... OK
* preparing ‘BrowserVizDemo’:
* checking DESCRIPTION meta-information ... OK
* installing the package to build vignettes
* creating vignettes ... ERROR
Loading required package: BrowserViz
Loading required package: jsonlite
Loading required package: httpuv
Attaching package: ‘BrowserViz’
The following objects are masked from ‘package:jsonlite’:
fromJSON, toJSON
Loading required package: Rcpp
Warning: replacing previous import ‘BrowserViz::fromJSON’ by ‘jsonlite::fromJSON’ when loading ‘BrowserVizDemo’
Warning: replacing previous import ‘BrowserViz::toJSON’ by ‘jsonlite::toJSON’ when loading ‘BrowserVizDemo’
Warning: Package 'BrowserVizDemo' is deprecated and will be removed from
Bioconductor version 3.7
Attaching package: ‘BrowserVizDemo’
The following object is masked from ‘package:graphics’:
plot
Error: processing vignette 'BrowserVizDemo.Rnw' failed with diagnostics:
chunk 2 (label = plotDemo)
Error in !quiet : invalid argument type
Execution halted