| Back to Multiple platform build/check report for BioC 3.7 experimental data |
This page was generated on 2018-10-16 14:19:10 -0400 (Tue, 16 Oct 2018).
| Package 193/342 | Hostname | OS / Arch | INSTALL | BUILD | CHECK | BUILD BIN | ||||||
Carlos Ruiz
| malbec2 | Linux (Ubuntu 16.04.1 LTS) / x86_64 | OK | OK | [ WARNINGS ] |
| Package: MEALData |
| Version: 1.10.0 |
| Command: /home/biocbuild/bbs-3.7-bioc/R/bin/R CMD check --install=check:MEALData.install-out.txt --library=/home/biocbuild/bbs-3.7-bioc/R/library --no-vignettes --timings MEALData_1.10.0.tar.gz |
| StartedAt: 2018-10-16 11:08:34 -0400 (Tue, 16 Oct 2018) |
| EndedAt: 2018-10-16 11:11:07 -0400 (Tue, 16 Oct 2018) |
| EllapsedTime: 152.9 seconds |
| RetCode: 0 |
| Status: WARNINGS |
| CheckDir: MEALData.Rcheck |
| Warnings: 1 |
##############################################################################
##############################################################################
###
### Running command:
###
### /home/biocbuild/bbs-3.7-bioc/R/bin/R CMD check --install=check:MEALData.install-out.txt --library=/home/biocbuild/bbs-3.7-bioc/R/library --no-vignettes --timings MEALData_1.10.0.tar.gz
###
##############################################################################
##############################################################################
* using log directory ‘/home/biocbuild/bbs-3.7-data-experiment/meat/MEALData.Rcheck’
* using R version 3.5.1 Patched (2018-07-12 r74967)
* using platform: x86_64-pc-linux-gnu (64-bit)
* using session charset: UTF-8
* using option ‘--no-vignettes’
* checking for file ‘MEALData/DESCRIPTION’ ... OK
* checking extension type ... Package
* this is package ‘MEALData’ version ‘1.10.0’
* package encoding: UTF-8
* checking package namespace information ... OK
* checking package dependencies ... OK
* checking if this is a source package ... OK
* checking if there is a namespace ... OK
* checking for hidden files and directories ... OK
* checking for portable file names ... OK
* checking for sufficient/correct file permissions ... OK
* checking whether package ‘MEALData’ can be installed ... WARNING
Found the following significant warnings:
Warning: Package 'MEALData' is deprecated and will be removed from Bioconductor
See ‘/home/biocbuild/bbs-3.7-data-experiment/meat/MEALData.Rcheck/00install.out’ for details.
* checking installed package size ... NOTE
installed size is 535.2Mb
sub-directories of 1Mb or more:
data 535.1Mb
* checking package directory ... OK
* checking DESCRIPTION meta-information ... OK
* checking top-level files ... OK
* checking for left-over files ... OK
* checking index information ... OK
* checking package subdirectories ... OK
* checking R files for non-ASCII characters ... OK
* checking R files for syntax errors ... OK
* checking whether the package can be loaded ... OK
* checking whether the package can be loaded with stated dependencies ... OK
* checking whether the package can be unloaded cleanly ... OK
* checking whether the namespace can be loaded with stated dependencies ... OK
* checking whether the namespace can be unloaded cleanly ... OK
* checking dependencies in R code ... OK
* checking S3 generic/method consistency ... OK
* checking replacement functions ... OK
* checking foreign function calls ... OK
* checking R code for possible problems ... OK
* checking Rd files ... OK
* checking Rd metadata ... OK
* checking Rd cross-references ... OK
* checking for missing documentation entries ... OK
* checking for code/documentation mismatches ... OK
* checking Rd \usage sections ... OK
* checking Rd contents ... OK
* checking for unstated dependencies in examples ... OK
* checking contents of ‘data’ directory ... OK
* checking data for non-ASCII characters ... NOTE
Error in .requirePackage(package) :
unable to find required package 'MultiDataSet'
Calls: <Anonymous> ... getClass -> getClassDef -> .classEnv -> .requirePackage
Execution halted
* checking data for ASCII and uncompressed saves ... OK
* checking examples ... NONE
* checking PDF version of manual ... OK
* DONE
Status: 1 WARNING, 2 NOTEs
See
‘/home/biocbuild/bbs-3.7-data-experiment/meat/MEALData.Rcheck/00check.log’
for details.
MEALData.Rcheck/00install.out
############################################################################## ############################################################################## ### ### Running command: ### ### /home/biocbuild/bbs-3.7-bioc/R/bin/R CMD INSTALL MEALData ### ############################################################################## ############################################################################## * installing to library ‘/home/biocbuild/bbs-3.7-bioc/R/library’ * installing *source* package ‘MEALData’ ... ** R ** data *** moving datasets to lazyload DB ** byte-compile and prepare package for lazy loading ** help *** installing help indices ** building package indices ** testing if installed package can be loaded Warning: Package 'MEALData' is deprecated and will be removed from Bioconductor version 3.7 * DONE (MEALData)