| Back to Multiple platform build/check report for BioC 3.7 |
|
This page was generated on 2018-10-17 08:39:35 -0400 (Wed, 17 Oct 2018).
| Package 1495/1561 | Hostname | OS / Arch | INSTALL | BUILD | CHECK | BUILD BIN | ||||||
| tracktables 1.14.0 Tom Carroll
| malbec2 | Linux (Ubuntu 16.04.1 LTS) / x86_64 | OK | OK | WARNINGS | |||||||
| tokay2 | Windows Server 2012 R2 Standard / x64 | ERROR | OK | [ ERROR ] | ERROR | |||||||
| merida2 | OS X 10.11.6 El Capitan / x86_64 | OK | OK | WARNINGS | OK |
| Package: tracktables |
| Version: 1.14.0 |
| Command: C:\Users\biocbuild\bbs-3.7-bioc\R\bin\R.exe CMD check --force-multiarch --install=check:tracktables.install-out.txt --library=C:\Users\biocbuild\bbs-3.7-bioc\R\library --no-vignettes --timings tracktables_1.14.0.tar.gz |
| StartedAt: 2018-10-17 05:14:26 -0400 (Wed, 17 Oct 2018) |
| EndedAt: 2018-10-17 05:14:33 -0400 (Wed, 17 Oct 2018) |
| EllapsedTime: 6.8 seconds |
| RetCode: 1 |
| Status: ERROR |
| CheckDir: tracktables.Rcheck |
| Warnings: NA |
############################################################################## ############################################################################## ### ### Running command: ### ### C:\Users\biocbuild\bbs-3.7-bioc\R\bin\R.exe CMD check --force-multiarch --install=check:tracktables.install-out.txt --library=C:\Users\biocbuild\bbs-3.7-bioc\R\library --no-vignettes --timings tracktables_1.14.0.tar.gz ### ############################################################################## ############################################################################## * using log directory 'C:/Users/biocbuild/bbs-3.7-bioc/meat/tracktables.Rcheck' * using R version 3.5.1 Patched (2018-07-24 r75005) * using platform: x86_64-w64-mingw32 (64-bit) * using session charset: ISO8859-1 * using option '--no-vignettes' * checking for file 'tracktables/DESCRIPTION' ... OK * checking extension type ... Package * this is package 'tracktables' version '1.14.0' * checking package namespace information ... OK * checking package dependencies ... OK * checking if this is a source package ... OK * checking if there is a namespace ... OK * checking for hidden files and directories ... OK * checking for portable file names ... OK * checking whether package 'tracktables' can be installed ... ERROR Installation failed. See 'C:/Users/biocbuild/bbs-3.7-bioc/meat/tracktables.Rcheck/00install.out' for details. * DONE Status: 1 ERROR See 'C:/Users/biocbuild/bbs-3.7-bioc/meat/tracktables.Rcheck/00check.log' for details.
tracktables.Rcheck/00install.out
##############################################################################
##############################################################################
###
### Running command:
###
### C:\cygwin\bin\curl.exe -O https://malbec2.bioconductor.org/BBS/3.7/bioc/src/contrib/tracktables_1.14.0.tar.gz && rm -rf tracktables.buildbin-libdir && mkdir tracktables.buildbin-libdir && C:\Users\biocbuild\bbs-3.7-bioc\R\bin\R.exe CMD INSTALL --merge-multiarch --build --library=tracktables.buildbin-libdir tracktables_1.14.0.tar.gz && C:\Users\biocbuild\bbs-3.7-bioc\R\bin\R.exe CMD INSTALL tracktables_1.14.0.zip && rm tracktables_1.14.0.tar.gz tracktables_1.14.0.zip
###
##############################################################################
##############################################################################
% Total % Received % Xferd Average Speed Time Time Time Current
Dload Upload Total Spent Left Speed
0 0 0 0 0 0 0 0 --:--:-- --:--:-- --:--:-- 0
100 186k 100 186k 0 0 2865k 0 --:--:-- --:--:-- --:--:-- 3264k
install for i386
* installing *source* package 'tracktables' ...
** R
** data
** inst
** byte-compile and prepare package for lazy loading
Error in library.dynam(lib, package, package.lib) :
DLL 'ore' not found: maybe not installed for this architecture?
ERROR: lazy loading failed for package 'tracktables'
* removing 'C:/Users/biocbuild/bbs-3.7-bioc/meat/tracktables.buildbin-libdir/tracktables'
In R CMD INSTALL
In R CMD INSTALL