| Back to Multiple platform build/check report for BioC 3.7 |
|
This page was generated on 2018-10-17 08:36:44 -0400 (Wed, 17 Oct 2018).
| Package 1106/1561 | Hostname | OS / Arch | INSTALL | BUILD | CHECK | BUILD BIN | ||||||
| plrs 1.20.0 Gwenael G.R. Leday to
| malbec2 | Linux (Ubuntu 16.04.1 LTS) / x86_64 | OK | OK | OK | |||||||
| tokay2 | Windows Server 2012 R2 Standard / x64 | OK | OK | [ WARNINGS ] | OK | |||||||
| merida2 | OS X 10.11.6 El Capitan / x86_64 | OK | OK | OK | OK |
| Package: plrs |
| Version: 1.20.0 |
| Command: C:\Users\biocbuild\bbs-3.7-bioc\R\bin\R.exe CMD check --force-multiarch --install=check:plrs.install-out.txt --library=C:\Users\biocbuild\bbs-3.7-bioc\R\library --no-vignettes --timings plrs_1.20.0.tar.gz |
| StartedAt: 2018-10-17 04:01:11 -0400 (Wed, 17 Oct 2018) |
| EndedAt: 2018-10-17 04:02:54 -0400 (Wed, 17 Oct 2018) |
| EllapsedTime: 102.5 seconds |
| RetCode: 0 |
| Status: WARNINGS |
| CheckDir: plrs.Rcheck |
| Warnings: 1 |
##############################################################################
##############################################################################
###
### Running command:
###
### C:\Users\biocbuild\bbs-3.7-bioc\R\bin\R.exe CMD check --force-multiarch --install=check:plrs.install-out.txt --library=C:\Users\biocbuild\bbs-3.7-bioc\R\library --no-vignettes --timings plrs_1.20.0.tar.gz
###
##############################################################################
##############################################################################
* using log directory 'C:/Users/biocbuild/bbs-3.7-bioc/meat/plrs.Rcheck'
* using R version 3.5.1 Patched (2018-07-24 r75005)
* using platform: x86_64-w64-mingw32 (64-bit)
* using session charset: ISO8859-1
* using option '--no-vignettes'
* checking for file 'plrs/DESCRIPTION' ... OK
* checking extension type ... Package
* this is package 'plrs' version '1.20.0'
* checking package namespace information ... OK
* checking package dependencies ... OK
* checking if this is a source package ... OK
* checking if there is a namespace ... OK
* checking for hidden files and directories ... OK
* checking for portable file names ... OK
* checking whether package 'plrs' can be installed ... WARNING
Found the following significant warnings:
Rd warning: C:/Users/biocbuild/bbs-3.7-bioc/tmpdir/RtmpwpvLG3/R.INSTALL1f0479927864/plrs/man/neveCN17.Rd:15: file link 'cghCall' in package 'CGHbase' does not exist and so has been treated as a topic
Rd warning: C:/Users/biocbuild/bbs-3.7-bioc/tmpdir/RtmpwpvLG3/R.INSTALL1f0479927864/plrs/man/neveGE17.Rd:15: file link 'ExpressionSet' in package 'Biobase' does not exist and so has been treated as a topic
Rd warning: C:/Users/biocbuild/bbs-3.7-bioc/tmpdir/RtmpwpvLG3/R.INSTALL1f0479927864/plrs/man/plrs.series.Rd:32: file link 'ExpressionSet' in package 'Biobase' does not exist and so has been treated as a topic
Rd warning: C:/Users/biocbuild/bbs-3.7-bioc/tmpdir/RtmpwpvLG3/R.INSTALL1f0479927864/plrs/man/plrs.series.Rd:33: file link 'cghSeg' in package 'CGHbase' does not exist and so has been treated as a topic
Rd warning: C:/Users/biocbuild/bbs-3.7-bioc/tmpdir/RtmpwpvLG3/R.INSTALL1f0479927864/plrs/man/plrs.series.Rd:33: file link 'cghCall' in package 'CGHbase' does not exist and so has been treated as a topic
Rd warning: C:/Users/biocbuild/bbs-3.7-bioc/tmpdir/RtmpwpvLG3/R.INSTALL1f0479927864/plrs/man/plrs.series.Rd:47: file link 'ExpressionSet' in package 'Biobase' does not exist and so has been treated as a topic
Rd warning: C:/Users/biocbuild/bbs-3.7-bioc/tmpdir/RtmpwpvLG3/R.INSTALL1f0479927864/plrs/man/plrs.series.Rd:48: file link 'cghSeg' in package 'CGHbase' does not exist and so has been treated as a topic
Rd warning: C:/Users/biocbuild/bbs-3.7-bioc/tmpdir/RtmpwpvLG3/R.INSTALL1f0479927864/plrs/man/plrs.series.Rd:48: file link 'cghCall' in package 'CGHbase' does not exist and so has been treated as a topic
Rd warning: C:/Users/biocbuild/bbs-3.7-bioc/tmpdir/RtmpwpvLG3/R.INSTALL1f0479927864/plrs/man/plrs.series.Rd:50: file link 'cghSeg' in package 'CGHbase' does not exist and so has been treated as a topic
See 'C:/Users/biocbuild/bbs-3.7-bioc/meat/plrs.Rcheck/00install.out' for details.
* checking installed package size ... OK
* checking package directory ... OK
* checking 'build' directory ... OK
* checking DESCRIPTION meta-information ... NOTE
Package listed in more than one of Depends, Imports, Suggests, Enhances:
'methods'
A package should be listed in only one of these fields.
* checking top-level files ... OK
* checking for left-over files ... OK
* checking index information ... OK
* checking package subdirectories ... OK
* checking R files for non-ASCII characters ... OK
* checking R files for syntax errors ... OK
* loading checks for arch 'i386'
** checking whether the package can be loaded ... OK
** checking whether the package can be loaded with stated dependencies ... OK
** checking whether the package can be unloaded cleanly ... OK
** checking whether the namespace can be loaded with stated dependencies ... OK
** checking whether the namespace can be unloaded cleanly ... OK
* loading checks for arch 'x64'
** checking whether the package can be loaded ... OK
** checking whether the package can be loaded with stated dependencies ... OK
** checking whether the package can be unloaded cleanly ... OK
** checking whether the namespace can be loaded with stated dependencies ... OK
** checking whether the namespace can be unloaded cleanly ... OK
* checking dependencies in R code ... NOTE
'library' or 'require' call to 'mvtnorm' in package code.
Please use :: or requireNamespace() instead.
See section 'Suggested packages' in the 'Writing R Extensions' manual.
':::' call which should be '::': 'CGHbase:::calls'
See the note in ?`:::` about the use of this operator.
* checking S3 generic/method consistency ... OK
* checking replacement functions ... OK
* checking foreign function calls ... OK
* checking R code for possible problems ... OK
* checking Rd files ... OK
* checking Rd metadata ... OK
* checking Rd cross-references ... OK
* checking for missing documentation entries ... OK
* checking for code/documentation mismatches ... OK
* checking Rd \usage sections ... OK
* checking Rd contents ... OK
* checking for unstated dependencies in examples ... OK
* checking contents of 'data' directory ... OK
* checking data for non-ASCII characters ... OK
* checking data for ASCII and uncompressed saves ... OK
* checking files in 'vignettes' ... OK
* checking examples ...
** running examples for arch 'i386' ... OK
Examples with CPU or elapsed time > 5s
user system elapsed
plrs.series 8.06 0.04 8.1
** running examples for arch 'x64' ... OK
Examples with CPU or elapsed time > 5s
user system elapsed
plrs.series 8.81 0.01 8.83
* checking for unstated dependencies in vignettes ... OK
* checking package vignettes in 'inst/doc' ... OK
* checking running R code from vignettes ... SKIPPED
* checking re-building of vignette outputs ... SKIPPED
* checking PDF version of manual ... OK
* DONE
Status: 1 WARNING, 2 NOTEs
See
'C:/Users/biocbuild/bbs-3.7-bioc/meat/plrs.Rcheck/00check.log'
for details.
plrs.Rcheck/00install.out
##############################################################################
##############################################################################
###
### Running command:
###
### C:\cygwin\bin\curl.exe -O https://malbec2.bioconductor.org/BBS/3.7/bioc/src/contrib/plrs_1.20.0.tar.gz && rm -rf plrs.buildbin-libdir && mkdir plrs.buildbin-libdir && C:\Users\biocbuild\bbs-3.7-bioc\R\bin\R.exe CMD INSTALL --merge-multiarch --build --library=plrs.buildbin-libdir plrs_1.20.0.tar.gz && C:\Users\biocbuild\bbs-3.7-bioc\R\bin\R.exe CMD INSTALL plrs_1.20.0.zip && rm plrs_1.20.0.tar.gz plrs_1.20.0.zip
###
##############################################################################
##############################################################################
% Total % Received % Xferd Average Speed Time Time Time Current
Dload Upload Total Spent Left Speed
0 0 0 0 0 0 0 0 --:--:-- --:--:-- --:--:-- 0
100 467k 100 467k 0 0 7831k 0 --:--:-- --:--:-- --:--:-- 8814k
install for i386
* installing *source* package 'plrs' ...
** R
** data
** byte-compile and prepare package for lazy loading
** help
*** installing help indices
converting help for package 'plrs'
finding HTML links ... done
criteria html
modify.conf html
neveCN17 html
Rd warning: C:/Users/biocbuild/bbs-3.7-bioc/tmpdir/RtmpwpvLG3/R.INSTALL1f0479927864/plrs/man/neveCN17.Rd:15: file link 'cghCall' in package 'CGHbase' does not exist and so has been treated as a topic
neveGE17 html
Rd warning: C:/Users/biocbuild/bbs-3.7-bioc/tmpdir/RtmpwpvLG3/R.INSTALL1f0479927864/plrs/man/neveGE17.Rd:15: file link 'ExpressionSet' in package 'Biobase' does not exist and so has been treated as a topic
plot-methods html
plrs-class html
plrs-package html
plrs html
plrs.cb html
plrs.select-class html
plrs.select html
plrs.series-class html
plrs.series html
Rd warning: C:/Users/biocbuild/bbs-3.7-bioc/tmpdir/RtmpwpvLG3/R.INSTALL1f0479927864/plrs/man/plrs.series.Rd:32: file link 'ExpressionSet' in package 'Biobase' does not exist and so has been treated as a topic
Rd warning: C:/Users/biocbuild/bbs-3.7-bioc/tmpdir/RtmpwpvLG3/R.INSTALL1f0479927864/plrs/man/plrs.series.Rd:33: file link 'cghSeg' in package 'CGHbase' does not exist and so has been treated as a topic
Rd warning: C:/Users/biocbuild/bbs-3.7-bioc/tmpdir/RtmpwpvLG3/R.INSTALL1f0479927864/plrs/man/plrs.series.Rd:33: file link 'cghCall' in package 'CGHbase' does not exist and so has been treated as a topic
Rd warning: C:/Users/biocbuild/bbs-3.7-bioc/tmpdir/RtmpwpvLG3/R.INSTALL1f0479927864/plrs/man/plrs.series.Rd:47: file link 'ExpressionSet' in package 'Biobase' does not exist and so has been treated as a topic
Rd warning: C:/Users/biocbuild/bbs-3.7-bioc/tmpdir/RtmpwpvLG3/R.INSTALL1f0479927864/plrs/man/plrs.series.Rd:48: file link 'cghSeg' in package 'CGHbase' does not exist and so has been treated as a topic
Rd warning: C:/Users/biocbuild/bbs-3.7-bioc/tmpdir/RtmpwpvLG3/R.INSTALL1f0479927864/plrs/man/plrs.series.Rd:48: file link 'cghCall' in package 'CGHbase' does not exist and so has been treated as a topic
Rd warning: C:/Users/biocbuild/bbs-3.7-bioc/tmpdir/RtmpwpvLG3/R.INSTALL1f0479927864/plrs/man/plrs.series.Rd:50: file link 'cghSeg' in package 'CGHbase' does not exist and so has been treated as a topic
plrs.sim html
plrs.test html
predict.plrs html
** building package indices
** installing vignettes
** testing if installed package can be loaded
In R CMD INSTALL
install for x64
* installing *source* package 'plrs' ...
** testing if installed package can be loaded
* MD5 sums
packaged installation of 'plrs' as plrs_1.20.0.zip
* DONE (plrs)
In R CMD INSTALL
In R CMD INSTALL
* installing to library 'C:/Users/biocbuild/bbs-3.7-bioc/R/library'
package 'plrs' successfully unpacked and MD5 sums checked
In R CMD INSTALL
|
plrs.Rcheck/examples_i386/plrs-Ex.timings
|
plrs.Rcheck/examples_x64/plrs-Ex.timings
|