| Back to Multiple platform build/check report for BioC 3.7 |
|
This page was generated on 2018-10-17 08:34:05 -0400 (Wed, 17 Oct 2018).
| Package 492/1561 | Hostname | OS / Arch | INSTALL | BUILD | CHECK | BUILD BIN | ||||||
| flagme 1.36.0 Mark Robinson
| malbec2 | Linux (Ubuntu 16.04.1 LTS) / x86_64 | OK | OK | WARNINGS | |||||||
| tokay2 | Windows Server 2012 R2 Standard / x64 | OK | OK | [ WARNINGS ] | OK | |||||||
| merida2 | OS X 10.11.6 El Capitan / x86_64 | OK | OK | WARNINGS | OK |
| Package: flagme |
| Version: 1.36.0 |
| Command: C:\Users\biocbuild\bbs-3.7-bioc\R\bin\R.exe CMD check --force-multiarch --install=check:flagme.install-out.txt --library=C:\Users\biocbuild\bbs-3.7-bioc\R\library --no-vignettes --timings flagme_1.36.0.tar.gz |
| StartedAt: 2018-10-17 01:58:59 -0400 (Wed, 17 Oct 2018) |
| EndedAt: 2018-10-17 02:15:38 -0400 (Wed, 17 Oct 2018) |
| EllapsedTime: 999.0 seconds |
| RetCode: 0 |
| Status: WARNINGS |
| CheckDir: flagme.Rcheck |
| Warnings: 2 |
##############################################################################
##############################################################################
###
### Running command:
###
### C:\Users\biocbuild\bbs-3.7-bioc\R\bin\R.exe CMD check --force-multiarch --install=check:flagme.install-out.txt --library=C:\Users\biocbuild\bbs-3.7-bioc\R\library --no-vignettes --timings flagme_1.36.0.tar.gz
###
##############################################################################
##############################################################################
* using log directory 'C:/Users/biocbuild/bbs-3.7-bioc/meat/flagme.Rcheck'
* using R version 3.5.1 Patched (2018-07-24 r75005)
* using platform: x86_64-w64-mingw32 (64-bit)
* using session charset: ISO8859-1
* using option '--no-vignettes'
* checking for file 'flagme/DESCRIPTION' ... OK
* this is package 'flagme' version '1.36.0'
* checking package namespace information ... NOTE
Namespace with empty importFrom: 'gcspikelite'
* checking package dependencies ... OK
* checking if this is a source package ... OK
* checking if there is a namespace ... OK
* checking for hidden files and directories ... OK
* checking for portable file names ... OK
* checking whether package 'flagme' can be installed ... OK
* checking installed package size ... OK
* checking package directory ... OK
* checking 'build' directory ... OK
* checking DESCRIPTION meta-information ... NOTE
Malformed Description field: should contain one or more complete sentences.
* checking top-level files ... OK
* checking for left-over files ... OK
* checking index information ... OK
* checking package subdirectories ... OK
* checking R files for non-ASCII characters ... OK
* checking R files for syntax errors ... OK
* loading checks for arch 'i386'
** checking whether the package can be loaded ... OK
** checking whether the package can be loaded with stated dependencies ... OK
** checking whether the package can be unloaded cleanly ... OK
** checking whether the namespace can be loaded with stated dependencies ... OK
** checking whether the namespace can be unloaded cleanly ... OK
* loading checks for arch 'x64'
** checking whether the package can be loaded ... OK
** checking whether the package can be loaded with stated dependencies ... OK
** checking whether the package can be unloaded cleanly ... OK
** checking whether the namespace can be loaded with stated dependencies ... OK
** checking whether the namespace can be unloaded cleanly ... OK
* checking dependencies in R code ... OK
* checking S3 generic/method consistency ... OK
* checking replacement functions ... OK
* checking foreign function calls ... OK
* checking R code for possible problems ... OK
* checking Rd files ... WARNING
plotMultipleSpectra.Rd: non-ASCII input and no declared encoding
problem found in 'plotMultipleSpectra.Rd'
* checking Rd metadata ... OK
* checking Rd cross-references ... OK
* checking for missing documentation entries ... WARNING
Undocumented S4 methods:
generic 'show' and siglist 'betweenAlignment'
All user-level objects in a package (including S4 classes and methods)
should have documentation entries.
See chapter 'Writing R documentation files' in the 'Writing R
Extensions' manual.
* checking for code/documentation mismatches ... OK
* checking Rd \usage sections ... OK
* checking Rd contents ... OK
* checking for unstated dependencies in examples ... OK
* checking line endings in C/C++/Fortran sources/headers ... OK
* checking compiled code ... NOTE
Note: information on .o files for i386 is not available
Note: information on .o files for x64 is not available
File 'C:/Users/biocbuild/bbs-3.7-bioc/R/library/flagme/libs/i386/flagme.dll':
Found 'abort', possibly from 'abort' (C), 'runtime' (Fortran)
Compiled code should not call entry points which might terminate R nor
write to stdout/stderr instead of to the console, nor use Fortran I/O
nor system RNGs. The detected symbols are linked into the code but
might come from libraries and not actually be called.
See 'Writing portable packages' in the 'Writing R Extensions' manual.
* checking installed files from 'inst/doc' ... OK
* checking files in 'vignettes' ... OK
* checking examples ...
** running examples for arch 'i386' ... OK
Examples with CPU or elapsed time > 5s
user system elapsed
plotMultipleSpectra 46.10 0.78 46.87
plotSpectra 38.62 0.71 39.33
dynRT 37.58 0.96 38.54
ndpRT 33.91 0.66 34.56
corPrt 33.01 0.64 33.65
peaksAlignment 32.42 0.58 33.00
retFatMatrix 17.33 0.17 17.50
imputePeaks 10.25 0.07 10.33
addXCMSPeaks 9.03 0.16 9.21
plot 8.35 0.10 8.43
gatherInfo 7.79 0.18 7.97
calcTimeDiffs 7.25 0.15 7.40
compress 7.00 0.06 7.07
dp 6.63 0.15 6.77
addAMDISPeaks 6.54 0.19 6.74
progressiveAlignment 6.67 0.03 6.70
multipleAlignment 6.50 0.08 6.58
rmaFitUnit 6.13 0.06 6.19
clusterAlignment 5.61 0.11 5.72
peaksDataset 5.05 0.09 5.15
normDotProduct 5.05 0.03 5.08
** running examples for arch 'x64' ... OK
Examples with CPU or elapsed time > 5s
user system elapsed
plotMultipleSpectra 57.64 1.00 58.69
ndpRT 43.38 0.68 44.04
peaksAlignment 41.06 0.80 41.87
plotSpectra 36.47 0.54 37.01
dynRT 34.91 0.45 35.36
corPrt 34.57 0.47 35.05
retFatMatrix 22.43 0.23 22.68
rmaFitUnit 10.13 0.17 10.29
imputePeaks 10.15 0.08 10.24
addXCMSPeaks 9.32 0.22 9.53
plot 9.37 0.12 9.50
multipleAlignment 8.39 0.07 8.47
progressiveAlignment 8.33 0.10 8.42
clusterAlignment 8.24 0.08 8.31
normDotProduct 8.22 0.09 8.32
calcTimeDiffs 7.65 0.07 7.74
gatherInfo 7.55 0.05 7.59
compress 7.44 0.05 7.48
peaksDataset 6.44 0.09 6.53
dp 6.14 0.11 6.25
addAMDISPeaks 5.17 0.11 5.28
* checking for unstated dependencies in vignettes ... OK
* checking package vignettes in 'inst/doc' ... OK
* checking running R code from vignettes ... SKIPPED
* checking re-building of vignette outputs ... SKIPPED
* checking PDF version of manual ... OK
* DONE
Status: 2 WARNINGs, 3 NOTEs
See
'C:/Users/biocbuild/bbs-3.7-bioc/meat/flagme.Rcheck/00check.log'
for details.
flagme.Rcheck/00install.out
##############################################################################
##############################################################################
###
### Running command:
###
### C:\cygwin\bin\curl.exe -O https://malbec2.bioconductor.org/BBS/3.7/bioc/src/contrib/flagme_1.36.0.tar.gz && rm -rf flagme.buildbin-libdir && mkdir flagme.buildbin-libdir && C:\Users\biocbuild\bbs-3.7-bioc\R\bin\R.exe CMD INSTALL --merge-multiarch --build --library=flagme.buildbin-libdir flagme_1.36.0.tar.gz && C:\Users\biocbuild\bbs-3.7-bioc\R\bin\R.exe CMD INSTALL flagme_1.36.0.zip && rm flagme_1.36.0.tar.gz flagme_1.36.0.zip
###
##############################################################################
##############################################################################
% Total % Received % Xferd Average Speed Time Time Time Current
Dload Upload Total Spent Left Speed
0 0 0 0 0 0 0 0 --:--:-- --:--:-- --:--:-- 0
100 402k 100 402k 0 0 5903k 0 --:--:-- --:--:-- --:--:-- 6597k
install for i386
* installing *source* package 'flagme' ...
** libs
C:/Rtools/mingw_32/bin/gcc -I"C:/Users/BIOCBU˜1/BBS-3˜1.7-B/R/include" -DNDEBUG -I"C:/extsoft/include" -O3 -Wall -std=gnu99 -mtune=generic -c dp.c -o dp.o
dp.c: In function 'dp':
dp.c:218:21: warning: 'cur_min' may be used uninitialized in this function [-Wmaybe-uninitialized]
double gap=*gap_, cur_min, a, b, c;
^
dp.c:217:30: warning: 'tb' may be used uninitialized in this function [-Wmaybe-uninitialized]
int i,j, nr=*nr_, nc=*nc_, tb, count=0, done=0;
^
C:/Rtools/mingw_32/bin/gcc -I"C:/Users/BIOCBU˜1/BBS-3˜1.7-B/R/include" -DNDEBUG -I"C:/extsoft/include" -O3 -Wall -std=gnu99 -mtune=generic -c init.c -o init.o
C:/Rtools/mingw_32/bin/gcc -I"C:/Users/BIOCBU˜1/BBS-3˜1.7-B/R/include" -DNDEBUG -I"C:/extsoft/include" -O3 -Wall -std=gnu99 -mtune=generic -c pearson.c -o pearson.o
C:/Rtools/mingw_32/bin/gcc -shared -s -static-libgcc -o flagme.dll tmp.def dp.o init.o pearson.o -LC:/extsoft/lib/i386 -LC:/extsoft/lib -LC:/Users/BIOCBU˜1/BBS-3˜1.7-B/R/bin/i386 -lR
installing to C:/Users/biocbuild/bbs-3.7-bioc/meat/flagme.buildbin-libdir/flagme/libs/i386
** R
** inst
** byte-compile and prepare package for lazy loading
** help
*** installing help indices
converting help for package 'flagme'
finding HTML links ... done
addAMDISPeaks html
addChromaTOFPeaks html
addXCMSPeaks html
finding level-2 HTML links ... done
betweenAlignment html
calcTimeDiffs html
clusterAlignment html
compress html
corPrt html
dp html
dynRT html
eitherMatrix html
exportSpectra html
gatherInfo html
imputePeaks html
multipleAlignment html
ndpRT html
normDotProduct html
parseChromaTOF html
parseELU html
peaksAlignment html
peaksDataset html
plot html
plotImage html
plotMultipleSpectra html
plotSpectra html
progressiveAlignment html
retFatMatrix html
rmaFitUnit html
** building package indices
** installing vignettes
'flagme.Rnw' using 'UTF-8'
** testing if installed package can be loaded
In R CMD INSTALL
install for x64
* installing *source* package 'flagme' ...
** libs
C:/Rtools/mingw_64/bin/gcc -I"C:/Users/BIOCBU˜1/BBS-3˜1.7-B/R/include" -DNDEBUG -I"C:/extsoft/include" -O2 -Wall -std=gnu99 -mtune=generic -c dp.c -o dp.o
dp.c: In function 'dp':
dp.c:263:26: warning: 'cur_min' may be used uninitialized in this function [-Wmaybe-uninitialized]
D[(i+1)+(j+1)*(nr+1)] = cur_min;
^
dp.c:264:28: warning: 'tb' may be used uninitialized in this function [-Wmaybe-uninitialized]
phi[(i+1)+(j+1)*(nr+1)] = tb;
^
C:/Rtools/mingw_64/bin/gcc -I"C:/Users/BIOCBU˜1/BBS-3˜1.7-B/R/include" -DNDEBUG -I"C:/extsoft/include" -O2 -Wall -std=gnu99 -mtune=generic -c init.c -o init.o
C:/Rtools/mingw_64/bin/gcc -I"C:/Users/BIOCBU˜1/BBS-3˜1.7-B/R/include" -DNDEBUG -I"C:/extsoft/include" -O2 -Wall -std=gnu99 -mtune=generic -c pearson.c -o pearson.o
C:/Rtools/mingw_64/bin/gcc -shared -s -static-libgcc -o flagme.dll tmp.def dp.o init.o pearson.o -LC:/extsoft/lib/x64 -LC:/extsoft/lib -LC:/Users/BIOCBU˜1/BBS-3˜1.7-B/R/bin/x64 -lR
installing to C:/Users/biocbuild/bbs-3.7-bioc/meat/flagme.buildbin-libdir/flagme/libs/x64
** testing if installed package can be loaded
* MD5 sums
packaged installation of 'flagme' as flagme_1.36.0.zip
* DONE (flagme)
In R CMD INSTALL
In R CMD INSTALL
* installing to library 'C:/Users/biocbuild/bbs-3.7-bioc/R/library'
package 'flagme' successfully unpacked and MD5 sums checked
In R CMD INSTALL
|
flagme.Rcheck/examples_i386/flagme-Ex.timings
|
flagme.Rcheck/examples_x64/flagme-Ex.timings
|