| Back to Multiple platform build/check report for BioC 3.7 |
|
This page was generated on 2018-10-17 08:44:16 -0400 (Wed, 17 Oct 2018).
| Package 456/1561 | Hostname | OS / Arch | INSTALL | BUILD | CHECK | BUILD BIN | ||||||
| epivizrChart 1.2.0 Hector Corrada Bravo
| malbec2 | Linux (Ubuntu 16.04.1 LTS) / x86_64 | OK | OK | WARNINGS | |||||||
| tokay2 | Windows Server 2012 R2 Standard / x64 | OK | OK | [ WARNINGS ] | OK | |||||||
| merida2 | OS X 10.11.6 El Capitan / x86_64 | OK | OK | WARNINGS | OK |
| Package: epivizrChart |
| Version: 1.2.0 |
| Command: C:\Users\biocbuild\bbs-3.7-bioc\R\bin\R.exe CMD check --force-multiarch --install=check:epivizrChart.install-out.txt --library=C:\Users\biocbuild\bbs-3.7-bioc\R\library --no-vignettes --timings epivizrChart_1.2.0.tar.gz |
| StartedAt: 2018-10-17 01:51:09 -0400 (Wed, 17 Oct 2018) |
| EndedAt: 2018-10-17 01:56:37 -0400 (Wed, 17 Oct 2018) |
| EllapsedTime: 328.1 seconds |
| RetCode: 0 |
| Status: WARNINGS |
| CheckDir: epivizrChart.Rcheck |
| Warnings: 2 |
##############################################################################
##############################################################################
###
### Running command:
###
### C:\Users\biocbuild\bbs-3.7-bioc\R\bin\R.exe CMD check --force-multiarch --install=check:epivizrChart.install-out.txt --library=C:\Users\biocbuild\bbs-3.7-bioc\R\library --no-vignettes --timings epivizrChart_1.2.0.tar.gz
###
##############################################################################
##############################################################################
* using log directory 'C:/Users/biocbuild/bbs-3.7-bioc/meat/epivizrChart.Rcheck'
* using R version 3.5.1 Patched (2018-07-24 r75005)
* using platform: x86_64-w64-mingw32 (64-bit)
* using session charset: ISO8859-1
* using option '--no-vignettes'
* checking for file 'epivizrChart/DESCRIPTION' ... OK
* this is package 'epivizrChart' version '1.2.0'
* package encoding: UTF-8
* checking package namespace information ... OK
* checking package dependencies ... OK
* checking if this is a source package ... OK
* checking if there is a namespace ... OK
* checking for hidden files and directories ... OK
* checking for portable file names ... OK
* checking whether package 'epivizrChart' can be installed ... WARNING
Found the following significant warnings:
Rd warning: C:/Users/biocbuild/bbs-3.7-bioc/tmpdir/RtmpUhfTj1/R.INSTALL21fc4bf934e1/epivizrChart/man/EpivizChart-class.Rd:20: file link 'EpivizEnvironment' in package 'epivizrChart' does not exist and so has been treated as a topic
Rd warning: C:/Users/biocbuild/bbs-3.7-bioc/tmpdir/RtmpUhfTj1/R.INSTALL21fc4bf934e1/epivizrChart/man/EpivizEnvironment-class.Rd:14: file link 'EpivizViewComponent' in package 'epivizrChart' does not exist and so has been treated as a topic
Rd warning: C:/Users/biocbuild/bbs-3.7-bioc/tmpdir/RtmpUhfTj1/R.INSTALL21fc4bf934e1/epivizrChart/man/EpivizEnvironment-class.Rd:18: file link 'EpivizDataSource' in package 'epivizrChart' does not exist and so has been treated as a topic
Rd warning: C:/Users/biocbuild/bbs-3.7-bioc/tmpdir/RtmpUhfTj1/R.INSTALL21fc4bf934e1/epivizrChart/man/EpivizNavigation-class.Rd:18: file link 'EpivizEnvironment' in package 'epivizrChart' does not exist and so has been treated as a topic
Rd warning: C:/Users/biocbuild/bbs-3.7-bioc/tmpdir/RtmpUhfTj1/R.INSTALL21fc4bf934e1/epivizrChart/man/EpivizViewComponent-class.Rd:20: file link 'EpivizMeasurement' in package 'epivizrData' does not exist and so has been treated as a topic
Rd warning: C:/Users/biocbuild/bbs-3.7-bioc/tmpdir/RtmpUhfTj1/R.INSTALL21fc4bf934e1/epivizrChart/man/EpivizWebComponent-class.Rd:14: file link 'EpivizChartDataMgr' in package 'epivizrChart' does not exist and so has been treated as a topic
Rd warning: C:/Users/biocbuild/bbs-3.7-bioc/tmpdir/RtmpUhfTj1/R.INSTALL21fc4bf934e1/epivizrChart/man/epivizChart.Rd:12: file link 'EpivizData' in package 'epivizrData' does not exist and so has been treated as a topic
Rd warning: C:/Users/biocbuild/bbs-3.7-bioc/tmpdir/RtmpUhfTj1/R.INSTALL21fc4bf934e1/epivizrChart/man/epivizChart.Rd:14: file link 'EpivizMeasurement' in package 'epivizrData' does not exist and so has been treated as a topic
Rd warning: C:/Users/biocbuild/bbs-3.7-bioc/tmpdir/RtmpUhfTj1/R.INSTALL21fc4bf934e1/epivizrChart/man/epivizChart.Rd:18: file link 'EpivizEnvironment' in package 'epivizrChart' does not exist and so has been treated as a topic
Rd warning: C:/Users/biocbuild/bbs-3.7-bioc/tmpdir/RtmpUhfTj1/R.INSTALL21fc4bf934e1/epivizrChart/man/epivizChart.Rd:18: file link 'EpivizNavigation' in package 'epivizrChart' does not exist and so has been treated as a topic
Rd warning: C:/Users/biocbuild/bbs-3.7-bioc/tmpdir/RtmpUhfTj1/R.INSTALL21fc4bf934e1/epivizrChart/man/epivizEnv.Rd:5: file link 'EpivizEnvironment' in package 'epivizrChart' does not exist and so has been treated as a topic
Rd warning: C:/Users/biocbuild/bbs-3.7-bioc/tmpdir/RtmpUhfTj1/R.INSTALL21fc4bf934e1/epivizrChart/man/epivizEnv.Rd:25: file link 'EpivizEnvironment' in package 'epivizrChart' does not exist and so has been treated as a topic
Rd warning: C:/Users/biocbuild/bbs-3.7-bioc/tmpdir/RtmpUhfTj1/R.INSTALL21fc4bf934e1/epivizrChart/man/epivizEnv.Rd:19: file link 'EpivizWebComponent' in package 'epivizrChart' does not exist and so has been treated as a topic
Rd warning: C:/Users/biocbuild/bbs-3.7-bioc/tmpdir/RtmpUhfTj1/R.INSTALL21fc4bf934e1/epivizrChart/man/epivizEnv.Rd:22: file link 'EpivizEnvironment' in package 'epivizrChart' does not exist and so has been treated as a topic
Rd warning: C:/Users/biocbuild/bbs-3.7-bioc/tmpdir/RtmpUhfTj1/R.INSTALL21fc4bf934e1/epivizrChart/man/epivizNav.Rd:5: file link 'EpivizNavigation' in package 'epivizrChart' does not exist and so has been treated as a topic
Rd warning: C:/Users/biocbuild/bbs-3.7-bioc/tmpdir/RtmpUhfTj1/R.INSTALL21fc4bf934e1/epivizrChart/man/epivizNav.Rd:24: file link 'EpivizNavigation' in package 'epivizrChart' does not exist and so has been treated as a topic
Rd warning: C:/Users/biocbuild/bbs-3.7-bioc/tmpdir/RtmpUhfTj1/R.INSTALL21fc4bf934e1/epivizrChart/man/epivizNav.Rd:16: file link 'EpivizEnvironment' in package 'epivizrChart' does not exist and so has been treated as a topic
Rd warning: C:/Users/biocbuild/bbs-3.7-bioc/tmpdir/RtmpUhfTj1/R.INSTALL21fc4bf934e1/epivizrChart/man/epivizNav.Rd:16: file link 'EpivizNavigation' in package 'epivizrChart' does not exist and so has been treated as a topic
Rd warning: C:/Users/biocbuild/bbs-3.7-bioc/tmpdir/RtmpUhfTj1/R.INSTALL21fc4bf934e1/epivizrChart/man/epivizNav.Rd:21: file link 'EpivizNavigation' in package 'epivizrChart' does not exist and so has been treated as a topic
Rd warning: C:/Users/biocbuild/bbs-3.7-bioc/tmpdir/RtmpUhfTj1/R.INSTALL21fc4bf934e1/epivizrChart/man/tcga_colon_blocks.Rd:7: file link 'GRanges' in package 'GenomicRanges' does not exist and so has been treated as a topic
Rd warning: C:/Users/biocbuild/bbs-3.7-bioc/tmpdir/RtmpUhfTj1/R.INSTALL21fc4bf934e1/epivizrChart/man/tcga_colon_blocks.Rd:29: file link 'GRanges' in package 'GenomicRanges' does not exist and so has been treated as a topic
Rd warning: C:/Users/biocbuild/bbs-3.7-bioc/tmpdir/RtmpUhfTj1/R.INSTALL21fc4bf934e1/epivizrChart/man/tcga_colon_curves.Rd:7: file link 'GRanges' in package 'GenomicRanges' does not exist and so has been treated as a topic
Rd warning: C:/Users/biocbuild/bbs-3.7-bioc/tmpdir/RtmpUhfTj1/R.INSTALL21fc4bf934e1/epivizrChart/man/tcga_colon_curves.Rd:25: file link 'GRanges' in package 'GenomicRanges' does not exist and so has been treated as a topic
Rd warning: C:/Users/biocbuild/bbs-3.7-bioc/tmpdir/RtmpUhfTj1/R.INSTALL21fc4bf934e1/epivizrChart/man/tcga_colon_expression.Rd:23: file link 'RangedSummarizedExperiment' in package 'SummarizedExperiment' does not exist and so has been treated as a topic
Rd warning: C:/Users/biocbuild/bbs-3.7-bioc/tmpdir/RtmpUhfTj1/R.INSTALL21fc4bf934e1/epivizrChart/man/tcga_colon_expression.Rd:7: file link 'RangedSummarizedExperiment' in package 'SummarizedExperiment' does not exist and so has been treated as a topic
Rd warning: C:/Users/biocbuild/bbs-3.7-bioc/tmpdir/RtmpUhfTj1/R.INSTALL21fc4bf934e1/epivizrChart/man/tcga_colon_expression.Rd:20: file link 'RangedSummarizedExperiment' in package 'SummarizedExperiment' does not exist and so has been treated as a topic
See 'C:/Users/biocbuild/bbs-3.7-bioc/meat/epivizrChart.Rcheck/00install.out' for details.
* checking installed package size ... NOTE
installed size is 5.8Mb
sub-directories of 1Mb or more:
data 2.2Mb
www 2.9Mb
* checking package directory ... OK
* checking 'build' directory ... OK
* checking DESCRIPTION meta-information ... OK
* checking top-level files ... OK
* checking for left-over files ... OK
* checking index information ... OK
* checking package subdirectories ... OK
* checking R files for non-ASCII characters ... OK
* checking R files for syntax errors ... OK
* loading checks for arch 'i386'
** checking whether the package can be loaded ... OK
** checking whether the package can be loaded with stated dependencies ... OK
** checking whether the package can be unloaded cleanly ... OK
** checking whether the namespace can be loaded with stated dependencies ... OK
** checking whether the namespace can be unloaded cleanly ... OK
* loading checks for arch 'x64'
** checking whether the package can be loaded ... OK
** checking whether the package can be loaded with stated dependencies ... OK
** checking whether the package can be unloaded cleanly ... OK
** checking whether the namespace can be loaded with stated dependencies ... OK
** checking whether the namespace can be unloaded cleanly ... OK
* checking dependencies in R code ... NOTE
Namespace in Imports field not imported from: 'epivizrServer'
All declared Imports should be used.
* checking S3 generic/method consistency ... OK
* checking replacement functions ... OK
* checking foreign function calls ... OK
* checking R code for possible problems ... OK
* checking Rd files ... OK
* checking Rd metadata ... OK
* checking Rd cross-references ... OK
* checking for missing documentation entries ... OK
* checking for code/documentation mismatches ... WARNING
Codoc mismatches from documentation object 'epivizNav':
epivizNav
Code: function(chr = NULL, start = NULL, end = NULL, parent = NULL,
interactive = FALSE, ...)
Docs: function(chr = NULL, start = NULL, end = NULL, parent = NULL,
...)
Argument names in code not in docs:
interactive
Mismatches in argument names:
Position: 5 Code: interactive Docs: ...
Codoc mismatches from documentation object 'json_parser':
json_parser
Code: function(json_str, file, method = "C", unexpected.escape =
"error", simplify = TRUE)
Docs: function(json_str, file, method = "C", unexpected.escape =
"error")
Argument names in code not in docs:
simplify
Codoc mismatches from documentation object 'json_writer':
json_writer
Code: function(x, indent = 0, method = "C")
Docs: function(x, method = "C")
Argument names in code not in docs:
indent
Mismatches in argument names:
Position: 2 Code: indent Docs: method
* checking Rd \usage sections ... OK
* checking Rd contents ... OK
* checking for unstated dependencies in examples ... OK
* checking contents of 'data' directory ... OK
* checking data for non-ASCII characters ... NOTE
Failed with error: 'package 'DelayedArray' could not be loaded'
Error in .requirePackage(package) :
unable to find required package 'SummarizedExperiment'
Calls: <Anonymous> ... getClass -> getClassDef -> .classEnv -> .requirePackage
Execution halted
* checking data for ASCII and uncompressed saves ... OK
* checking files in 'vignettes' ... OK
* checking examples ...
** running examples for arch 'i386' ... OK
** running examples for arch 'x64' ... OK
* checking for unstated dependencies in 'tests' ... OK
* checking tests ...
** running tests for arch 'i386' ...
Running 'testthat.R'
OK
** running tests for arch 'x64' ...
Running 'testthat.R'
OK
* checking for unstated dependencies in vignettes ... OK
* checking package vignettes in 'inst/doc' ... OK
* checking running R code from vignettes ... SKIPPED
* checking re-building of vignette outputs ... SKIPPED
* checking PDF version of manual ... OK
* DONE
Status: 2 WARNINGs, 3 NOTEs
See
'C:/Users/biocbuild/bbs-3.7-bioc/meat/epivizrChart.Rcheck/00check.log'
for details.
epivizrChart.Rcheck/00install.out
##############################################################################
##############################################################################
###
### Running command:
###
### C:\cygwin\bin\curl.exe -O https://malbec2.bioconductor.org/BBS/3.7/bioc/src/contrib/epivizrChart_1.2.0.tar.gz && rm -rf epivizrChart.buildbin-libdir && mkdir epivizrChart.buildbin-libdir && C:\Users\biocbuild\bbs-3.7-bioc\R\bin\R.exe CMD INSTALL --merge-multiarch --build --library=epivizrChart.buildbin-libdir epivizrChart_1.2.0.tar.gz && C:\Users\biocbuild\bbs-3.7-bioc\R\bin\R.exe CMD INSTALL epivizrChart_1.2.0.zip && rm epivizrChart_1.2.0.tar.gz epivizrChart_1.2.0.zip
###
##############################################################################
##############################################################################
% Total % Received % Xferd Average Speed Time Time Time Current
Dload Upload Total Spent Left Speed
0 0 0 0 0 0 0 0 --:--:-- --:--:-- --:--:-- 0
100 1591k 100 1591k 0 0 23.2M 0 --:--:-- --:--:-- --:--:-- 25.9M
install for i386
* installing *source* package 'epivizrChart' ...
** R
** data
*** moving datasets to lazyload DB
** inst
** byte-compile and prepare package for lazy loading
** help
*** installing help indices
converting help for package 'epivizrChart'
finding HTML links ... done
EpivizBlocksTrack-class html
EpivizChart-class html
Rd warning: C:/Users/biocbuild/bbs-3.7-bioc/tmpdir/RtmpUhfTj1/R.INSTALL21fc4bf934e1/epivizrChart/man/EpivizChart-class.Rd:20: file link 'EpivizEnvironment' in package 'epivizrChart' does not exist and so has been treated as a topic
EpivizChartDataMgr-class html
EpivizDataSource-class html
EpivizEnvironment-class html
Rd warning: C:/Users/biocbuild/bbs-3.7-bioc/tmpdir/RtmpUhfTj1/R.INSTALL21fc4bf934e1/epivizrChart/man/EpivizEnvironment-class.Rd:14: file link 'EpivizViewComponent' in package 'epivizrChart' does not exist and so has been treated as a topic
Rd warning: C:/Users/biocbuild/bbs-3.7-bioc/tmpdir/RtmpUhfTj1/R.INSTALL21fc4bf934e1/epivizrChart/man/EpivizEnvironment-class.Rd:18: file link 'EpivizDataSource' in package 'epivizrChart' does not exist and so has been treated as a topic
EpivizGenesTrack-class html
EpivizHeatmapPlot-class html
EpivizLinePlot-class html
EpivizLineTrack-class html
EpivizNavigation-class html
Rd warning: C:/Users/biocbuild/bbs-3.7-bioc/tmpdir/RtmpUhfTj1/R.INSTALL21fc4bf934e1/epivizrChart/man/EpivizNavigation-class.Rd:18: file link 'EpivizEnvironment' in package 'epivizrChart' does not exist and so has been treated as a topic
EpivizScatterPlot-class html
EpivizStackedLinePlot-class html
EpivizStackedLineTrack-class html
EpivizViewComponent-class html
Rd warning: C:/Users/biocbuild/bbs-3.7-bioc/tmpdir/RtmpUhfTj1/R.INSTALL21fc4bf934e1/epivizrChart/man/EpivizViewComponent-class.Rd:20: file link 'EpivizMeasurement' in package 'epivizrData' does not exist and so has been treated as a topic
EpivizWebComponent-class html
Rd warning: C:/Users/biocbuild/bbs-3.7-bioc/tmpdir/RtmpUhfTj1/R.INSTALL21fc4bf934e1/epivizrChart/man/EpivizWebComponent-class.Rd:14: file link 'EpivizChartDataMgr' in package 'epivizrChart' does not exist and so has been treated as a topic
chart_default_settings_colors html
epivizChart html
Rd warning: C:/Users/biocbuild/bbs-3.7-bioc/tmpdir/RtmpUhfTj1/R.INSTALL21fc4bf934e1/epivizrChart/man/epivizChart.Rd:12: file link 'EpivizData' in package 'epivizrData' does not exist and so has been treated as a topic
Rd warning: C:/Users/biocbuild/bbs-3.7-bioc/tmpdir/RtmpUhfTj1/R.INSTALL21fc4bf934e1/epivizrChart/man/epivizChart.Rd:14: file link 'EpivizMeasurement' in package 'epivizrData' does not exist and so has been treated as a topic
Rd warning: C:/Users/biocbuild/bbs-3.7-bioc/tmpdir/RtmpUhfTj1/R.INSTALL21fc4bf934e1/epivizrChart/man/epivizChart.Rd:18: file link 'EpivizEnvironment' in package 'epivizrChart' does not exist and so has been treated as a topic
Rd warning: C:/Users/biocbuild/bbs-3.7-bioc/tmpdir/RtmpUhfTj1/R.INSTALL21fc4bf934e1/epivizrChart/man/epivizChart.Rd:18: file link 'EpivizNavigation' in package 'epivizrChart' does not exist and so has been treated as a topic
epivizEnv html
Rd warning: C:/Users/biocbuild/bbs-3.7-bioc/tmpdir/RtmpUhfTj1/R.INSTALL21fc4bf934e1/epivizrChart/man/epivizEnv.Rd:5: file link 'EpivizEnvironment' in package 'epivizrChart' does not exist and so has been treated as a topic
Rd warning: C:/Users/biocbuild/bbs-3.7-bioc/tmpdir/RtmpUhfTj1/R.INSTALL21fc4bf934e1/epivizrChart/man/epivizEnv.Rd:25: file link 'EpivizEnvironment' in package 'epivizrChart' does not exist and so has been treated as a topic
Rd warning: C:/Users/biocbuild/bbs-3.7-bioc/tmpdir/RtmpUhfTj1/R.INSTALL21fc4bf934e1/epivizrChart/man/epivizEnv.Rd:19: file link 'EpivizWebComponent' in package 'epivizrChart' does not exist and so has been treated as a topic
Rd warning: C:/Users/biocbuild/bbs-3.7-bioc/tmpdir/RtmpUhfTj1/R.INSTALL21fc4bf934e1/epivizrChart/man/epivizEnv.Rd:22: file link 'EpivizEnvironment' in package 'epivizrChart' does not exist and so has been treated as a topic
epivizNav html
Rd warning: C:/Users/biocbuild/bbs-3.7-bioc/tmpdir/RtmpUhfTj1/R.INSTALL21fc4bf934e1/epivizrChart/man/epivizNav.Rd:5: file link 'EpivizNavigation' in package 'epivizrChart' does not exist and so has been treated as a topic
Rd warning: C:/Users/biocbuild/bbs-3.7-bioc/tmpdir/RtmpUhfTj1/R.INSTALL21fc4bf934e1/epivizrChart/man/epivizNav.Rd:24: file link 'EpivizNavigation' in package 'epivizrChart' does not exist and so has been treated as a topic
Rd warning: C:/Users/biocbuild/bbs-3.7-bioc/tmpdir/RtmpUhfTj1/R.INSTALL21fc4bf934e1/epivizrChart/man/epivizNav.Rd:16: file link 'EpivizEnvironment' in package 'epivizrChart' does not exist and so has been treated as a topic
Rd warning: C:/Users/biocbuild/bbs-3.7-bioc/tmpdir/RtmpUhfTj1/R.INSTALL21fc4bf934e1/epivizrChart/man/epivizNav.Rd:16: file link 'EpivizNavigation' in package 'epivizrChart' does not exist and so has been treated as a topic
Rd warning: C:/Users/biocbuild/bbs-3.7-bioc/tmpdir/RtmpUhfTj1/R.INSTALL21fc4bf934e1/epivizrChart/man/epivizNav.Rd:21: file link 'EpivizNavigation' in package 'epivizrChart' does not exist and so has been treated as a topic
json_parser html
finding level-2 HTML links ... done
json_writer html
rand_id html
tcga_colon_blocks html
Rd warning: C:/Users/biocbuild/bbs-3.7-bioc/tmpdir/RtmpUhfTj1/R.INSTALL21fc4bf934e1/epivizrChart/man/tcga_colon_blocks.Rd:7: file link 'GRanges' in package 'GenomicRanges' does not exist and so has been treated as a topic
Rd warning: C:/Users/biocbuild/bbs-3.7-bioc/tmpdir/RtmpUhfTj1/R.INSTALL21fc4bf934e1/epivizrChart/man/tcga_colon_blocks.Rd:29: file link 'GRanges' in package 'GenomicRanges' does not exist and so has been treated as a topic
tcga_colon_curves html
Rd warning: C:/Users/biocbuild/bbs-3.7-bioc/tmpdir/RtmpUhfTj1/R.INSTALL21fc4bf934e1/epivizrChart/man/tcga_colon_curves.Rd:7: file link 'GRanges' in package 'GenomicRanges' does not exist and so has been treated as a topic
Rd warning: C:/Users/biocbuild/bbs-3.7-bioc/tmpdir/RtmpUhfTj1/R.INSTALL21fc4bf934e1/epivizrChart/man/tcga_colon_curves.Rd:25: file link 'GRanges' in package 'GenomicRanges' does not exist and so has been treated as a topic
tcga_colon_expression html
Rd warning: C:/Users/biocbuild/bbs-3.7-bioc/tmpdir/RtmpUhfTj1/R.INSTALL21fc4bf934e1/epivizrChart/man/tcga_colon_expression.Rd:23: file link 'RangedSummarizedExperiment' in package 'SummarizedExperiment' does not exist and so has been treated as a topic
Rd warning: C:/Users/biocbuild/bbs-3.7-bioc/tmpdir/RtmpUhfTj1/R.INSTALL21fc4bf934e1/epivizrChart/man/tcga_colon_expression.Rd:7: file link 'RangedSummarizedExperiment' in package 'SummarizedExperiment' does not exist and so has been treated as a topic
Rd warning: C:/Users/biocbuild/bbs-3.7-bioc/tmpdir/RtmpUhfTj1/R.INSTALL21fc4bf934e1/epivizrChart/man/tcga_colon_expression.Rd:20: file link 'RangedSummarizedExperiment' in package 'SummarizedExperiment' does not exist and so has been treated as a topic
** building package indices
** installing vignettes
** testing if installed package can be loaded
In R CMD INSTALL
install for x64
* installing *source* package 'epivizrChart' ...
** testing if installed package can be loaded
* MD5 sums
packaged installation of 'epivizrChart' as epivizrChart_1.2.0.zip
* DONE (epivizrChart)
In R CMD INSTALL
In R CMD INSTALL
* installing to library 'C:/Users/biocbuild/bbs-3.7-bioc/R/library'
package 'epivizrChart' successfully unpacked and MD5 sums checked
In R CMD INSTALL
|
epivizrChart.Rcheck/tests_i386/testthat.Rout
R version 3.5.1 Patched (2018-07-24 r75005) -- "Feather Spray"
Copyright (C) 2018 The R Foundation for Statistical Computing
Platform: i386-w64-mingw32/i386 (32-bit)
R is free software and comes with ABSOLUTELY NO WARRANTY.
You are welcome to redistribute it under certain conditions.
Type 'license()' or 'licence()' for distribution details.
R is a collaborative project with many contributors.
Type 'contributors()' for more information and
'citation()' on how to cite R or R packages in publications.
Type 'demo()' for some demos, 'help()' for on-line help, or
'help.start()' for an HTML browser interface to help.
Type 'q()' to quit R.
> library(testthat)
> library(epivizrChart)
>
> test_check("epivizrChart")
== testthat results ===========================================================
OK: 0 SKIPPED: 8 FAILED: 0
>
> proc.time()
user system elapsed
10.92 0.79 11.85
|
epivizrChart.Rcheck/tests_x64/testthat.Rout
R version 3.5.1 Patched (2018-07-24 r75005) -- "Feather Spray"
Copyright (C) 2018 The R Foundation for Statistical Computing
Platform: x86_64-w64-mingw32/x64 (64-bit)
R is free software and comes with ABSOLUTELY NO WARRANTY.
You are welcome to redistribute it under certain conditions.
Type 'license()' or 'licence()' for distribution details.
R is a collaborative project with many contributors.
Type 'contributors()' for more information and
'citation()' on how to cite R or R packages in publications.
Type 'demo()' for some demos, 'help()' for on-line help, or
'help.start()' for an HTML browser interface to help.
Type 'q()' to quit R.
> library(testthat)
> library(epivizrChart)
>
> test_check("epivizrChart")
== testthat results ===========================================================
OK: 0 SKIPPED: 8 FAILED: 0
>
> proc.time()
user system elapsed
11.21 0.56 11.93
|
|
epivizrChart.Rcheck/examples_i386/epivizrChart-Ex.timings
|
epivizrChart.Rcheck/examples_x64/epivizrChart-Ex.timings
|