| Back to Multiple platform build/check report for BioC 3.7 |
|
This page was generated on 2018-10-17 08:30:08 -0400 (Wed, 17 Oct 2018).
| Package 91/1561 | Hostname | OS / Arch | INSTALL | BUILD | CHECK | BUILD BIN | ||||||
| banocc 1.4.0 Emma Schwager
| malbec2 | Linux (Ubuntu 16.04.1 LTS) / x86_64 | OK | [ ERROR ] | skipped | |||||||
| tokay2 | Windows Server 2012 R2 Standard / x64 | OK | ERROR | skipped | skipped | |||||||
| merida2 | OS X 10.11.6 El Capitan / x86_64 | OK | OK | OK | OK |
| Package: banocc |
| Version: 1.4.0 |
| Command: /home/biocbuild/bbs-3.7-bioc/R/bin/R CMD build --keep-empty-dirs --no-resave-data banocc |
| StartedAt: 2018-10-15 21:36:07 -0400 (Mon, 15 Oct 2018) |
| EndedAt: 2018-10-15 21:36:40 -0400 (Mon, 15 Oct 2018) |
| EllapsedTime: 32.9 seconds |
| RetCode: 1 |
| Status: ERROR |
| PackageFile: None |
| PackageFileSize: NA |
##############################################################################
##############################################################################
###
### Running command:
###
### /home/biocbuild/bbs-3.7-bioc/R/bin/R CMD build --keep-empty-dirs --no-resave-data banocc
###
##############################################################################
##############################################################################
* checking for file ‘banocc/DESCRIPTION’ ... OK
* preparing ‘banocc’:
* checking DESCRIPTION meta-information ... OK
* installing the package to build vignettes
* creating vignettes ... ERROR
DIAGNOSTIC(S) FROM PARSER:
Warning: integer division implicitly rounds to integer. Found int division: (P * (P - 1)) / 2
Positive values rounded down, negative values rounded up or down in platform-dependent way.
Quitting from lines 137-141 (banocc-vignette.Rmd)
Error: processing vignette 'banocc-vignette.Rmd' failed with diagnostics:
Compilation ERROR, function(s)/method(s) not created! In file included from /home/biocbuild/bbs-3.7-bioc/R/library/BH/include/boost/config.hpp:39:0,
from /home/biocbuild/bbs-3.7-bioc/R/library/BH/include/boost/math/tools/config.hpp:13,
from /home/biocbuild/bbs-3.7-bioc/R/library/StanHeaders/include/stan/math/rev/core/var.hpp:7,
from /home/biocbuild/bbs-3.7-bioc/R/library/StanHeaders/include/stan/math/rev/core/gevv_vvv_vari.hpp:5,
from /home/biocbuild/bbs-3.7-bioc/R/library/StanHeaders/include/stan/math/rev/core.hpp:12,
from /home/biocbuild/bbs-3.7-bioc/R/library/StanHeaders/include/stan/math/rev/mat.hpp:4,
from /home/biocbuild/bbs-3.7-bioc/R/library/StanHeaders/include/stan/math.hpp:4,
from /home/biocbuild/bbs-3.7-bioc/R/library/StanHeaders/include/src/stan/model/model_header.hpp:4,
Execution halted