| Back to Multiple platform build/check report for BioC 3.7 |
|
This page was generated on 2018-10-17 08:42:38 -0400 (Wed, 17 Oct 2018).
| Package 1396/1561 | Hostname | OS / Arch | INSTALL | BUILD | CHECK | BUILD BIN | ||||||
| SNPediaR 1.6.0 David Montaner
| malbec2 | Linux (Ubuntu 16.04.1 LTS) / x86_64 | OK | OK | OK | |||||||
| tokay2 | Windows Server 2012 R2 Standard / x64 | OK | [ ERROR ] | skipped | skipped | |||||||
| merida2 | OS X 10.11.6 El Capitan / x86_64 | OK | OK | OK | OK |
| Package: SNPediaR |
| Version: 1.6.0 |
| Command: chmod a+r SNPediaR -R && C:\Users\biocbuild\bbs-3.7-bioc\R\bin\R.exe CMD build --keep-empty-dirs --no-resave-data SNPediaR |
| StartedAt: 2018-10-16 23:14:58 -0400 (Tue, 16 Oct 2018) |
| EndedAt: 2018-10-16 23:15:13 -0400 (Tue, 16 Oct 2018) |
| EllapsedTime: 14.1 seconds |
| RetCode: 1 |
| Status: ERROR |
| PackageFile: None |
| PackageFileSize: NA |
############################################################################## ############################################################################## ### ### Running command: ### ### chmod a+r SNPediaR -R && C:\Users\biocbuild\bbs-3.7-bioc\R\bin\R.exe CMD build --keep-empty-dirs --no-resave-data SNPediaR ### ############################################################################## ############################################################################## * checking for file 'SNPediaR/DESCRIPTION' ... OK * preparing 'SNPediaR': * checking DESCRIPTION meta-information ... OK * installing the package to build vignettes * creating vignettes ... ERROR Quitting from lines 50-53 (SNPediaR.Rmd) Error: processing vignette 'SNPediaR.Rmd' failed with diagnostics: Unknown SSL protocol error in connection to bots.snpedia.com:443 Execution halted