| Back to Multiple platform build/check report for BioC 3.7 |
|
This page was generated on 2018-10-17 08:43:13 -0400 (Wed, 17 Oct 2018).
| Package 653/1561 | Hostname | OS / Arch | INSTALL | BUILD | CHECK | BUILD BIN | ||||||
| GRridge 1.4.0 Mark A. van de Wiel
| malbec2 | Linux (Ubuntu 16.04.1 LTS) / x86_64 | OK | OK | WARNINGS | |||||||
| tokay2 | Windows Server 2012 R2 Standard / x64 | OK | OK | [ WARNINGS ] | OK | |||||||
| merida2 | OS X 10.11.6 El Capitan / x86_64 | OK | OK | WARNINGS | OK |
| Package: GRridge |
| Version: 1.4.0 |
| Command: C:\Users\biocbuild\bbs-3.7-bioc\R\bin\R.exe CMD check --force-multiarch --install=check:GRridge.install-out.txt --library=C:\Users\biocbuild\bbs-3.7-bioc\R\library --no-vignettes --timings GRridge_1.4.0.tar.gz |
| StartedAt: 2018-10-17 02:34:04 -0400 (Wed, 17 Oct 2018) |
| EndedAt: 2018-10-17 02:36:35 -0400 (Wed, 17 Oct 2018) |
| EllapsedTime: 151.2 seconds |
| RetCode: 0 |
| Status: WARNINGS |
| CheckDir: GRridge.Rcheck |
| Warnings: 1 |
##############################################################################
##############################################################################
###
### Running command:
###
### C:\Users\biocbuild\bbs-3.7-bioc\R\bin\R.exe CMD check --force-multiarch --install=check:GRridge.install-out.txt --library=C:\Users\biocbuild\bbs-3.7-bioc\R\library --no-vignettes --timings GRridge_1.4.0.tar.gz
###
##############################################################################
##############################################################################
* using log directory 'C:/Users/biocbuild/bbs-3.7-bioc/meat/GRridge.Rcheck'
* using R version 3.5.1 Patched (2018-07-24 r75005)
* using platform: x86_64-w64-mingw32 (64-bit)
* using session charset: ISO8859-1
* using option '--no-vignettes'
* checking for file 'GRridge/DESCRIPTION' ... OK
* checking extension type ... Package
* this is package 'GRridge' version '1.4.0'
* checking package namespace information ... OK
* checking package dependencies ... NOTE
Depends: includes the non-default packages:
'penalized' 'Iso' 'survival' 'graph' 'glmnet' 'mvtnorm'
Adding so many packages to the search path is excessive and importing
selectively is preferable.
* checking if this is a source package ... OK
* checking if there is a namespace ... OK
* checking for hidden files and directories ... OK
* checking for portable file names ... OK
* checking whether package 'GRridge' can be installed ... OK
* checking installed package size ... NOTE
installed size is 9.0Mb
sub-directories of 1Mb or more:
data 8.6Mb
* checking package directory ... OK
* checking 'build' directory ... OK
* checking DESCRIPTION meta-information ... OK
* checking top-level files ... OK
* checking for left-over files ... OK
* checking index information ... OK
* checking package subdirectories ... OK
* checking R files for non-ASCII characters ... OK
* checking R files for syntax errors ... OK
* loading checks for arch 'i386'
** checking whether the package can be loaded ... OK
** checking whether the package can be loaded with stated dependencies ... OK
** checking whether the package can be unloaded cleanly ... OK
** checking whether the namespace can be loaded with stated dependencies ... OK
** checking whether the namespace can be unloaded cleanly ... OK
* loading checks for arch 'x64'
** checking whether the package can be loaded ... OK
** checking whether the package can be loaded with stated dependencies ... OK
** checking whether the package can be unloaded cleanly ... OK
** checking whether the namespace can be loaded with stated dependencies ... OK
** checking whether the namespace can be unloaded cleanly ... OK
* checking dependencies in R code ... OK
* checking S3 generic/method consistency ... OK
* checking replacement functions ... OK
* checking foreign function calls ... OK
* checking R code for possible problems ... NOTE
.grridgeCVlin: no visible binding for global variable 'dataunpensam'
.grridgelin: no visible binding for global variable 'datapred'
predict.grridge: no visible binding for global variable 'samout'
Undefined global functions or variables:
datapred dataunpensam samout
* checking Rd files ... OK
* checking Rd metadata ... OK
* checking Rd cross-references ... OK
* checking for missing documentation entries ... OK
* checking for code/documentation mismatches ... OK
* checking Rd \usage sections ... OK
* checking Rd contents ... OK
* checking for unstated dependencies in examples ... OK
* checking contents of 'data' directory ... OK
* checking data for non-ASCII characters ... OK
* checking data for ASCII and uncompressed saves ... WARNING
Note: significantly better compression could be obtained
by using R CMD build --resave-data
old_size new_size compress
dataFarkas.rda 3.4Mb 2.5Mb bzip2
dataWurdinger.rda 2.0Mb 1.2Mb xz
* checking files in 'vignettes' ... OK
* checking examples ...
** running examples for arch 'i386' ... OK
** running examples for arch 'x64' ... OK
* checking for unstated dependencies in 'tests' ... OK
* checking tests ...
** running tests for arch 'i386' ...
Running 'testthat.R'
OK
** running tests for arch 'x64' ...
Running 'testthat.R'
OK
* checking for unstated dependencies in vignettes ... OK
* checking package vignettes in 'inst/doc' ... OK
* checking running R code from vignettes ... SKIPPED
* checking re-building of vignette outputs ... SKIPPED
* checking PDF version of manual ... OK
* DONE
Status: 1 WARNING, 3 NOTEs
See
'C:/Users/biocbuild/bbs-3.7-bioc/meat/GRridge.Rcheck/00check.log'
for details.
GRridge.Rcheck/00install.out
##############################################################################
##############################################################################
###
### Running command:
###
### C:\cygwin\bin\curl.exe -O https://malbec2.bioconductor.org/BBS/3.7/bioc/src/contrib/GRridge_1.4.0.tar.gz && rm -rf GRridge.buildbin-libdir && mkdir GRridge.buildbin-libdir && C:\Users\biocbuild\bbs-3.7-bioc\R\bin\R.exe CMD INSTALL --merge-multiarch --build --library=GRridge.buildbin-libdir GRridge_1.4.0.tar.gz && C:\Users\biocbuild\bbs-3.7-bioc\R\bin\R.exe CMD INSTALL GRridge_1.4.0.zip && rm GRridge_1.4.0.tar.gz GRridge_1.4.0.zip
###
##############################################################################
##############################################################################
% Total % Received % Xferd Average Speed Time Time Time Current
Dload Upload Total Spent Left Speed
0 0 0 0 0 0 0 0 --:--:-- --:--:-- --:--:-- 0
100 8784k 100 8784k 0 0 51.9M 0 --:--:-- --:--:-- --:--:-- 53.9M
install for i386
* installing *source* package 'GRridge' ...
** R
** data
** byte-compile and prepare package for lazy loading
** help
*** installing help indices
converting help for package 'GRridge'
finding HTML links ... done
CreatePartition html
GRridge-package html
PartitionsSelection html
auc html
dataFarkas html
dataVerlaat html
dataWurdinger html
grridge html
grridgeCV html
hello html
matchGeneSets html
mergeGroups html
predict.grridge html
roc html
** building package indices
** installing vignettes
** testing if installed package can be loaded
In R CMD INSTALL
install for x64
* installing *source* package 'GRridge' ...
** testing if installed package can be loaded
* MD5 sums
packaged installation of 'GRridge' as GRridge_1.4.0.zip
* DONE (GRridge)
In R CMD INSTALL
In R CMD INSTALL
* installing to library 'C:/Users/biocbuild/bbs-3.7-bioc/R/library'
package 'GRridge' successfully unpacked and MD5 sums checked
In R CMD INSTALL
|
GRridge.Rcheck/tests_i386/testthat.Rout
R version 3.5.1 Patched (2018-07-24 r75005) -- "Feather Spray"
Copyright (C) 2018 The R Foundation for Statistical Computing
Platform: i386-w64-mingw32/i386 (32-bit)
R is free software and comes with ABSOLUTELY NO WARRANTY.
You are welcome to redistribute it under certain conditions.
Type 'license()' or 'licence()' for distribution details.
R is a collaborative project with many contributors.
Type 'contributors()' for more information and
'citation()' on how to cite R or R packages in publications.
Type 'demo()' for some demos, 'help()' for on-line help, or
'help.start()' for an HTML browser interface to help.
Type 'q()' to quit R.
> library("testthat")
> library("GRridge")
Loading required package: penalized
Loading required package: survival
Welcome to penalized. For extended examples, see vignette("penalized").
Loading required package: Iso
Iso 0.0-17
Loading required package: graph
Loading required package: BiocGenerics
Loading required package: parallel
Attaching package: 'BiocGenerics'
The following objects are masked from 'package:parallel':
clusterApply, clusterApplyLB, clusterCall, clusterEvalQ,
clusterExport, clusterMap, parApply, parCapply, parLapply,
parLapplyLB, parRapply, parSapply, parSapplyLB
The following object is masked from 'package:penalized':
as.data.frame
The following objects are masked from 'package:stats':
IQR, mad, sd, var, xtabs
The following objects are masked from 'package:base':
Filter, Find, Map, Position, Reduce, anyDuplicated, append,
as.data.frame, basename, cbind, colMeans, colSums, colnames,
dirname, do.call, duplicated, eval, evalq, get, grep, grepl,
intersect, is.unsorted, lapply, lengths, mapply, match, mget,
order, paste, pmax, pmax.int, pmin, pmin.int, rank, rbind,
rowMeans, rowSums, rownames, sapply, setdiff, sort, table, tapply,
union, unique, unsplit, which, which.max, which.min
Loading required package: glmnet
Loading required package: Matrix
Loading required package: foreach
Loaded glmnet 2.0-16
Loading required package: mvtnorm
Attaching package: 'GRridge'
The following object is masked from 'package:glmnet':
auc
>
> testthat::test_check("GRridge")
[1] "Summary of group sizes:"
VarIn VarOut
50 50
== testthat results ===========================================================
OK: 1 SKIPPED: 0 FAILED: 0
>
> proc.time()
user system elapsed
2.03 0.06 2.07
|
GRridge.Rcheck/tests_x64/testthat.Rout
R version 3.5.1 Patched (2018-07-24 r75005) -- "Feather Spray"
Copyright (C) 2018 The R Foundation for Statistical Computing
Platform: x86_64-w64-mingw32/x64 (64-bit)
R is free software and comes with ABSOLUTELY NO WARRANTY.
You are welcome to redistribute it under certain conditions.
Type 'license()' or 'licence()' for distribution details.
R is a collaborative project with many contributors.
Type 'contributors()' for more information and
'citation()' on how to cite R or R packages in publications.
Type 'demo()' for some demos, 'help()' for on-line help, or
'help.start()' for an HTML browser interface to help.
Type 'q()' to quit R.
> library("testthat")
> library("GRridge")
Loading required package: penalized
Loading required package: survival
Welcome to penalized. For extended examples, see vignette("penalized").
Loading required package: Iso
Iso 0.0-17
Loading required package: graph
Loading required package: BiocGenerics
Loading required package: parallel
Attaching package: 'BiocGenerics'
The following objects are masked from 'package:parallel':
clusterApply, clusterApplyLB, clusterCall, clusterEvalQ,
clusterExport, clusterMap, parApply, parCapply, parLapply,
parLapplyLB, parRapply, parSapply, parSapplyLB
The following object is masked from 'package:penalized':
as.data.frame
The following objects are masked from 'package:stats':
IQR, mad, sd, var, xtabs
The following objects are masked from 'package:base':
Filter, Find, Map, Position, Reduce, anyDuplicated, append,
as.data.frame, basename, cbind, colMeans, colSums, colnames,
dirname, do.call, duplicated, eval, evalq, get, grep, grepl,
intersect, is.unsorted, lapply, lengths, mapply, match, mget,
order, paste, pmax, pmax.int, pmin, pmin.int, rank, rbind,
rowMeans, rowSums, rownames, sapply, setdiff, sort, table, tapply,
union, unique, unsplit, which, which.max, which.min
Loading required package: glmnet
Loading required package: Matrix
Loading required package: foreach
Loaded glmnet 2.0-16
Loading required package: mvtnorm
Attaching package: 'GRridge'
The following object is masked from 'package:glmnet':
auc
>
> testthat::test_check("GRridge")
[1] "Summary of group sizes:"
VarIn VarOut
50 50
== testthat results ===========================================================
OK: 1 SKIPPED: 0 FAILED: 0
>
> proc.time()
user system elapsed
2.00 0.23 2.21
|
|
GRridge.Rcheck/examples_i386/GRridge-Ex.timings
|
GRridge.Rcheck/examples_x64/GRridge-Ex.timings
|