| Back to Multiple platform build/check report for BioC 3.7 |
|
This page was generated on 2018-10-17 08:43:09 -0400 (Wed, 17 Oct 2018).
| Package 198/1561 | Hostname | OS / Arch | INSTALL | BUILD | CHECK | BUILD BIN | ||||||
| CCPROMISE 1.6.0 Xueyuan Cao
| malbec2 | Linux (Ubuntu 16.04.1 LTS) / x86_64 | OK | OK | WARNINGS | |||||||
| tokay2 | Windows Server 2012 R2 Standard / x64 | OK | OK | [ WARNINGS ] | OK | |||||||
| merida2 | OS X 10.11.6 El Capitan / x86_64 | OK | OK | WARNINGS | OK |
| Package: CCPROMISE |
| Version: 1.6.0 |
| Command: C:\Users\biocbuild\bbs-3.7-bioc\R\bin\R.exe CMD check --force-multiarch --install=check:CCPROMISE.install-out.txt --library=C:\Users\biocbuild\bbs-3.7-bioc\R\library --no-vignettes --timings CCPROMISE_1.6.0.tar.gz |
| StartedAt: 2018-10-17 00:57:35 -0400 (Wed, 17 Oct 2018) |
| EndedAt: 2018-10-17 01:01:20 -0400 (Wed, 17 Oct 2018) |
| EllapsedTime: 225.2 seconds |
| RetCode: 0 |
| Status: WARNINGS |
| CheckDir: CCPROMISE.Rcheck |
| Warnings: 1 |
##############################################################################
##############################################################################
###
### Running command:
###
### C:\Users\biocbuild\bbs-3.7-bioc\R\bin\R.exe CMD check --force-multiarch --install=check:CCPROMISE.install-out.txt --library=C:\Users\biocbuild\bbs-3.7-bioc\R\library --no-vignettes --timings CCPROMISE_1.6.0.tar.gz
###
##############################################################################
##############################################################################
* using log directory 'C:/Users/biocbuild/bbs-3.7-bioc/meat/CCPROMISE.Rcheck'
* using R version 3.5.1 Patched (2018-07-24 r75005)
* using platform: x86_64-w64-mingw32 (64-bit)
* using session charset: ISO8859-1
* using option '--no-vignettes'
* checking for file 'CCPROMISE/DESCRIPTION' ... OK
* checking extension type ... Package
* this is package 'CCPROMISE' version '1.6.0'
* checking package namespace information ... OK
* checking package dependencies ... OK
* checking if this is a source package ... OK
* checking if there is a namespace ... OK
* checking for hidden files and directories ... OK
* checking for portable file names ... OK
* checking whether package 'CCPROMISE' can be installed ... WARNING
Found the following significant warnings:
Note: break used in wrong context: no loop is visible
See 'C:/Users/biocbuild/bbs-3.7-bioc/meat/CCPROMISE.Rcheck/00install.out' for details.
Information on the location(s) of code generating the 'Note's can be
obtained by re-running with environment variable R_KEEP_PKG_SOURCE set
to 'yes'.
* checking installed package size ... OK
* checking package directory ... OK
* checking 'build' directory ... OK
* checking DESCRIPTION meta-information ... OK
* checking top-level files ... OK
* checking for left-over files ... OK
* checking index information ... OK
* checking package subdirectories ... OK
* checking R files for non-ASCII characters ... OK
* checking R files for syntax errors ... OK
* loading checks for arch 'i386'
** checking whether the package can be loaded ... OK
** checking whether the package can be loaded with stated dependencies ... OK
** checking whether the package can be unloaded cleanly ... OK
** checking whether the namespace can be loaded with stated dependencies ... OK
** checking whether the namespace can be unloaded cleanly ... OK
* loading checks for arch 'x64'
** checking whether the package can be loaded ... OK
** checking whether the package can be loaded with stated dependencies ... OK
** checking whether the package can be unloaded cleanly ... OK
** checking whether the namespace can be loaded with stated dependencies ... OK
** checking whether the namespace can be unloaded cleanly ... OK
* checking dependencies in R code ... OK
* checking S3 generic/method consistency ... OK
* checking replacement functions ... OK
* checking foreign function calls ... OK
* checking R code for possible problems ... OK
* checking Rd files ... OK
* checking Rd metadata ... OK
* checking Rd cross-references ... OK
* checking for missing documentation entries ... OK
* checking for code/documentation mismatches ... OK
* checking Rd \usage sections ... OK
* checking Rd contents ... OK
* checking for unstated dependencies in examples ... OK
* checking contents of 'data' directory ... OK
* checking data for non-ASCII characters ... OK
* checking data for ASCII and uncompressed saves ... OK
* checking files in 'vignettes' ... OK
* checking examples ...
** running examples for arch 'i386' ... OK
Examples with CPU or elapsed time > 5s
user system elapsed
CCPROMISE 16.10 0.01 16.11
CCPROMISE-package 15.00 0.04 15.05
CANN 13.14 0.09 13.25
PrbPROMISE 7.11 0.00 7.10
** running examples for arch 'x64' ... OK
Examples with CPU or elapsed time > 5s
user system elapsed
CCPROMISE-package 14.18 0.05 14.24
CANN 13.80 0.10 13.89
CCPROMISE 11.66 0.03 11.69
* checking for unstated dependencies in vignettes ... OK
* checking package vignettes in 'inst/doc' ... OK
* checking running R code from vignettes ... SKIPPED
* checking re-building of vignette outputs ... SKIPPED
* checking PDF version of manual ... OK
* DONE
Status: 1 WARNING
See
'C:/Users/biocbuild/bbs-3.7-bioc/meat/CCPROMISE.Rcheck/00check.log'
for details.
CCPROMISE.Rcheck/00install.out
##############################################################################
##############################################################################
###
### Running command:
###
### C:\cygwin\bin\curl.exe -O https://malbec2.bioconductor.org/BBS/3.7/bioc/src/contrib/CCPROMISE_1.6.0.tar.gz && rm -rf CCPROMISE.buildbin-libdir && mkdir CCPROMISE.buildbin-libdir && C:\Users\biocbuild\bbs-3.7-bioc\R\bin\R.exe CMD INSTALL --merge-multiarch --build --library=CCPROMISE.buildbin-libdir CCPROMISE_1.6.0.tar.gz && C:\Users\biocbuild\bbs-3.7-bioc\R\bin\R.exe CMD INSTALL CCPROMISE_1.6.0.zip && rm CCPROMISE_1.6.0.tar.gz CCPROMISE_1.6.0.zip
###
##############################################################################
##############################################################################
% Total % Received % Xferd Average Speed Time Time Time Current
Dload Upload Total Spent Left Speed
0 0 0 0 0 0 0 0 --:--:-- --:--:-- --:--:-- 0
100 975k 100 975k 0 0 13.8M 0 --:--:-- --:--:-- --:--:-- 15.3M
install for i386
* installing *source* package 'CCPROMISE' ...
** R
** data
** byte-compile and prepare package for lazy loading
Note: break used in wrong context: no loop is visible
Note: break used in wrong context: no loop is visible
Note: break used in wrong context: no loop is visible
Note: break used in wrong context: no loop is visible
** help
*** installing help indices
converting help for package 'CCPROMISE'
finding HTML links ... done
CANN html
CCPROMISE-package html
CCPROMISE html
PROMISE2 html
PrbCor html
PrbPROMISE html
exmplESet html
exmplGeneSet html
exmplMSet html
exmplPat html
** building package indices
** installing vignettes
** testing if installed package can be loaded
In R CMD INSTALL
install for x64
* installing *source* package 'CCPROMISE' ...
** testing if installed package can be loaded
* MD5 sums
packaged installation of 'CCPROMISE' as CCPROMISE_1.6.0.zip
* DONE (CCPROMISE)
In R CMD INSTALL
In R CMD INSTALL
* installing to library 'C:/Users/biocbuild/bbs-3.7-bioc/R/library'
package 'CCPROMISE' successfully unpacked and MD5 sums checked
In R CMD INSTALL
|
CCPROMISE.Rcheck/examples_i386/CCPROMISE-Ex.timings
|
CCPROMISE.Rcheck/examples_x64/CCPROMISE-Ex.timings
|