| Back to Multiple platform build/check report for BioC 3.7 |
|
This page was generated on 2018-10-17 08:45:49 -0400 (Wed, 17 Oct 2018).
| Package 131/1561 | Hostname | OS / Arch | INSTALL | BUILD | CHECK | BUILD BIN | ||||||
| BiocOncoTK 1.0.3 VJ Carey
| malbec2 | Linux (Ubuntu 16.04.1 LTS) / x86_64 | OK | OK | OK | |||||||
| tokay2 | Windows Server 2012 R2 Standard / x64 | OK | [ ERROR ] | skipped | skipped | |||||||
| merida2 | OS X 10.11.6 El Capitan / x86_64 | OK | OK | OK | OK |
| Package: BiocOncoTK |
| Version: 1.0.3 |
| Command: chmod a+r BiocOncoTK -R && C:\Users\biocbuild\bbs-3.7-bioc\R\bin\R.exe CMD build --keep-empty-dirs --no-resave-data BiocOncoTK |
| StartedAt: 2018-10-17 00:08:35 -0400 (Wed, 17 Oct 2018) |
| EndedAt: 2018-10-17 00:09:15 -0400 (Wed, 17 Oct 2018) |
| EllapsedTime: 40.2 seconds |
| RetCode: 1 |
| Status: ERROR |
| PackageFile: None |
| PackageFileSize: NA |
############################################################################## ############################################################################## ### ### Running command: ### ### chmod a+r BiocOncoTK -R && C:\Users\biocbuild\bbs-3.7-bioc\R\bin\R.exe CMD build --keep-empty-dirs --no-resave-data BiocOncoTK ### ############################################################################## ############################################################################## * checking for file 'BiocOncoTK/DESCRIPTION' ... OK * preparing 'BiocOncoTK': * checking DESCRIPTION meta-information ... OK * installing the package to build vignettes * creating vignettes ... ERROR Loading required package: ontologyIndex Invalid Parameter - /figure-html Warning in shell(paste(c(cmd, args), collapse = " ")) : 'convert "BiocOncoTK_files/figure-html/lkgbm-1.png" -trim "BiocOncoTK_files/figure-html/lkgbm-1.png"' execution failed with error code 4 Invalid Parameter - /figure-html Warning in shell(paste(c(cmd, args), collapse = " ")) : 'convert "BiocOncoTK_files/figure-html/dopogmock-1.png" -trim "BiocOncoTK_files/figure-html/dopogmock-1.png"' execution failed with error code 4 Quitting from lines 583-586 (BiocOncoTK.Rmd) Error: processing vignette 'BiocOncoTK.Rmd' failed with diagnostics: all 'rnames' not found or valid. Execution halted