| Back to Multiple platform build/check report for BioC 3.7 |
|
This page was generated on 2018-10-17 08:36:21 -0400 (Wed, 17 Oct 2018).
| Package 53/1561 | Hostname | OS / Arch | INSTALL | BUILD | CHECK | BUILD BIN | ||||||
| AnnotationForge 1.22.2 Bioconductor Package Maintainer
| malbec2 | Linux (Ubuntu 16.04.1 LTS) / x86_64 | OK | OK | OK | |||||||
| tokay2 | Windows Server 2012 R2 Standard / x64 | OK | [ ERROR ] | skipped | skipped | |||||||
| merida2 | OS X 10.11.6 El Capitan / x86_64 | OK | OK | OK | OK |
| Package: AnnotationForge |
| Version: 1.22.2 |
| Command: chmod a+r AnnotationForge -R && C:\Users\biocbuild\bbs-3.7-bioc\R\bin\R.exe CMD build --keep-empty-dirs --no-resave-data AnnotationForge |
| StartedAt: 2018-10-16 21:40:22 -0400 (Tue, 16 Oct 2018) |
| EndedAt: 2018-10-16 21:40:53 -0400 (Tue, 16 Oct 2018) |
| EllapsedTime: 31.4 seconds |
| RetCode: 1 |
| Status: ERROR |
| PackageFile: None |
| PackageFileSize: NA |
############################################################################## ############################################################################## ### ### Running command: ### ### chmod a+r AnnotationForge -R && C:\Users\biocbuild\bbs-3.7-bioc\R\bin\R.exe CMD build --keep-empty-dirs --no-resave-data AnnotationForge ### ############################################################################## ############################################################################## * checking for file 'AnnotationForge/DESCRIPTION' ... OK * preparing 'AnnotationForge': * checking DESCRIPTION meta-information ... OK * installing the package to build vignettes * creating vignettes ... ERROR Quitting from lines 196-202 (MakingNewAnnotationPackages.Rnw) Error: processing vignette 'MakingNewAnnotationPackages.Rnw' failed with diagnostics: cannot open the connection Execution halted