| Back to Multiple platform build/check report for BioC 3.6 |
|
This page was generated on 2018-04-12 13:07:19 -0400 (Thu, 12 Apr 2018).
| Package 1047/1472 | Hostname | OS / Arch | INSTALL | BUILD | CHECK | BUILD BIN | ||||||
| plier 1.48.0 Crispin Miller
| malbec1 | Linux (Ubuntu 16.04.1 LTS) / x86_64 | OK | OK | [ WARNINGS ] | |||||||
| tokay1 | Windows Server 2012 R2 Standard / x64 | OK | OK | OK | OK | |||||||
| veracruz1 | OS X 10.11.6 El Capitan / x86_64 | OK | OK | WARNINGS | OK |
| Package: plier |
| Version: 1.48.0 |
| Command: /home/biocbuild/bbs-3.6-bioc/R/bin/R CMD check --no-vignettes --timings plier_1.48.0.tar.gz |
| StartedAt: 2018-04-12 01:51:19 -0400 (Thu, 12 Apr 2018) |
| EndedAt: 2018-04-12 01:51:56 -0400 (Thu, 12 Apr 2018) |
| EllapsedTime: 36.8 seconds |
| RetCode: 0 |
| Status: WARNINGS |
| CheckDir: plier.Rcheck |
| Warnings: 1 |
##############################################################################
##############################################################################
###
### Running command:
###
### /home/biocbuild/bbs-3.6-bioc/R/bin/R CMD check --no-vignettes --timings plier_1.48.0.tar.gz
###
##############################################################################
##############################################################################
* using log directory ‘/home/biocbuild/bbs-3.6-bioc/meat/plier.Rcheck’
* using R version 3.4.4 (2018-03-15)
* using platform: x86_64-pc-linux-gnu (64-bit)
* using session charset: UTF-8
* using option ‘--no-vignettes’
* checking for file ‘plier/DESCRIPTION’ ... OK
* this is package ‘plier’ version ‘1.48.0’
* checking package namespace information ... OK
* checking package dependencies ... OK
* checking if this is a source package ... OK
* checking if there is a namespace ... OK
* checking for hidden files and directories ... OK
* checking for portable file names ... OK
* checking for sufficient/correct file permissions ... OK
* checking whether package ‘plier’ can be installed ... OK
* checking installed package size ... OK
* checking package directory ... OK
* checking DESCRIPTION meta-information ... NOTE
Package listed in more than one of Depends, Imports, Suggests, Enhances:
‘methods’
A package should be listed in only one of these fields.
* checking top-level files ... OK
* checking for left-over files ... OK
* checking index information ... OK
* checking package subdirectories ... OK
* checking R files for non-ASCII characters ... OK
* checking R files for syntax errors ... OK
* checking whether the package can be loaded ... OK
* checking whether the package can be loaded with stated dependencies ... OK
* checking whether the package can be unloaded cleanly ... OK
* checking whether the namespace can be loaded with stated dependencies ... OK
* checking whether the namespace can be unloaded cleanly ... OK
* checking dependencies in R code ... OK
* checking S3 generic/method consistency ... OK
* checking replacement functions ... OK
* checking foreign function calls ... OK
* checking R code for possible problems ... OK
* checking Rd files ... NOTE
prepare_Rd: justPlier.Rd:50-52: Dropping empty section \examples
* checking Rd metadata ... OK
* checking Rd cross-references ... OK
* checking for missing documentation entries ... OK
* checking for code/documentation mismatches ... OK
* checking Rd \usage sections ... OK
* checking Rd contents ... OK
* checking for unstated dependencies in examples ... OK
* checking line endings in C/C++/Fortran sources/headers ... OK
* checking compiled code ... WARNING
File ‘plier/libs/plier.so’:
Found ‘exit’, possibly from ‘exit’ (C)
Object: ‘rwrapper.o’
Found ‘stderr’, possibly from ‘stderr’ (C)
Object: ‘rwrapper.o’
Compiled code should not call entry points which might terminate R nor
write to stdout/stderr instead of to the console, nor use Fortran I/O
nor system RNGs.
See ‘Writing portable packages’ in the ‘Writing R Extensions’ manual.
* checking examples ... NONE
* checking PDF version of manual ... OK
* DONE
Status: 1 WARNING, 2 NOTEs
See
‘/home/biocbuild/bbs-3.6-bioc/meat/plier.Rcheck/00check.log’
for details.
plier.Rcheck/00install.out
* installing *source* package ‘plier’ ...
** libs
g++ -I/home/biocbuild/bbs-3.6-bioc/R/include -DNDEBUG -I/usr/local/include -fpic -g -O2 -Wall -c affyplier.cpp -o affyplier.o
g++ -I/home/biocbuild/bbs-3.6-bioc/R/include -DNDEBUG -I/usr/local/include -fpic -g -O2 -Wall -c plier_impl.cpp -o plier_impl.o
g++ -I/home/biocbuild/bbs-3.6-bioc/R/include -DNDEBUG -I/usr/local/include -fpic -g -O2 -Wall -c plieralg.cpp -o plieralg.o
plieralg.cpp: In function ‘long int NewtonPlier(plier_data*, double&)’:
plieralg.cpp:905:14: warning: variable ‘icount’ set but not used [-Wunused-but-set-variable]
long count, icount;
^
plieralg.cpp:1257:24: warning: ‘LogLikelihood’ may be used uninitialized in this function [-Wmaybe-uninitialized]
output = LogLikelihood/nSize;
^
plieralg.cpp: At global scope:
plieralg.cpp:49:12: warning: ‘g_ErrorCode’ defined but not used [-Wunused-variable]
static int g_ErrorCode=NoError;
^
g++ -I/home/biocbuild/bbs-3.6-bioc/R/include -DNDEBUG -I/usr/local/include -fpic -g -O2 -Wall -c rwrapper.cpp -o rwrapper.o
g++ -shared -L/home/biocbuild/bbs-3.6-bioc/R/lib -L/usr/local/lib -o plier.so affyplier.o plier_impl.o plieralg.o rwrapper.o -L/home/biocbuild/bbs-3.6-bioc/R/lib -lR
installing to /home/biocbuild/bbs-3.6-bioc/meat/plier.Rcheck/plier/libs
** R
** preparing package for lazy loading
** help
*** installing help indices
** building package indices
** testing if installed package can be loaded
* DONE (plier)