| Back to Multiple platform build/check report for BioC 3.6 |
|
This page was generated on 2018-04-12 13:06:50 -0400 (Thu, 12 Apr 2018).
| Package 535/1472 | Hostname | OS / Arch | INSTALL | BUILD | CHECK | BUILD BIN | ||||||
| genefilter 1.60.0 Bioconductor Package Maintainer
| malbec1 | Linux (Ubuntu 16.04.1 LTS) / x86_64 | OK | OK | [ WARNINGS ] | |||||||
| tokay1 | Windows Server 2012 R2 Standard / x64 | OK | OK | WARNINGS | OK | |||||||
| veracruz1 | OS X 10.11.6 El Capitan / x86_64 | OK | OK | WARNINGS | OK |
| Package: genefilter |
| Version: 1.60.0 |
| Command: /home/biocbuild/bbs-3.6-bioc/R/bin/R CMD check --no-vignettes --timings genefilter_1.60.0.tar.gz |
| StartedAt: 2018-04-11 23:43:04 -0400 (Wed, 11 Apr 2018) |
| EndedAt: 2018-04-11 23:44:51 -0400 (Wed, 11 Apr 2018) |
| EllapsedTime: 107.0 seconds |
| RetCode: 0 |
| Status: WARNINGS |
| CheckDir: genefilter.Rcheck |
| Warnings: 1 |
##############################################################################
##############################################################################
###
### Running command:
###
### /home/biocbuild/bbs-3.6-bioc/R/bin/R CMD check --no-vignettes --timings genefilter_1.60.0.tar.gz
###
##############################################################################
##############################################################################
* using log directory ‘/home/biocbuild/bbs-3.6-bioc/meat/genefilter.Rcheck’
* using R version 3.4.4 (2018-03-15)
* using platform: x86_64-pc-linux-gnu (64-bit)
* using session charset: UTF-8
* using option ‘--no-vignettes’
* checking for file ‘genefilter/DESCRIPTION’ ... OK
* this is package ‘genefilter’ version ‘1.60.0’
* checking package namespace information ... OK
* checking package dependencies ... OK
* checking if this is a source package ... OK
* checking if there is a namespace ... OK
* checking for hidden files and directories ... OK
* checking for portable file names ... OK
* checking for sufficient/correct file permissions ... OK
* checking whether package ‘genefilter’ can be installed ... OK
* checking installed package size ... OK
* checking package directory ... OK
* checking ‘build’ directory ... OK
* checking DESCRIPTION meta-information ... NOTE
Malformed Description field: should contain one or more complete sentences.
* checking top-level files ... OK
* checking for left-over files ... OK
* checking index information ... OK
* checking package subdirectories ... OK
* checking R files for non-ASCII characters ... OK
* checking R files for syntax errors ... OK
* checking whether the package can be loaded ... OK
* checking whether the package can be loaded with stated dependencies ... OK
* checking whether the package can be unloaded cleanly ... OK
* checking whether the namespace can be loaded with stated dependencies ... OK
* checking whether the namespace can be unloaded cleanly ... OK
* checking dependencies in R code ... NOTE
'library' or 'require' call to ‘tkWidgets’ in package code.
Please use :: or requireNamespace() instead.
See section 'Suggested packages' in the 'Writing R Extensions' manual.
':::' call which should be '::': ‘tkWidgets:::formatArg’
See the note in ?`:::` about the use of this operator.
* checking S3 generic/method consistency ... OK
* checking replacement functions ... OK
* checking foreign function calls ... OK
* checking R code for possible problems ... NOTE
.findDBMeta: no visible global function definition for ‘dbmeta’
eSetFilter : buildGUI: no visible binding for '<<-' assignment to ‘END’
eSetFilter : buildGUI : setFilter: no visible global function
definition for ‘tkget’
eSetFilter : buildGUI : setFilter: no visible global function
definition for ‘tkcurselection’
eSetFilter : buildGUI : setFilter: no visible global function
definition for ‘writeList’
eSetFilter : buildGUI : setFilter: no visible global function
definition for ‘tkconfigure’
eSetFilter : buildGUI : cancel: no visible global function definition
for ‘tkdestroy’
eSetFilter : buildGUI : finish: no visible binding for '<<-' assignment
to ‘END’
eSetFilter : buildGUI : finish: no visible global function definition
for ‘tkdestroy’
eSetFilter : buildGUI : viewFilter: no visible global function
definition for ‘tkget’
eSetFilter : buildGUI : viewFilter: no visible global function
definition for ‘tkcurselection’
eSetFilter : buildGUI : viewFilter: no visible global function
definition for ‘tkconfigure’
eSetFilter : buildGUI : viewFilter: no visible global function
definition for ‘writeText’
eSetFilter : buildGUI : pickedSel: no visible global function
definition for ‘tkconfigure’
eSetFilter : buildGUI : remove: no visible global function definition
for ‘tkget’
eSetFilter : buildGUI : remove: no visible global function definition
for ‘tkcurselection’
eSetFilter : buildGUI : remove: no visible global function definition
for ‘writeList’
eSetFilter : buildGUI : remove: no visible global function definition
for ‘tkconfigure’
eSetFilter : buildGUI: no visible global function definition for
‘tktoplevel’
eSetFilter : buildGUI: no visible global function definition for
‘tktitle<-’
eSetFilter : buildGUI: no visible global function definition for
‘tktext’
eSetFilter : buildGUI: no visible global function definition for
‘writeText’
eSetFilter : buildGUI: no visible global function definition for
‘tkconfigure’
eSetFilter : buildGUI: no visible global function definition for
‘tkpack’
eSetFilter : buildGUI: no visible global function definition for
‘tkframe’
eSetFilter : buildGUI: no visible global function definition for
‘tklabel’
eSetFilter : buildGUI: no visible global function definition for
‘makeViewer’
eSetFilter : buildGUI: no visible global function definition for
‘tkbind’
eSetFilter : buildGUI: no visible global function definition for
‘writeList’
eSetFilter : buildGUI: no visible global function definition for
‘tkbutton’
eSetFilter : buildGUI: no visible global function definition for
‘tkwait.window’
eSetFilter : buildGUI: no visible binding for global variable ‘END’
filter_volcano: no visible global function definition for ‘segments’
filter_volcano: no visible global function definition for ‘legend’
filtered_p: no visible global function definition for ‘p.adjust’
isESet: no visible global function definition for ‘tkmessageBox’
kappa_p: no visible global function definition for ‘qt’
rejection_plot: no visible global function definition for ‘rainbow’
rejection_plot : <anonymous>: no visible global function definition for
‘na.omit’
rejection_plot : <anonymous>: no visible global function definition for
‘stepfun’
setESetArgs: no visible global function definition for ‘tkdestroy’
setESetArgs : cancel: no visible global function definition for
‘tkdestroy’
setESetArgs : end: no visible global function definition for
‘tkdestroy’
setESetArgs: no visible global function definition for ‘tktoplevel’
setESetArgs: no visible global function definition for ‘tktitle<-’
setESetArgs: no visible global function definition for ‘tkgrid’
setESetArgs: no visible global function definition for ‘tklabel’
setESetArgs: no visible global function definition for ‘tclVar’
setESetArgs: no visible global function definition for ‘tkframe’
setESetArgs: no visible global function definition for ‘makeViewer’
setESetArgs: no visible global function definition for ‘writeText’
setESetArgs: no visible global function definition for ‘tkconfigure’
setESetArgs: no visible global function definition for ‘tkentry’
setESetArgs: no visible global function definition for ‘tkbind’
setESetArgs: no visible global function definition for
‘tkgrid.configure’
setESetArgs: no visible global function definition for ‘tkbutton’
setESetArgs: no visible global function definition for ‘tkpack’
setESetArgs: no visible global function definition for ‘tkwait.window’
setESetArgs: no visible global function definition for ‘tclvalue’
showESet : end: no visible global function definition for ‘tkdestroy’
showESet: no visible global function definition for ‘tktoplevel’
showESet: no visible global function definition for ‘tktitle<-’
showESet: no visible global function definition for ‘tkframe’
showESet: no visible global function definition for ‘makeViewer’
showESet: no visible global function definition for ‘writeList’
showESet: no visible global function definition for ‘tkpack’
showESet: no visible global function definition for ‘tkbutton’
Undefined global functions or variables:
END dbmeta legend makeViewer na.omit p.adjust qt rainbow segments
stepfun tclVar tclvalue tkbind tkbutton tkconfigure tkcurselection
tkdestroy tkentry tkframe tkget tkgrid tkgrid.configure tklabel
tkmessageBox tkpack tktext tktitle<- tktoplevel tkwait.window
writeList writeText
Consider adding
importFrom("grDevices", "rainbow")
importFrom("graphics", "legend", "segments")
importFrom("stats", "na.omit", "p.adjust", "qt", "stepfun")
to your NAMESPACE file.
* checking Rd files ... OK
* checking Rd metadata ... OK
* checking Rd cross-references ... OK
* checking for missing documentation entries ... WARNING
Undocumented S4 methods:
generic '[' and siglist 'rowROC,ANY,ANY,ANY'
All user-level objects in a package (including S4 classes and methods)
should have documentation entries.
See chapter ‘Writing R documentation files’ in the ‘Writing R
Extensions’ manual.
* checking for code/documentation mismatches ... OK
* checking Rd \usage sections ... OK
* checking Rd contents ... OK
* checking for unstated dependencies in examples ... OK
* checking contents of ‘data’ directory ... OK
* checking data for non-ASCII characters ... OK
* checking data for ASCII and uncompressed saves ... OK
* checking line endings in C/C++/Fortran sources/headers ... OK
* checking compiled code ... OK
* checking installed files from ‘inst/doc’ ... OK
* checking files in ‘vignettes’ ... OK
* checking examples ... OK
Examples with CPU or elapsed time > 5s
user system elapsed
rowFtests 5.096 0.028 5.125
* checking for unstated dependencies in vignettes ... NOTE
'library' or 'require' call not declared from: ‘RColorBrewer’
* checking package vignettes in ‘inst/doc’ ... OK
* checking running R code from vignettes ... SKIPPED
* checking re-building of vignette outputs ... SKIPPED
* checking PDF version of manual ... OK
* DONE
Status: 1 WARNING, 4 NOTEs
See
‘/home/biocbuild/bbs-3.6-bioc/meat/genefilter.Rcheck/00check.log’
for details.
genefilter.Rcheck/00install.out
* installing *source* package ‘genefilter’ ...
** libs
g++ -I/home/biocbuild/bbs-3.6-bioc/R/include -DNDEBUG -I/usr/local/include -fpic -g -O2 -Wall -c half_range_mode.cpp -o half_range_mode.o
gcc -I/home/biocbuild/bbs-3.6-bioc/R/include -DNDEBUG -I/usr/local/include -fpic -g -O2 -Wall -c init.c -o init.o
gcc -I/home/biocbuild/bbs-3.6-bioc/R/include -DNDEBUG -I/usr/local/include -fpic -g -O2 -Wall -c nd.c -o nd.o
gcc -I/home/biocbuild/bbs-3.6-bioc/R/include -DNDEBUG -I/usr/local/include -fpic -g -O2 -Wall -c pAUC.c -o pAUC.o
pAUC.c: In function ‘pAUC’:
pAUC.c:140:13: warning: suggest parentheses around comparison in operand of ‘|’ [-Wparentheses]
if(rows != INTEGER(dimSens)[1] | columns != INTEGER(dimSens)[0])
^
gcc -I/home/biocbuild/bbs-3.6-bioc/R/include -DNDEBUG -I/usr/local/include -fpic -g -O2 -Wall -c rowPAUCs.c -o rowPAUCs.o
gcc -I/home/biocbuild/bbs-3.6-bioc/R/include -DNDEBUG -I/usr/local/include -fpic -g -O2 -Wall -c rowttests.c -o rowttests.o
f95 -fpic -g -O2 -Wall -c ttest.f -o ttest.o
ttest.f:47:12:
dm=dm1-dm2
1
Warning: Possible change of value in conversion from REAL(8) to REAL(4) at (1) [-Wconversion]
ttest.f:50:12:
dm=dm1/dm2
1
Warning: Possible change of value in conversion from REAL(8) to REAL(4) at (1) [-Wconversion]
ttest.f:59:13:
tst=(dm1-dm2)/sqrt((1.d0/ng1+1.d0/ng2)*(dss1+dss2)/(ng1+ng2-2))
1
Warning: Possible change of value in conversion from REAL(8) to REAL(4) at (1) [-Wconversion]
ttest.f:62:10:
tst=(dm1-dm2)/sqrt(dss1/((ng1-1)*ng1)+dss2/((ng2-1)*ng2))
1
Warning: Possible change of value in conversion from REAL(8) to REAL(4) at (1) [-Wconversion]
g++ -shared -L/home/biocbuild/bbs-3.6-bioc/R/lib -L/usr/local/lib -o genefilter.so half_range_mode.o init.o nd.o pAUC.o rowPAUCs.o rowttests.o ttest.o -lgfortran -lm -lquadmath -L/home/biocbuild/bbs-3.6-bioc/R/lib -lR
installing to /home/biocbuild/bbs-3.6-bioc/meat/genefilter.Rcheck/genefilter/libs
** R
** data
*** moving datasets to lazyload DB
** inst
** preparing package for lazy loading
** help
*** installing help indices
** building package indices
** installing vignettes
** testing if installed package can be loaded
* DONE (genefilter)
genefilter.Rcheck/genefilter-Ex.timings
| name | user | system | elapsed | |
| Anova | 0.012 | 0.000 | 0.012 | |
| coxfilter | 0.104 | 0.000 | 0.102 | |
| cv | 0.000 | 0.000 | 0.001 | |
| dist2 | 0.008 | 0.000 | 0.006 | |
| eSetFilter | 0 | 0 | 0 | |
| filter_volcano | 0 | 0 | 0 | |
| filtered_p | 0 | 0 | 0 | |
| filterfun | 0.008 | 0.000 | 0.008 | |
| findLargest | 0.664 | 0.024 | 0.777 | |
| gapFilter | 0.028 | 0.000 | 0.027 | |
| genefilter | 0.004 | 0.000 | 0.002 | |
| genefinder | 0.124 | 0.008 | 0.133 | |
| genescale | 0.000 | 0.000 | 0.001 | |
| half.range.mode | 3.404 | 0.016 | 3.430 | |
| kOverA | 0.004 | 0.000 | 0.001 | |
| kappa_p | 0.000 | 0.000 | 0.001 | |
| maxA | 0.000 | 0.000 | 0.001 | |
| nsFilter | 0.516 | 0.012 | 0.529 | |
| pOverA | 0.000 | 0.000 | 0.001 | |
| rejection_plot | 0 | 0 | 0 | |
| rowFtests | 5.096 | 0.028 | 5.125 | |
| rowROC-class | 0.08 | 0.00 | 0.08 | |
| rowSds | 0.004 | 0.000 | 0.002 | |
| rowpAUCs | 1.400 | 0.012 | 1.470 | |
| shorth | 0.004 | 0.000 | 0.003 | |
| tdata | 0.000 | 0.000 | 0.001 | |
| ttest | 0.020 | 0.000 | 0.023 | |