| Back to Multiple platform build/check report for BioC 3.6 |
|
This page was generated on 2018-04-12 13:28:04 -0400 (Thu, 12 Apr 2018).
| Package 432/1472 | Hostname | OS / Arch | INSTALL | BUILD | CHECK | BUILD BIN | ||||||
| epivizrData 1.6.0 Hector Corrada Bravo
| malbec1 | Linux (Ubuntu 16.04.1 LTS) / x86_64 | OK | OK | OK | |||||||
| tokay1 | Windows Server 2012 R2 Standard / x64 | OK | OK | [ WARNINGS ] | OK | |||||||
| veracruz1 | OS X 10.11.6 El Capitan / x86_64 | OK | OK | OK | OK |
| Package: epivizrData |
| Version: 1.6.0 |
| Command: rm -rf epivizrData.buildbin-libdir epivizrData.Rcheck && mkdir epivizrData.buildbin-libdir epivizrData.Rcheck && C:\Users\biocbuild\bbs-3.6-bioc\R\bin\R.exe CMD INSTALL --build --merge-multiarch --library=epivizrData.buildbin-libdir epivizrData_1.6.0.tar.gz >epivizrData.Rcheck\00install.out 2>&1 && cp epivizrData.Rcheck\00install.out epivizrData-install.out && C:\Users\biocbuild\bbs-3.6-bioc\R\bin\R.exe CMD check --library=epivizrData.buildbin-libdir --install="check:epivizrData-install.out" --force-multiarch --no-vignettes --timings epivizrData_1.6.0.tar.gz |
| StartedAt: 2018-04-11 23:48:57 -0400 (Wed, 11 Apr 2018) |
| EndedAt: 2018-04-11 23:54:42 -0400 (Wed, 11 Apr 2018) |
| EllapsedTime: 344.6 seconds |
| RetCode: 0 |
| Status: WARNINGS |
| CheckDir: epivizrData.Rcheck |
| Warnings: 1 |
##############################################################################
##############################################################################
###
### Running command:
###
### rm -rf epivizrData.buildbin-libdir epivizrData.Rcheck && mkdir epivizrData.buildbin-libdir epivizrData.Rcheck && C:\Users\biocbuild\bbs-3.6-bioc\R\bin\R.exe CMD INSTALL --build --merge-multiarch --library=epivizrData.buildbin-libdir epivizrData_1.6.0.tar.gz >epivizrData.Rcheck\00install.out 2>&1 && cp epivizrData.Rcheck\00install.out epivizrData-install.out && C:\Users\biocbuild\bbs-3.6-bioc\R\bin\R.exe CMD check --library=epivizrData.buildbin-libdir --install="check:epivizrData-install.out" --force-multiarch --no-vignettes --timings epivizrData_1.6.0.tar.gz
###
##############################################################################
##############################################################################
* using log directory 'C:/Users/biocbuild/bbs-3.6-bioc/meat/epivizrData.Rcheck'
* using R version 3.4.4 (2018-03-15)
* using platform: x86_64-w64-mingw32 (64-bit)
* using session charset: ISO8859-1
* using option '--no-vignettes'
* checking for file 'epivizrData/DESCRIPTION' ... OK
* checking extension type ... Package
* this is package 'epivizrData' version '1.6.0'
* checking package namespace information ... OK
* checking package dependencies ... OK
* checking if this is a source package ... OK
* checking if there is a namespace ... OK
* checking for hidden files and directories ... OK
* checking for portable file names ... OK
* checking whether package 'epivizrData' can be installed ... WARNING
Found the following significant warnings:
Rd warning: C:/Users/biocbuild/bbs-3.6-bioc/tmpdir/RtmpWa22cv/R.INSTALL1558655846d6/epivizrData/man/ahToMySQL.Rd:10: missing file link 'AnnotationHub'
See 'C:/Users/biocbuild/bbs-3.6-bioc/meat/epivizrData.Rcheck/00install.out' for details.
* checking installed package size ... OK
* checking package directory ... OK
* checking 'build' directory ... OK
* checking DESCRIPTION meta-information ... OK
* checking top-level files ... OK
* checking for left-over files ... OK
* checking index information ... OK
* checking package subdirectories ... OK
* checking R files for non-ASCII characters ... OK
* checking R files for syntax errors ... OK
* loading checks for arch 'i386'
** checking whether the package can be loaded ... OK
** checking whether the package can be loaded with stated dependencies ... OK
** checking whether the package can be unloaded cleanly ... OK
** checking whether the namespace can be loaded with stated dependencies ... OK
** checking whether the namespace can be unloaded cleanly ... OK
* loading checks for arch 'x64'
** checking whether the package can be loaded ... OK
** checking whether the package can be loaded with stated dependencies ... OK
** checking whether the package can be unloaded cleanly ... OK
** checking whether the namespace can be loaded with stated dependencies ... OK
** checking whether the namespace can be unloaded cleanly ... OK
* checking dependencies in R code ... OK
* checking S3 generic/method consistency ... OK
* checking replacement functions ... OK
* checking foreign function calls ... OK
* checking R code for possible problems ... OK
* checking Rd files ... OK
* checking Rd metadata ... OK
* checking Rd cross-references ... OK
* checking for missing documentation entries ... OK
* checking for code/documentation mismatches ... OK
* checking Rd \usage sections ... OK
* checking Rd contents ... OK
* checking for unstated dependencies in examples ... OK
* checking installed files from 'inst/doc' ... OK
* checking files in 'vignettes' ... OK
* checking examples ...
** running examples for arch 'i386' ... OK
Examples with CPU or elapsed time > 5s
user system elapsed
ahToMySQL 17.84 0.67 18.73
** running examples for arch 'x64' ... OK
Examples with CPU or elapsed time > 5s
user system elapsed
ahToMySQL 18.02 0.27 18.46
* checking for unstated dependencies in 'tests' ... OK
* checking tests ...
** running tests for arch 'i386' ...
Running 'testthat.R'
OK
** running tests for arch 'x64' ...
Running 'testthat.R'
OK
* checking for unstated dependencies in vignettes ... OK
* checking package vignettes in 'inst/doc' ... OK
* checking running R code from vignettes ... SKIPPED
* checking re-building of vignette outputs ... SKIPPED
* checking PDF version of manual ... OK
* DONE
Status: 1 WARNING
See
'C:/Users/biocbuild/bbs-3.6-bioc/meat/epivizrData.Rcheck/00check.log'
for details.
epivizrData.Rcheck/00install.out
install for i386
* installing *source* package 'epivizrData' ...
** R
** inst
** preparing package for lazy loading
** help
*** installing help indices
converting help for package 'epivizrData'
finding HTML links ... done
EpivizBlockData-class html
finding level-2 HTML links ... done
EpivizBpData-class html
EpivizData-class html
EpivizDataMgr-class html
EpivizFeatureData-class html
EpivizGeneInfoData-class html
EpivizMeasurement-class html
ahToMySQL html
Rd warning: C:/Users/biocbuild/bbs-3.6-bioc/tmpdir/RtmpWa22cv/R.INSTALL1558655846d6/epivizrData/man/ahToMySQL.Rd:10: missing file link 'AnnotationHub'
as.data.frame-EpivizData-method html
as.list-EpivizMeasurement-method html
createMgr html
epivizrData html
register html
show-EpivizMeasurement-method html
** building package indices
** installing vignettes
** testing if installed package can be loaded
In R CMD INSTALL
install for x64
* installing *source* package 'epivizrData' ...
** testing if installed package can be loaded
* MD5 sums
packaged installation of 'epivizrData' as epivizrData_1.6.0.zip
* DONE (epivizrData)
In R CMD INSTALL
In R CMD INSTALL
|
epivizrData.Rcheck/tests_i386/testthat.Rout
R version 3.4.4 (2018-03-15) -- "Someone to Lean On"
Copyright (C) 2018 The R Foundation for Statistical Computing
Platform: i386-w64-mingw32/i386 (32-bit)
R is free software and comes with ABSOLUTELY NO WARRANTY.
You are welcome to redistribute it under certain conditions.
Type 'license()' or 'licence()' for distribution details.
R is a collaborative project with many contributors.
Type 'contributors()' for more information and
'citation()' on how to cite R or R packages in publications.
Type 'demo()' for some demos, 'help()' for on-line help, or
'help.start()' for an HTML browser interface to help.
Type 'q()' to quit R.
> library(testthat)
> library(epivizrData)
Loading required package: epivizrServer
Loading required package: Biobase
Loading required package: BiocGenerics
Loading required package: parallel
Attaching package: 'BiocGenerics'
The following objects are masked from 'package:parallel':
clusterApply, clusterApplyLB, clusterCall, clusterEvalQ,
clusterExport, clusterMap, parApply, parCapply, parLapply,
parLapplyLB, parRapply, parSapply, parSapplyLB
The following objects are masked from 'package:stats':
IQR, mad, sd, var, xtabs
The following objects are masked from 'package:base':
Filter, Find, Map, Position, Reduce, anyDuplicated, append,
as.data.frame, cbind, colMeans, colSums, colnames, do.call,
duplicated, eval, evalq, get, grep, grepl, intersect, is.unsorted,
lapply, lengths, mapply, match, mget, order, paste, pmax, pmax.int,
pmin, pmin.int, rank, rbind, rowMeans, rowSums, rownames, sapply,
setdiff, sort, table, tapply, union, unique, unsplit, which,
which.max, which.min
Welcome to Bioconductor
Vignettes contain introductory material; view with
'browseVignettes()'. To cite Bioconductor, see
'citation("Biobase")', and for packages 'citation("pkgname")'.
>
> test_check("epivizrData")
== testthat results ===========================================================
OK: 101 SKIPPED: 3 FAILED: 0
>
> proc.time()
user system elapsed
17.73 0.67 18.93
|
epivizrData.Rcheck/tests_x64/testthat.Rout
R version 3.4.4 (2018-03-15) -- "Someone to Lean On"
Copyright (C) 2018 The R Foundation for Statistical Computing
Platform: x86_64-w64-mingw32/x64 (64-bit)
R is free software and comes with ABSOLUTELY NO WARRANTY.
You are welcome to redistribute it under certain conditions.
Type 'license()' or 'licence()' for distribution details.
R is a collaborative project with many contributors.
Type 'contributors()' for more information and
'citation()' on how to cite R or R packages in publications.
Type 'demo()' for some demos, 'help()' for on-line help, or
'help.start()' for an HTML browser interface to help.
Type 'q()' to quit R.
> library(testthat)
> library(epivizrData)
Loading required package: epivizrServer
Loading required package: Biobase
Loading required package: BiocGenerics
Loading required package: parallel
Attaching package: 'BiocGenerics'
The following objects are masked from 'package:parallel':
clusterApply, clusterApplyLB, clusterCall, clusterEvalQ,
clusterExport, clusterMap, parApply, parCapply, parLapply,
parLapplyLB, parRapply, parSapply, parSapplyLB
The following objects are masked from 'package:stats':
IQR, mad, sd, var, xtabs
The following objects are masked from 'package:base':
Filter, Find, Map, Position, Reduce, anyDuplicated, append,
as.data.frame, cbind, colMeans, colSums, colnames, do.call,
duplicated, eval, evalq, get, grep, grepl, intersect, is.unsorted,
lapply, lengths, mapply, match, mget, order, paste, pmax, pmax.int,
pmin, pmin.int, rank, rbind, rowMeans, rowSums, rownames, sapply,
setdiff, sort, table, tapply, union, unique, unsplit, which,
which.max, which.min
Welcome to Bioconductor
Vignettes contain introductory material; view with
'browseVignettes()'. To cite Bioconductor, see
'citation("Biobase")', and for packages 'citation("pkgname")'.
>
> test_check("epivizrData")
== testthat results ===========================================================
OK: 101 SKIPPED: 3 FAILED: 0
>
> proc.time()
user system elapsed
20.84 0.51 21.43
|
|
epivizrData.Rcheck/examples_i386/epivizrData-Ex.timings
|
epivizrData.Rcheck/examples_x64/epivizrData-Ex.timings
|