| Back to Multiple platform build/check report for BioC 3.6 |
|
This page was generated on 2018-04-12 13:21:13 -0400 (Thu, 12 Apr 2018).
| Package 145/1472 | Hostname | OS / Arch | INSTALL | BUILD | CHECK | BUILD BIN | ||||||
| biovizBase 1.26.0 Michael Lawrence
| malbec1 | Linux (Ubuntu 16.04.1 LTS) / x86_64 | OK | OK | OK | |||||||
| tokay1 | Windows Server 2012 R2 Standard / x64 | OK | OK | [ WARNINGS ] | OK | |||||||
| veracruz1 | OS X 10.11.6 El Capitan / x86_64 | OK | OK | OK | OK |
| Package: biovizBase |
| Version: 1.26.0 |
| Command: rm -rf biovizBase.buildbin-libdir biovizBase.Rcheck && mkdir biovizBase.buildbin-libdir biovizBase.Rcheck && C:\Users\biocbuild\bbs-3.6-bioc\R\bin\R.exe CMD INSTALL --build --merge-multiarch --library=biovizBase.buildbin-libdir biovizBase_1.26.0.tar.gz >biovizBase.Rcheck\00install.out 2>&1 && cp biovizBase.Rcheck\00install.out biovizBase-install.out && C:\Users\biocbuild\bbs-3.6-bioc\R\bin\R.exe CMD check --library=biovizBase.buildbin-libdir --install="check:biovizBase-install.out" --force-multiarch --no-vignettes --timings biovizBase_1.26.0.tar.gz |
| StartedAt: 2018-04-11 22:33:23 -0400 (Wed, 11 Apr 2018) |
| EndedAt: 2018-04-11 22:41:23 -0400 (Wed, 11 Apr 2018) |
| EllapsedTime: 479.9 seconds |
| RetCode: 0 |
| Status: WARNINGS |
| CheckDir: biovizBase.Rcheck |
| Warnings: 1 |
##############################################################################
##############################################################################
###
### Running command:
###
### rm -rf biovizBase.buildbin-libdir biovizBase.Rcheck && mkdir biovizBase.buildbin-libdir biovizBase.Rcheck && C:\Users\biocbuild\bbs-3.6-bioc\R\bin\R.exe CMD INSTALL --build --merge-multiarch --library=biovizBase.buildbin-libdir biovizBase_1.26.0.tar.gz >biovizBase.Rcheck\00install.out 2>&1 && cp biovizBase.Rcheck\00install.out biovizBase-install.out && C:\Users\biocbuild\bbs-3.6-bioc\R\bin\R.exe CMD check --library=biovizBase.buildbin-libdir --install="check:biovizBase-install.out" --force-multiarch --no-vignettes --timings biovizBase_1.26.0.tar.gz
###
##############################################################################
##############################################################################
* using log directory 'C:/Users/biocbuild/bbs-3.6-bioc/meat/biovizBase.Rcheck'
* using R version 3.4.4 (2018-03-15)
* using platform: x86_64-w64-mingw32 (64-bit)
* using session charset: ISO8859-1
* using option '--no-vignettes'
* checking for file 'biovizBase/DESCRIPTION' ... OK
* this is package 'biovizBase' version '1.26.0'
* checking package namespace information ... OK
* checking package dependencies ... OK
* checking if this is a source package ... OK
* checking if there is a namespace ... OK
* checking for hidden files and directories ... OK
* checking for portable file names ... OK
* checking whether package 'biovizBase' can be installed ... WARNING
Found the following significant warnings:
Rd warning: C:/Users/biocbuild/bbs-3.6-bioc/tmpdir/RtmpgX0Sn1/R.INSTALLd042f697f37/biovizBase/man/crunch-method.Rd:31: missing file link 'AnnotationFilter-class'
See 'C:/Users/biocbuild/bbs-3.6-bioc/meat/biovizBase.Rcheck/00install.out' for details.
* checking installed package size ... OK
* checking package directory ... OK
* checking 'build' directory ... OK
* checking DESCRIPTION meta-information ... NOTE
Malformed Title field: should not end in a period.
* checking top-level files ... OK
* checking for left-over files ... OK
* checking index information ... OK
* checking package subdirectories ... OK
* checking R files for non-ASCII characters ... OK
* checking R files for syntax errors ... OK
* loading checks for arch 'i386'
** checking whether the package can be loaded ... OK
** checking whether the package can be loaded with stated dependencies ... OK
** checking whether the package can be unloaded cleanly ... OK
** checking whether the namespace can be loaded with stated dependencies ... OK
** checking whether the namespace can be unloaded cleanly ... OK
* loading checks for arch 'x64'
** checking whether the package can be loaded ... OK
** checking whether the package can be loaded with stated dependencies ... OK
** checking whether the package can be unloaded cleanly ... OK
** checking whether the namespace can be loaded with stated dependencies ... OK
** checking whether the namespace can be unloaded cleanly ... OK
* checking dependencies in R code ... NOTE
'library' or 'require' calls in package code:
'BSgenome' 'rtracklayer'
Please use :: or requireNamespace() instead.
See section 'Suggested packages' in the 'Writing R Extensions' manual.
* checking S3 generic/method consistency ... OK
* checking replacement functions ... OK
* checking foreign function calls ... OK
* checking R code for possible problems ... NOTE
genSymbols: no visible binding for global variable 'start_location'
genSymbols: no visible binding for global variable 'end_location'
genSymbols: no visible binding for global variable 'Chromosome'
genSymbols: no visible binding for global variable 'symbol'
transformToLinkInCircle: no visible binding for global variable
'.circle.x'
transformToLinkInCircle: no visible binding for global variable
'.circle.y'
transformToLinkInCircle : <anonymous>: no visible binding for global
variable 'from.x'
transformToLinkInCircle : <anonymous>: no visible binding for global
variable 'from.y'
transformToLinkInCircle : <anonymous>: no visible binding for global
variable 'to.x'
transformToLinkInCircle : <anonymous>: no visible binding for global
variable 'to.y'
mold,ExpressionSet: no visible global function definition for 'exprs'
mold,ExpressionSet: no visible global function definition for 'pData'
mold,RleList: no visible binding for global variable 'xRleList'
mold,eSet: no visible global function definition for 'phenoData'
mold,eSet: no visible global function definition for 'melt'
mold,eSet: no visible global function definition for 'varLabels'
Undefined global functions or variables:
.circle.x .circle.y Chromosome end_location exprs from.x from.y melt
pData phenoData start_location symbol to.x to.y varLabels xRleList
* checking Rd files ... OK
* checking Rd metadata ... OK
* checking Rd cross-references ... OK
* checking for missing documentation entries ... OK
* checking for code/documentation mismatches ... OK
* checking Rd \usage sections ... OK
* checking Rd contents ... OK
* checking for unstated dependencies in examples ... OK
* checking contents of 'data' directory ... OK
* checking data for non-ASCII characters ... OK
* checking data for ASCII and uncompressed saves ... OK
* checking line endings in C/C++/Fortran sources/headers ... OK
* checking compiled code ... NOTE
Note: information on .o files for i386 is not available
Note: information on .o files for x64 is not available
File 'C:/Users/biocbuild/bbs-3.6-bioc/meat/biovizBase.buildbin-libdir/biovizBase/libs/i386/biovizBase.dll':
Found 'abort', possibly from 'abort' (C), 'runtime' (Fortran)
Compiled code should not call entry points which might terminate R nor
write to stdout/stderr instead of to the console, nor use Fortran I/O
nor system RNGs. The detected symbols are linked into the code but
might come from libraries and not actually be called.
See 'Writing portable packages' in the 'Writing R Extensions' manual.
* checking installed files from 'inst/doc' ... OK
* checking files in 'vignettes' ... OK
* checking examples ...
** running examples for arch 'i386' ... OK
Examples with CPU or elapsed time > 5s
user system elapsed
crunch-method 18.95 0.61 55.64
** running examples for arch 'x64' ... OK
Examples with CPU or elapsed time > 5s
user system elapsed
crunch-method 17.84 0.5 18.35
* checking for unstated dependencies in 'tests' ... OK
* checking tests ...
** running tests for arch 'i386' ...
Running 'runTests.R'
OK
** running tests for arch 'x64' ...
Running 'runTests.R'
OK
* checking for unstated dependencies in vignettes ... OK
* checking package vignettes in 'inst/doc' ... OK
* checking running R code from vignettes ... SKIPPED
* checking re-building of vignette outputs ... SKIPPED
* checking PDF version of manual ... OK
* DONE
Status: 1 WARNING, 4 NOTEs
See
'C:/Users/biocbuild/bbs-3.6-bioc/meat/biovizBase.Rcheck/00check.log'
for details.
biovizBase.Rcheck/00install.out
install for i386
* installing *source* package 'biovizBase' ...
** libs
C:/Rtools/mingw_32/bin/gcc -I"C:/Users/BIOCBU˜1/BBS-3˜1.6-B/R/include" -DNDEBUG -I"C:/local323/include" -O3 -Wall -std=gnu99 -mtune=generic -c R_init_biovizBase.c -o R_init_biovizBase.o
C:/Rtools/mingw_32/bin/gcc -I"C:/Users/BIOCBU˜1/BBS-3˜1.6-B/R/include" -DNDEBUG -I"C:/local323/include" -O3 -Wall -std=gnu99 -mtune=generic -c bin_offsets.c -o bin_offsets.o
bin_offsets.c: In function 'scan_bam_bin_offsets':
bin_offsets.c:57:15: warning: pointer targets in passing argument 1 of 'strncmp' differ in signedness [-Wpointer-sign]
if (strncmp(b, "BAI\1", 4))
^
In file included from C:/Users/BIOCBU˜1/BBS-3˜1.6-B/R/include/R_ext/RS.h:34:0,
from C:/Users/BIOCBU˜1/BBS-3˜1.6-B/R/include/Rdefines.h:37,
from bin_offsets.h:1,
from bin_offsets.c:3:
C:/Rtools/mingw_32/i686-w64-mingw32/include/string.h:76:15: note: expected 'const char *' but argument is of type 'Rbyte *'
int __cdecl strncmp(const char *_Str1,const char *_Str2,size_t _MaxCount);
^
C:/Rtools/mingw_32/bin/g++ -shared -s -static-libgcc -o biovizBase.dll tmp.def R_init_biovizBase.o bin_offsets.o -LC:/local323/lib/i386 -LC:/local323/lib -LC:/Users/BIOCBU˜1/BBS-3˜1.6-B/R/bin/i386 -lR
installing to C:/Users/biocbuild/bbs-3.6-bioc/meat/biovizBase.buildbin-libdir/biovizBase/libs/i386
** R
** data
** inst
** preparing package for lazy loading
** help
*** installing help indices
converting help for package 'biovizBase'
finding HTML links ... done
CRC html
GCcontent html
addStepping-method html
aes-utils html
biovizBase-package html
colorBlindSafePal html
containLetters html
crc1.GeRL html
crunch-method html
Rd warning: C:/Users/biocbuild/bbs-3.6-bioc/tmpdir/RtmpgX0Sn1/R.INSTALLd042f697f37/biovizBase/man/crunch-method.Rd:31: missing file link 'AnnotationFilter-class'
darned_hg19_subset500 html
estimateCoverage-method html
flatGrl html
genesymbol html
getBioColor html
getFormalNames html
getGaps html
getIdeoGR html
getIdeogram html
getScale html
hg19Ideogram html
hg19IdeogramCyto html
ideo html
ideoCyto html
isIdeogram html
isMatchedWithModel html
isSimpleIdeogram html
labs html
maxGap-method html
mold-method html
finding level-2 HTML links ... done
pileupAsGRanges html
pileupGRangesAsVariantTable html
plotColorLegend html
scale html
showColor html
shrinkageFun-method html
splitByFacets-method html
strip_formula_dots html
subsetArgsByFormals html
transform html
transformGRangesForEvenSpace html
** building package indices
** installing vignettes
** testing if installed package can be loaded
In R CMD INSTALL
install for x64
* installing *source* package 'biovizBase' ...
** libs
C:/Rtools/mingw_64/bin/gcc -I"C:/Users/BIOCBU˜1/BBS-3˜1.6-B/R/include" -DNDEBUG -I"C:/local323/include" -O2 -Wall -std=gnu99 -mtune=generic -c R_init_biovizBase.c -o R_init_biovizBase.o
C:/Rtools/mingw_64/bin/gcc -I"C:/Users/BIOCBU˜1/BBS-3˜1.6-B/R/include" -DNDEBUG -I"C:/local323/include" -O2 -Wall -std=gnu99 -mtune=generic -c bin_offsets.c -o bin_offsets.o
bin_offsets.c: In function 'scan_bam_bin_offsets':
bin_offsets.c:57:15: warning: pointer targets in passing argument 1 of 'strncmp' differ in signedness [-Wpointer-sign]
if (strncmp(b, "BAI\1", 4))
^
In file included from C:/Users/BIOCBU˜1/BBS-3˜1.6-B/R/include/R_ext/RS.h:34:0,
from C:/Users/BIOCBU˜1/BBS-3˜1.6-B/R/include/Rdefines.h:37,
from bin_offsets.h:1,
from bin_offsets.c:3:
C:/Rtools/mingw_64/x86_64-w64-mingw32/include/string.h:76:15: note: expected 'const char *' but argument is of type 'Rbyte *'
int __cdecl strncmp(const char *_Str1,const char *_Str2,size_t _MaxCount);
^
C:/Rtools/mingw_64/bin/g++ -shared -s -static-libgcc -o biovizBase.dll tmp.def R_init_biovizBase.o bin_offsets.o -LC:/local323/lib/x64 -LC:/local323/lib -LC:/Users/BIOCBU˜1/BBS-3˜1.6-B/R/bin/x64 -lR
installing to C:/Users/biocbuild/bbs-3.6-bioc/meat/biovizBase.buildbin-libdir/biovizBase/libs/x64
** testing if installed package can be loaded
* MD5 sums
packaged installation of 'biovizBase' as biovizBase_1.26.0.zip
* DONE (biovizBase)
In R CMD INSTALL
In R CMD INSTALL
|
biovizBase.Rcheck/tests_i386/runTests.Rout
R version 3.4.4 (2018-03-15) -- "Someone to Lean On"
Copyright (C) 2018 The R Foundation for Statistical Computing
Platform: i386-w64-mingw32/i386 (32-bit)
R is free software and comes with ABSOLUTELY NO WARRANTY.
You are welcome to redistribute it under certain conditions.
Type 'license()' or 'licence()' for distribution details.
R is a collaborative project with many contributors.
Type 'contributors()' for more information and
'citation()' on how to cite R or R packages in publications.
Type 'demo()' for some demos, 'help()' for on-line help, or
'help.start()' for an HTML browser interface to help.
Type 'q()' to quit R.
> BiocGenerics:::testPackage("biovizBase")
Loading required package: ensembldb
Loading required package: BiocGenerics
Loading required package: parallel
Attaching package: 'BiocGenerics'
The following objects are masked from 'package:parallel':
clusterApply, clusterApplyLB, clusterCall, clusterEvalQ,
clusterExport, clusterMap, parApply, parCapply, parLapply,
parLapplyLB, parRapply, parSapply, parSapplyLB
The following objects are masked from 'package:stats':
IQR, mad, sd, var, xtabs
The following objects are masked from 'package:base':
Filter, Find, Map, Position, Reduce, anyDuplicated, append,
as.data.frame, cbind, colMeans, colSums, colnames, do.call,
duplicated, eval, evalq, get, grep, grepl, intersect, is.unsorted,
lapply, lengths, mapply, match, mget, order, paste, pmax, pmax.int,
pmin, pmin.int, rank, rbind, rowMeans, rowSums, rownames, sapply,
setdiff, sort, table, tapply, union, unique, unsplit, which,
which.max, which.min
Loading required package: GenomicRanges
Loading required package: stats4
Loading required package: S4Vectors
Attaching package: 'S4Vectors'
The following object is masked from 'package:base':
expand.grid
Loading required package: IRanges
Loading required package: GenomeInfoDb
Loading required package: GenomicFeatures
Loading required package: AnnotationDbi
Loading required package: Biobase
Welcome to Bioconductor
Vignettes contain introductory material; view with
'browseVignettes()'. To cite Bioconductor, see
'citation("Biobase")', and for packages 'citation("pkgname")'.
Loading required package: AnnotationFilter
Attaching package: 'ensembldb'
The following object is masked from 'package:stats':
filter
Fetching data...OK
Parsing exons...OK
Defining introns...OK
Defining UTRs...OK
Defining CDS...OK
aggregating...
Done
Fetching data...OK
Parsing exons...OK
Defining introns...OK
Defining UTRs...OK
Defining CDS...OK
aggregating...
Done
Fetching data...Fetching data...OK
Parsing exons...OK
Defining introns...OK
Defining UTRs...OK
Defining CDS...OK
aggregating...
Done
Fetching data...OK
Parsing exons...OK
Defining introns...OK
Defining UTRs...OK
Defining CDS...OK
aggregating...
Done
Fetching data...OK
Parsing exons...OK
Defining introns...OK
Defining UTRs...OK
Defining CDS...OK
aggregating...
Done
Fetching data...OK
Parsing exons...OK
Defining introns...OK
Defining UTRs...OK
Defining CDS...OK
aggregating...
Done
RUNIT TEST PROTOCOL -- Wed Apr 11 22:40:52 2018
***********************************************
Number of test functions: 1
Number of errors: 0
Number of failures: 0
1 Test Suite :
biovizBase RUnit Tests - 1 test function, 0 errors, 0 failures
Number of test functions: 1
Number of errors: 0
Number of failures: 0
>
> proc.time()
user system elapsed
14.20 0.84 17.81
|
biovizBase.Rcheck/tests_x64/runTests.Rout
R version 3.4.4 (2018-03-15) -- "Someone to Lean On"
Copyright (C) 2018 The R Foundation for Statistical Computing
Platform: x86_64-w64-mingw32/x64 (64-bit)
R is free software and comes with ABSOLUTELY NO WARRANTY.
You are welcome to redistribute it under certain conditions.
Type 'license()' or 'licence()' for distribution details.
R is a collaborative project with many contributors.
Type 'contributors()' for more information and
'citation()' on how to cite R or R packages in publications.
Type 'demo()' for some demos, 'help()' for on-line help, or
'help.start()' for an HTML browser interface to help.
Type 'q()' to quit R.
> BiocGenerics:::testPackage("biovizBase")
Loading required package: ensembldb
Loading required package: BiocGenerics
Loading required package: parallel
Attaching package: 'BiocGenerics'
The following objects are masked from 'package:parallel':
clusterApply, clusterApplyLB, clusterCall, clusterEvalQ,
clusterExport, clusterMap, parApply, parCapply, parLapply,
parLapplyLB, parRapply, parSapply, parSapplyLB
The following objects are masked from 'package:stats':
IQR, mad, sd, var, xtabs
The following objects are masked from 'package:base':
Filter, Find, Map, Position, Reduce, anyDuplicated, append,
as.data.frame, cbind, colMeans, colSums, colnames, do.call,
duplicated, eval, evalq, get, grep, grepl, intersect, is.unsorted,
lapply, lengths, mapply, match, mget, order, paste, pmax, pmax.int,
pmin, pmin.int, rank, rbind, rowMeans, rowSums, rownames, sapply,
setdiff, sort, table, tapply, union, unique, unsplit, which,
which.max, which.min
Loading required package: GenomicRanges
Loading required package: stats4
Loading required package: S4Vectors
Attaching package: 'S4Vectors'
The following object is masked from 'package:base':
expand.grid
Loading required package: IRanges
Loading required package: GenomeInfoDb
Loading required package: GenomicFeatures
Loading required package: AnnotationDbi
Loading required package: Biobase
Welcome to Bioconductor
Vignettes contain introductory material; view with
'browseVignettes()'. To cite Bioconductor, see
'citation("Biobase")', and for packages 'citation("pkgname")'.
Loading required package: AnnotationFilter
Attaching package: 'ensembldb'
The following object is masked from 'package:stats':
filter
Fetching data...OK
Parsing exons...OK
Defining introns...OK
Defining UTRs...OK
Defining CDS...OK
aggregating...
Done
Fetching data...OK
Parsing exons...OK
Defining introns...OK
Defining UTRs...OK
Defining CDS...OK
aggregating...
Done
Fetching data...Fetching data...OK
Parsing exons...OK
Defining introns...OK
Defining UTRs...OK
Defining CDS...OK
aggregating...
Done
Fetching data...OK
Parsing exons...OK
Defining introns...OK
Defining UTRs...OK
Defining CDS...OK
aggregating...
Done
Fetching data...OK
Parsing exons...OK
Defining introns...OK
Defining UTRs...OK
Defining CDS...OK
aggregating...
Done
Fetching data...OK
Parsing exons...OK
Defining introns...OK
Defining UTRs...OK
Defining CDS...OK
aggregating...
Done
RUNIT TEST PROTOCOL -- Wed Apr 11 22:41:17 2018
***********************************************
Number of test functions: 1
Number of errors: 0
Number of failures: 0
1 Test Suite :
biovizBase RUnit Tests - 1 test function, 0 errors, 0 failures
Number of test functions: 1
Number of errors: 0
Number of failures: 0
>
> proc.time()
user system elapsed
23.89 0.62 24.71
|
|
biovizBase.Rcheck/examples_i386/biovizBase-Ex.timings
|
biovizBase.Rcheck/examples_x64/biovizBase-Ex.timings
|