| Back to Multiple platform build/check report for BioC 3.6 |
|
This page was generated on 2018-04-12 13:21:01 -0400 (Thu, 12 Apr 2018).
| Package 1151/1472 | Hostname | OS / Arch | INSTALL | BUILD | CHECK | BUILD BIN | ||||||
| RedeR 1.26.0 Mauro Castro
| malbec1 | Linux (Ubuntu 16.04.1 LTS) / x86_64 | OK | OK | OK | |||||||
| tokay1 | Windows Server 2012 R2 Standard / x64 | OK | OK | [ WARNINGS ] | OK | |||||||
| veracruz1 | OS X 10.11.6 El Capitan / x86_64 | OK | OK | OK | OK |
| Package: RedeR |
| Version: 1.26.0 |
| Command: rm -rf RedeR.buildbin-libdir RedeR.Rcheck && mkdir RedeR.buildbin-libdir RedeR.Rcheck && C:\Users\biocbuild\bbs-3.6-bioc\R\bin\R.exe CMD INSTALL --build --merge-multiarch --library=RedeR.buildbin-libdir RedeR_1.26.0.tar.gz >RedeR.Rcheck\00install.out 2>&1 && cp RedeR.Rcheck\00install.out RedeR-install.out && C:\Users\biocbuild\bbs-3.6-bioc\R\bin\R.exe CMD check --library=RedeR.buildbin-libdir --install="check:RedeR-install.out" --force-multiarch --no-vignettes --timings RedeR_1.26.0.tar.gz |
| StartedAt: 2018-04-12 02:34:00 -0400 (Thu, 12 Apr 2018) |
| EndedAt: 2018-04-12 02:35:01 -0400 (Thu, 12 Apr 2018) |
| EllapsedTime: 60.6 seconds |
| RetCode: 0 |
| Status: WARNINGS |
| CheckDir: RedeR.Rcheck |
| Warnings: 1 |
##############################################################################
##############################################################################
###
### Running command:
###
### rm -rf RedeR.buildbin-libdir RedeR.Rcheck && mkdir RedeR.buildbin-libdir RedeR.Rcheck && C:\Users\biocbuild\bbs-3.6-bioc\R\bin\R.exe CMD INSTALL --build --merge-multiarch --library=RedeR.buildbin-libdir RedeR_1.26.0.tar.gz >RedeR.Rcheck\00install.out 2>&1 && cp RedeR.Rcheck\00install.out RedeR-install.out && C:\Users\biocbuild\bbs-3.6-bioc\R\bin\R.exe CMD check --library=RedeR.buildbin-libdir --install="check:RedeR-install.out" --force-multiarch --no-vignettes --timings RedeR_1.26.0.tar.gz
###
##############################################################################
##############################################################################
* using log directory 'C:/Users/biocbuild/bbs-3.6-bioc/meat/RedeR.Rcheck'
* using R version 3.4.4 (2018-03-15)
* using platform: x86_64-w64-mingw32 (64-bit)
* using session charset: ISO8859-1
* using option '--no-vignettes'
* checking for file 'RedeR/DESCRIPTION' ... OK
* checking extension type ... Package
* this is package 'RedeR' version '1.26.0'
* checking package namespace information ... OK
* checking package dependencies ... OK
* checking if this is a source package ... OK
* checking if there is a namespace ... OK
* checking for hidden files and directories ... OK
* checking for portable file names ... OK
* checking whether package 'RedeR' can be installed ... WARNING
Found the following significant warnings:
Rd warning: C:/Users/biocbuild/bbs-3.6-bioc/tmpdir/RtmpETMmF9/R.INSTALL25cc681d4533/RedeR/man/addLegend.Rd:31: missing file link 'att.setv'
Rd warning: C:/Users/biocbuild/bbs-3.6-bioc/tmpdir/RtmpETMmF9/R.INSTALL25cc681d4533/RedeR/man/addLegend.Rd:31: missing file link 'att.sete'
Rd warning: C:/Users/biocbuild/bbs-3.6-bioc/tmpdir/RtmpETMmF9/R.INSTALL25cc681d4533/RedeR/man/addLegend.Rd:61: missing file link 'att.setv'
Rd warning: C:/Users/biocbuild/bbs-3.6-bioc/tmpdir/RtmpETMmF9/R.INSTALL25cc681d4533/RedeR/man/addLegend.Rd:62: missing file link 'att.sete'
See 'C:/Users/biocbuild/bbs-3.6-bioc/meat/RedeR.Rcheck/00install.out' for details.
* checking installed package size ... NOTE
installed size is 10.2Mb
sub-directories of 1Mb or more:
data 3.3Mb
doc 2.0Mb
java 4.3Mb
* checking package directory ... OK
* checking 'build' directory ... OK
* checking DESCRIPTION meta-information ... OK
* checking top-level files ... OK
* checking for left-over files ... OK
* checking index information ... OK
* checking package subdirectories ... OK
* checking R files for non-ASCII characters ... OK
* checking R files for syntax errors ... OK
* loading checks for arch 'i386'
** checking whether the package can be loaded ... OK
** checking whether the package can be loaded with stated dependencies ... OK
** checking whether the package can be unloaded cleanly ... OK
** checking whether the namespace can be loaded with stated dependencies ... OK
** checking whether the namespace can be unloaded cleanly ... OK
* loading checks for arch 'x64'
** checking whether the package can be loaded ... OK
** checking whether the package can be loaded with stated dependencies ... OK
** checking whether the package can be unloaded cleanly ... OK
** checking whether the namespace can be loaded with stated dependencies ... OK
** checking whether the namespace can be unloaded cleanly ... OK
* checking dependencies in R code ... OK
* checking S3 generic/method consistency ... OK
* checking replacement functions ... OK
* checking foreign function calls ... OK
* checking R code for possible problems ... OK
* checking Rd files ... OK
* checking Rd metadata ... OK
* checking Rd cross-references ... OK
* checking for missing documentation entries ... OK
* checking for code/documentation mismatches ... OK
* checking Rd \usage sections ... OK
* checking Rd contents ... OK
* checking for unstated dependencies in examples ... OK
* checking contents of 'data' directory ... OK
* checking data for non-ASCII characters ... OK
* checking data for ASCII and uncompressed saves ... OK
* checking installed files from 'inst/doc' ... OK
* checking files in 'vignettes' ... OK
* checking examples ...
** running examples for arch 'i386' ... OK
** running examples for arch 'x64' ... OK
* checking for unstated dependencies in vignettes ... OK
* checking package vignettes in 'inst/doc' ... OK
* checking running R code from vignettes ... SKIPPED
* checking re-building of vignette outputs ... SKIPPED
* checking PDF version of manual ... OK
* DONE
Status: 1 WARNING, 1 NOTE
See
'C:/Users/biocbuild/bbs-3.6-bioc/meat/RedeR.Rcheck/00check.log'
for details.
RedeR.Rcheck/00install.out
install for i386
* installing *source* package 'RedeR' ...
** R
** data
** inst
** preparing package for lazy loading
** help
*** installing help indices
converting help for package 'RedeR'
finding HTML links ... done
RedPort-class html
RedPort html
RedeR-package html
RedeR.data html
addEdgeBetweenContainers html
addEdges html
addGraph html
addLegend html
Rd warning: C:/Users/biocbuild/bbs-3.6-bioc/tmpdir/RtmpETMmF9/R.INSTALL25cc681d4533/RedeR/man/addLegend.Rd:31: missing file link 'att.setv'
Rd warning: C:/Users/biocbuild/bbs-3.6-bioc/tmpdir/RtmpETMmF9/R.INSTALL25cc681d4533/RedeR/man/addLegend.Rd:31: missing file link 'att.sete'
Rd warning: C:/Users/biocbuild/bbs-3.6-bioc/tmpdir/RtmpETMmF9/R.INSTALL25cc681d4533/RedeR/man/addLegend.Rd:61: missing file link 'att.setv'
Rd warning: C:/Users/biocbuild/bbs-3.6-bioc/tmpdir/RtmpETMmF9/R.INSTALL25cc681d4533/RedeR/man/addLegend.Rd:62: missing file link 'att.sete'
addNodes html
addSeries html
addSubgraph html
addSubgraph.list html
att html
calld html
cea html
deSelectEdges html
deSelectGraph html
deSelectNodes html
deleteEdges html
deleteNodes html
deleteSelectedEdges html
deleteSelectedNodes html
duplicateGraph html
exitd html
getContainerComponets html
getEdgeIDs html
getEdges html
getGraph html
getNodeIDs html
getNodes html
getSourceEdgeIDs html
getTargetEdgeIDs html
gtoy.rm html
isDynamicsActive html
mergeNodes html
mergeOutEdges html
nestNodes html
nesthc html
ping html
relax html
resetd html
selectAllEdges html
selectAllNodes html
selectEdges html
selectGraph html
selectNodes html
setArrowDirection html
subg html
updateContainerSize html
updateGraph html
version html
** building package indices
** installing vignettes
** testing if installed package can be loaded
In R CMD INSTALL
install for x64
* installing *source* package 'RedeR' ...
** testing if installed package can be loaded
* MD5 sums
packaged installation of 'RedeR' as RedeR_1.26.0.zip
* DONE (RedeR)
In R CMD INSTALL
In R CMD INSTALL
|
RedeR.Rcheck/examples_i386/RedeR-Ex.timings
|
RedeR.Rcheck/examples_x64/RedeR-Ex.timings
|