| Back to Multiple platform build/check report for BioC 3.6 |
|
This page was generated on 2017-12-13 14:59:54 -0500 (Wed, 13 Dec 2017).
| Package 903/1471 | Hostname | OS / Arch | INSTALL | BUILD | CHECK | BUILD BIN | ||||||
| MSnbase 2.4.0 Laurent Gatto
| malbec1 | Linux (Ubuntu 16.04.1 LTS) / x86_64 | OK | OK | OK | |||||||
| tokay1 | Windows Server 2012 R2 Standard / x64 | OK | OK | WARNINGS | OK | |||||||
| veracruz1 | OS X 10.11.6 El Capitan / x86_64 | OK | OK | [ WARNINGS ] | OK |
| Package: MSnbase |
| Version: 2.4.0 |
| Command: /Library/Frameworks/R.framework/Versions/Current/Resources/bin/R CMD check --no-vignettes --timings MSnbase_2.4.0.tar.gz |
| StartedAt: 2017-12-13 06:21:38 -0500 (Wed, 13 Dec 2017) |
| EndedAt: 2017-12-13 06:37:03 -0500 (Wed, 13 Dec 2017) |
| EllapsedTime: 925.1 seconds |
| RetCode: 0 |
| Status: WARNINGS |
| CheckDir: MSnbase.Rcheck |
| Warnings: 1 |
##############################################################################
##############################################################################
###
### Running command:
###
### /Library/Frameworks/R.framework/Versions/Current/Resources/bin/R CMD check --no-vignettes --timings MSnbase_2.4.0.tar.gz
###
##############################################################################
##############################################################################
* using log directory ‘/Users/biocbuild/bbs-3.6-bioc/meat/MSnbase.Rcheck’
* using R version 3.4.2 (2017-09-28)
* using platform: x86_64-apple-darwin15.6.0 (64-bit)
* using session charset: UTF-8
* using option ‘--no-vignettes’
* checking for file ‘MSnbase/DESCRIPTION’ ... OK
* this is package ‘MSnbase’ version ‘2.4.0’
* checking package namespace information ... OK
* checking package dependencies ... OK
* checking if this is a source package ... OK
* checking if there is a namespace ... OK
* checking for hidden files and directories ... OK
* checking for portable file names ... OK
* checking for sufficient/correct file permissions ... OK
* checking whether package ‘MSnbase’ can be installed ... WARNING
Found the following significant warnings:
Warning: package ‘Rcpp’ was built under R version 3.4.3
See ‘/Users/biocbuild/bbs-3.6-bioc/meat/MSnbase.Rcheck/00install.out’ for details.
* checking installed package size ... NOTE
installed size is 11.9Mb
sub-directories of 1Mb or more:
data 1.9Mb
doc 7.8Mb
* checking package directory ... OK
* checking ‘build’ directory ... OK
* checking DESCRIPTION meta-information ... NOTE
Authors@R field gives more than one person with maintainer role:
Laurent Gatto <lg390@cam.ac.uk> [aut, cre]
Johannes Rainer <Johannes.Rainer@eurac.edu> [aut, cre]
Sebastian Gibb <mail@sebastiangibb.de> [aut, cre]
* checking top-level files ... OK
* checking for left-over files ... OK
* checking index information ... OK
* checking package subdirectories ... OK
* checking R files for non-ASCII characters ... OK
* checking R files for syntax errors ... OK
* checking whether the package can be loaded ... OK
* checking whether the package can be loaded with stated dependencies ... OK
* checking whether the package can be unloaded cleanly ... OK
* checking whether the namespace can be loaded with stated dependencies ... OK
* checking whether the namespace can be unloaded cleanly ... OK
* checking dependencies in R code ... NOTE
Unexported objects imported by ':::' calls:
‘Biobase:::.showAnnotatedDataFrame’ ‘MALDIquant:::.estimateNoise’
‘MALDIquant:::.localMaxima’ ‘MALDIquant:::.movingAverage’
‘MALDIquant:::.savitzkyGolay’
See the note in ?`:::` about the use of this operator.
* checking S3 generic/method consistency ... OK
* checking replacement functions ... OK
* checking foreign function calls ... OK
* checking R code for possible problems ... OK
* checking Rd files ... OK
* checking Rd metadata ... OK
* checking Rd cross-references ... OK
* checking for missing documentation entries ... OK
* checking for code/documentation mismatches ... OK
* checking Rd \usage sections ... OK
* checking Rd contents ... OK
* checking for unstated dependencies in examples ... OK
* checking contents of ‘data’ directory ... OK
* checking data for non-ASCII characters ... OK
* checking data for ASCII and uncompressed saves ... OK
* checking line endings in C/C++/Fortran sources/headers ... OK
* checking compiled code ... OK
* checking installed files from ‘inst/doc’ ... OK
* checking files in ‘vignettes’ ... OK
* checking examples ... OK
Examples with CPU or elapsed time > 5s
user system elapsed
OnDiskMSnExp-class 12.366 0.443 12.979
chromatogram-MSnExp-method 9.224 0.411 10.277
MSnSet-class 8.197 0.098 8.434
averageMSnSet 6.961 0.149 7.247
aggvar 5.564 0.067 5.702
* checking for unstated dependencies in ‘tests’ ... OK
* checking tests ...
Running ‘testthat.R’
OK
* checking for unstated dependencies in vignettes ... OK
* checking package vignettes in ‘inst/doc’ ... OK
* checking running R code from vignettes ... SKIPPED
* checking re-building of vignette outputs ... SKIPPED
* checking PDF version of manual ... OK
* DONE
Status: 1 WARNING, 3 NOTEs
See
‘/Users/biocbuild/bbs-3.6-bioc/meat/MSnbase.Rcheck/00check.log’
for details.
MSnbase.Rcheck/00install.out
* installing *source* package ‘MSnbase’ ...
** libs
clang++ -I/Library/Frameworks/R.framework/Resources/include -DNDEBUG -I"/Library/Frameworks/R.framework/Versions/3.4/Resources/library/Rcpp/include" -I/usr/local/include -fPIC -Wall -g -O2 -c RcppExports.cpp -o RcppExports.o
clang -I/Library/Frameworks/R.framework/Resources/include -DNDEBUG -I"/Library/Frameworks/R.framework/Versions/3.4/Resources/library/Rcpp/include" -I/usr/local/include -fPIC -Wall -g -O2 -c Spectrum1_class.c -o Spectrum1_class.o
Spectrum1_class.c:8:13: warning: unused function '_new_Spectrum1' [-Wunused-function]
static SEXP _new_Spectrum1(SEXP msLevel, SEXP peaksCount, SEXP rt,
^
1 warning generated.
clang -I/Library/Frameworks/R.framework/Resources/include -DNDEBUG -I"/Library/Frameworks/R.framework/Versions/3.4/Resources/library/Rcpp/include" -I/usr/local/include -fPIC -Wall -g -O2 -c Spectrum2_class.c -o Spectrum2_class.o
Spectrum2_class.c:9:13: warning: unused function '_new_Spectrum2' [-Wunused-function]
static SEXP _new_Spectrum2(SEXP msLevel, SEXP peaksCount, SEXP rt,
^
1 warning generated.
clang++ -I/Library/Frameworks/R.framework/Resources/include -DNDEBUG -I"/Library/Frameworks/R.framework/Versions/3.4/Resources/library/Rcpp/include" -I/usr/local/include -fPIC -Wall -g -O2 -c imp_neighbour_avg.cpp -o imp_neighbour_avg.o
clang -I/Library/Frameworks/R.framework/Resources/include -DNDEBUG -I"/Library/Frameworks/R.framework/Versions/3.4/Resources/library/Rcpp/include" -I/usr/local/include -fPIC -Wall -g -O2 -c utils.c -o utils.o
utils.c:92:15: warning: unused variable 'ret' [-Wunused-variable]
int i1, i2, ret;
^
utils.c:107:15: warning: unused variable 'ret' [-Wunused-variable]
int i1, i2, ret;
^
utils.c:123:18: warning: unused variable 'ret' [-Wunused-variable]
double d1, d2, ret;
^
utils.c:133:18: warning: unused variable 'ret' [-Wunused-variable]
double d1, d2, ret;
^
utils.c:121:12: warning: unused function 'compar_double_asc_order' [-Wunused-function]
static int compar_double_asc_order(const void *p1, const void *p2)
^
utils.c:131:12: warning: unused function 'compar_double_desc_order' [-Wunused-function]
static int compar_double_desc_order(const void *p1, const void *p2)
^
6 warnings generated.
clang++ -dynamiclib -Wl,-headerpad_max_install_names -undefined dynamic_lookup -single_module -multiply_defined suppress -L/Library/Frameworks/R.framework/Resources/lib -L/usr/local/lib -o MSnbase.so RcppExports.o Spectrum1_class.o Spectrum2_class.o imp_neighbour_avg.o utils.o -F/Library/Frameworks/R.framework/.. -framework R -Wl,-framework -Wl,CoreFoundation
installing to /Users/biocbuild/bbs-3.6-bioc/meat/MSnbase.Rcheck/MSnbase/libs
** R
** data
*** moving datasets to lazyload DB
Creating a new generic function for ‘smooth’ in package ‘MSnbase’
Creating a new generic function for ‘trimws’ in package ‘MSnbase’
in method for ‘coerce’ with signature ‘"IBSpectra","MSnSet"’: no definition for class “IBSpectra”
** inst
** preparing package for lazy loading
Warning: package ‘Rcpp’ was built under R version 3.4.3
Creating a new generic function for ‘smooth’ in package ‘MSnbase’
Creating a new generic function for ‘trimws’ in package ‘MSnbase’
in method for ‘coerce’ with signature ‘"IBSpectra","MSnSet"’: no definition for class “IBSpectra”
** help
*** installing help indices
** building package indices
** installing vignettes
** testing if installed package can be loaded
Warning: package ‘Rcpp’ was built under R version 3.4.3
* DONE (MSnbase)
MSnbase.Rcheck/tests/testthat.Rout
R version 3.4.2 (2017-09-28) -- "Short Summer"
Copyright (C) 2017 The R Foundation for Statistical Computing
Platform: x86_64-apple-darwin15.6.0 (64-bit)
R is free software and comes with ABSOLUTELY NO WARRANTY.
You are welcome to redistribute it under certain conditions.
Type 'license()' or 'licence()' for distribution details.
R is a collaborative project with many contributors.
Type 'contributors()' for more information and
'citation()' on how to cite R or R packages in publications.
Type 'demo()' for some demos, 'help()' for on-line help, or
'help.start()' for an HTML browser interface to help.
Type 'q()' to quit R.
> # setting R_TESTS to empty string because of
> # https://github.com/hadley/testthat/issues/144
> # revert this when that issue in R is fixed.
> Sys.setenv("R_TESTS" = "")
> library("testthat")
> library("MSnbase")
Loading required package: BiocGenerics
Loading required package: parallel
Attaching package: 'BiocGenerics'
The following objects are masked from 'package:parallel':
clusterApply, clusterApplyLB, clusterCall, clusterEvalQ,
clusterExport, clusterMap, parApply, parCapply, parLapply,
parLapplyLB, parRapply, parSapply, parSapplyLB
The following objects are masked from 'package:stats':
IQR, mad, sd, var, xtabs
The following objects are masked from 'package:base':
Filter, Find, Map, Position, Reduce, anyDuplicated, append,
as.data.frame, cbind, colMeans, colSums, colnames, do.call,
duplicated, eval, evalq, get, grep, grepl, intersect, is.unsorted,
lapply, lengths, mapply, match, mget, order, paste, pmax, pmax.int,
pmin, pmin.int, rank, rbind, rowMeans, rowSums, rownames, sapply,
setdiff, sort, table, tapply, union, unique, unsplit, which,
which.max, which.min
Loading required package: Biobase
Welcome to Bioconductor
Vignettes contain introductory material; view with
'browseVignettes()'. To cite Bioconductor, see
'citation("Biobase")', and for packages 'citation("pkgname")'.
Loading required package: mzR
Loading required package: Rcpp
Loading required package: BiocParallel
Loading required package: ProtGenerics
This is MSnbase version 2.4.0
Visit https://lgatto.github.io/MSnbase/ to get started.
Attaching package: 'MSnbase'
The following object is masked from 'package:stats':
smooth
The following object is masked from 'package:base':
trimws
Warning message:
package 'Rcpp' was built under R version 3.4.3
> setMSnbaseVerbose(FALSE)
> ## register(SerialParam()) ## see issue 205
>
> ## Erwinia
> f <- msdata::proteomics(full.names = TRUE,
+ pattern = "TMT_Erwinia_1uLSike_Top10HCD_isol2_45stepped_60min_01.mzML.gz")
> tmt_erwinia_in_mem_ms1 <- readMSData(f, msLevel = 1)
> tmt_erwinia_in_mem_ms2 <- readMSData(f, msLevel = 2)
> tmt_erwinia_on_disk <- readMSData(f, mode = "onDisk")
> tmt_erwinia_on_disk_ms1 <- readMSData(f, msLevel = 1, mode = "onDisk")
> tmt_erwinia_on_disk_ms2 <- readMSData(f, msLevel = 2, mode = "onDisk")
>
> ## microtofq
> f <- c(system.file("microtofq/MM14.mzML", package = "msdata"),
+ system.file("microtofq/MM8.mzML", package = "msdata"))
> microtofq_in_mem_ms1 <- readMSData(f, msLevel = 1)
> microtofq_on_disk_ms1 <- readMSData(f, msLevel = 1, mode = "onDisk")
> microtofq_on_disk <- readMSData(f, mode = "onDisk")
>
> ## extdata mzML
> f <- dir(system.file(package = "MSnbase", dir = "extdata"),
+ full.name = TRUE, pattern = "mzXML$")
> extdata_mzXML_in_mem_ms2 <- readMSData(f, verbose = FALSE, centroided. = FALSE)
> extdata_mzXML_on_disk <- readMSData(f, centroided. = FALSE, mode = "onDisk")
> extdata_mzXML_on_disk_ms2 <- readMSData(f, msLevel = 2, centroided. = FALSE, mode = "onDisk")
>
>
> test_check("MSnbase")
Experiment data
Experimenter name: Laurent Gatto
Laboratory: Cambridge Centre for Proteomics (CCP)
Contact information: Laurent Gatto
Contact email: lg390@cam.ac.uk
Title: Example 'MSnExp' data set
URL:
PMIDs:
No abstract available.
Instrument :
Model: test (1)
Manufacturer:
Customisations:
Use 'msInfo(object)' for more MIAPE-MS information.
Experiment data
Experimenter name: Laurent Gatto
Laboratory: Cambridge Centre for Proteomics (CCP)
Contact information: Laurent Gatto
Contact email: lg390@cam.ac.uk
Title: Example 'MSnExp' data set
URL:
PMIDs:
No abstract available.
notes:
Note1:
First note
MIAPE-MS information:
1. General features:
Date stamp:
Contact: Laurent Gatto
Name: Laurent Gatto
Laboratory: Cambridge Centre for Proteomics (CCP)
Instument model: test
Manufacturer:
Customisations:
Software:
Version:
Switching:
Param file:
2. Ion source
Source:
Source details:
3. Post-source componentry
Analyzer:
Analyzer details:
Collision gas:
Pressure: bars
Energy:
Detector type:
Sensitivity:
Attaching package: 'AnnotationHub'
The following object is masked from 'package:Biobase':
cache
snapshotDate(): 2017-10-27
loading from cache '/Users/biocbuild//.AnnotationHub/55314'
1
Object of class "MSmap"
Map [75, 401]
[1] Retention time: 30:1 - 34:58
[2] M/Z: 521 - 523 (res 0.005)
Object of class "MSmap"
Map [401, 75]
[1] M/Z: 521 - 523 (res 0.005)
[2] Retention time: 30:1 - 34:58
1
1
Object of class "MzTab".
Description: mzTab example file for reporting a summary report of
quantification data quantified on the protein level
Mode: Complete
Type: Quantification
Available data: Proteins PSMs
Instance of class 'MSnSetList' containig 3 objects.
MSn experiment data ("OnDiskMSnExp")
Object size in memory: 0.17 Mb
- - - Spectra data - - -
MS level(s): 1 2
Number of spectra: 509
MSn retention times: 18:28 - 22:3 minutes
- - - Processing information - - -
Data loaded [Wed Dec 13 06:26:16 2017]
MSnbase version: 2.4.0
- - - Meta data - - -
phenoData
rowNames:
TMT_Erwinia_1uLSike_Top10HCD_isol2_45stepped_60min_01.mzML.gz
varLabels: sampleNames
varMetadata: labelDescription
Loaded from:
TMT_Erwinia_1uLSike_Top10HCD_isol2_45stepped_60min_01.mzML.gz
protocolData: none
featureData
featureNames: F1.S001 F1.S002 ... F1.S509 (509 total)
fvarLabels: fileIdx spIdx ... spectrum (28 total)
fvarMetadata: labelDescription
experimentData: use 'experimentData(object)'
Object of class "ReporterIons"
TMT10HCD: '10-plex TMT HCD' with 10 reporter ions
- 126.1277 +/- 0.002 (#8DD3C7)
- 127.1248 +/- 0.002 (#FFFFB3)
- 127.1311 +/- 0.002 (#BEBADA)
- 128.1281 +/- 0.002 (#FB8072)
- 128.1344 +/- 0.002 (#80B1D3)
- 129.1315 +/- 0.002 (#FDB462)
- 129.1378 +/- 0.002 (#B3DE69)
- 130.1348 +/- 0.002 (#FCCDE5)
- 130.1411 +/- 0.002 (#D9D9D9)
- 131.1382 +/- 0.002 (#BC80BD)
Object of class "Spectrum1"
Retention time: 0:0
MSn level: 1
Total ion count: 684
Polarity: 1
This is pRolocdata version 1.16.0.
Use 'pRolocdata()' to list available data sets.
MSn experiment data ("MSnExp")
Object size in memory: 0.18 Mb
- - - Spectra data - - -
MS level(s): 2
Number of spectra: 5
MSn retention times: 25:1 - 25:2 minutes
- - - Processing information - - -
Data loaded: Wed Dec 13 06:32:37 2017
MSnbase version: 2.4.0
- - - Meta data - - -
phenoData
rowNames: dummyiTRAQ.mzXML
varLabels: sampleNames
varMetadata: labelDescription
Loaded from:
dummyiTRAQ.mzXML
protocolData: none
featureData
featureNames: F1.S1 F1.S2 ... F1.S5 (5 total)
fvarLabels: spectrum
fvarMetadata: labelDescription
experimentData: use 'experimentData(object)'
MSn experiment data ("MSnExp")
Object size in memory: 0.2 Mb
- - - Spectra data - - -
MS level(s): 2
Number of spectra: 5
MSn retention times: 25:1 - 25:2 minutes
- - - Processing information - - -
Data loaded: Wed Dec 13 06:32:38 2017
MSnbase version: 2.4.0
- - - Meta data - - -
phenoData
rowNames: dummyiTRAQ.mzXML
varLabels: sampleNames
varMetadata: labelDescription
Loaded from:
dummyiTRAQ.mzXML
protocolData: none
featureData
featureNames: F1.S1 F1.S2 ... F1.S5 (5 total)
fvarLabels: spectrum
fvarMetadata: labelDescription
experimentData: use 'experimentData(object)'
1
Object of class "FeaturesOfInterest"
Created on Wed Dec 13 06:33:35 2017
Description:
small foi
3 features of interest:
P20353, P53501, Q7KU78
Traceable object of class "FeaturesOfInterest"
Created on Wed Dec 13 06:33:35 2017
Description:
my description
10 features of interest:
P20353, P53501 ... Q9VCK0, Q9VIU7
A collection of 1 features of interest.
A collection of 10 features of interest.
reading dummyiTRAQ.mzid... DONE!
Iterations of EM:
1...2...3...4...5...6...7...8...9...10...11...
[1] 0.07947339
testthat results ================================================================
OK: 1690 SKIPPED: 0 FAILED: 0
>
> proc.time()
user system elapsed
584.602 51.232 652.142
MSnbase.Rcheck/MSnbase-Ex.timings
| name | user | system | elapsed | |
| Chromatogram-class | 0.125 | 0.003 | 0.129 | |
| Chromatograms-class | 0.321 | 0.003 | 0.328 | |
| FeatComp-class | 0.384 | 0.015 | 0.432 | |
| FeaturesOfInterest-class | 0.101 | 0.005 | 0.112 | |
| MSmap-class | 0.001 | 0.001 | 0.002 | |
| MSnExp-class | 0.476 | 0.005 | 0.497 | |
| MSnProcess-class | 0.002 | 0.001 | 0.003 | |
| MSnSet-class | 8.197 | 0.098 | 8.434 | |
| MSnSetList-class | 4.072 | 0.019 | 4.156 | |
| MzTab-class | 1.204 | 0.032 | 3.909 | |
| NAnnotatedDataFrame-class | 0.009 | 0.001 | 0.009 | |
| OnDiskMSnExp-class | 12.366 | 0.443 | 12.979 | |
| ProcessingStep-class | 0.006 | 0.000 | 0.007 | |
| ReporterIons-class | 0.020 | 0.001 | 0.021 | |
| TMT6 | 0.020 | 0.001 | 0.021 | |
| addIdentificationData-methods | 0.420 | 0.006 | 0.435 | |
| aggvar | 5.564 | 0.067 | 5.702 | |
| averageMSnSet | 6.961 | 0.149 | 7.247 | |
| bin-methods | 0.394 | 0.017 | 0.414 | |
| calculateFragments-methods | 0.868 | 0.015 | 0.897 | |
| chromatogram-MSnExp-method | 9.224 | 0.411 | 10.277 | |
| clean-methods | 0.219 | 0.040 | 0.260 | |
| combineFeatures | 1.105 | 0.046 | 1.172 | |
| commonFeatureNames | 0.558 | 0.024 | 0.595 | |
| compareSpectra-methods | 0.261 | 0.007 | 0.282 | |
| estimateNoise-method | 0.014 | 0.000 | 0.015 | |
| exprsToRatios-methods | 0.115 | 0.002 | 0.118 | |
| extractPrecSpectra-methods | 0.634 | 0.055 | 0.693 | |
| factorsAsStrings | 0.015 | 0.002 | 0.018 | |
| featureCV | 0.041 | 0.001 | 0.042 | |
| fillUp | 0.019 | 0.001 | 0.021 | |
| formatRt | 0.001 | 0.000 | 0.002 | |
| get.amino.acids | 0.005 | 0.001 | 0.006 | |
| get.atomic.mass | 0.000 | 0.000 | 0.001 | |
| getVariableName | 0.005 | 0.000 | 0.005 | |
| iPQF | 0.607 | 0.005 | 0.630 | |
| iTRAQ4 | 0.012 | 0.001 | 0.013 | |
| imageNA2 | 3.963 | 0.142 | 4.155 | |
| impute-methods | 0.832 | 0.018 | 0.869 | |
| isCentroidedFromFile | 2.266 | 0.104 | 2.380 | |
| itraqdata | 0.099 | 0.008 | 0.108 | |
| listOf | 0.003 | 0.000 | 0.003 | |
| makeCamelCase | 0.001 | 0.000 | 0.001 | |
| makeNaData | 1.145 | 0.019 | 1.184 | |
| missing-data | 3.181 | 0.044 | 3.286 | |
| mzRident2dfr | 0.073 | 0.002 | 0.075 | |
| nFeatures | 0.521 | 0.027 | 0.553 | |
| nQuants | 0.123 | 0.001 | 0.130 | |
| naplot | 0.085 | 0.009 | 0.099 | |
| navMS | 1.146 | 0.034 | 1.236 | |
| normToReference | 0.228 | 0.002 | 0.236 | |
| normalise-methods | 0.019 | 0.002 | 0.032 | |
| npcv | 0.006 | 0.000 | 0.007 | |
| pSet-class | 0.003 | 0.001 | 0.003 | |
| pickPeaks-method | 0.289 | 0.005 | 0.303 | |
| plot-methods | 1.631 | 0.013 | 1.668 | |
| plot2d-methods | 0.784 | 0.004 | 0.810 | |
| plotDensity-methods | 1.195 | 0.003 | 1.220 | |
| plotMzDelta-methods | 1.462 | 0.052 | 1.544 | |
| plotNA-methods | 0.579 | 0.002 | 0.592 | |
| plotSpectrumSpectrum-methods | 0.901 | 0.008 | 0.923 | |
| precSelection | 0.023 | 0.001 | 0.026 | |
| purityCorrect-methods | 0.102 | 0.002 | 0.104 | |
| quantify-methods | 1.32 | 0.17 | 2.45 | |
| readMSData | 1.038 | 0.006 | 1.070 | |
| readMSnSet | 0.349 | 0.006 | 0.367 | |
| readMgfData | 3.272 | 0.034 | 3.361 | |
| readMzIdData | 2.236 | 0.379 | 2.647 | |
| readMzTabData | 2.699 | 0.034 | 3.136 | |
| readMzTabData_v0.9 | 0.378 | 0.003 | 0.736 | |
| reduce-data.frame-method | 0.022 | 0.001 | 0.023 | |
| removeNoId-methods | 0.779 | 0.005 | 0.794 | |
| removePeaks-methods | 1.015 | 0.015 | 1.046 | |
| removeReporters-methods | 0.814 | 0.006 | 0.832 | |
| selectFeatureData | 0.113 | 0.006 | 0.119 | |
| smooth-methods | 0.293 | 0.008 | 0.302 | |
| trimMz-methods | 0.211 | 0.003 | 0.214 | |
| writeMgfData-methods | 0.002 | 0.000 | 0.002 | |