| Back to Multiple platform build/check report for BioC 3.6 |
|
This page was generated on 2018-04-12 13:33:34 -0400 (Thu, 12 Apr 2018).
| Package 567/1472 | Hostname | OS / Arch | INSTALL | BUILD | CHECK | BUILD BIN | ||||||
| GenomicRanges 1.30.3 Bioconductor Package Maintainer
| malbec1 | Linux (Ubuntu 16.04.1 LTS) / x86_64 | OK | OK | WARNINGS | |||||||
| tokay1 | Windows Server 2012 R2 Standard / x64 | OK | OK | WARNINGS | OK | |||||||
| veracruz1 | OS X 10.11.6 El Capitan / x86_64 | OK | OK | [ WARNINGS ] | OK |
| Package: GenomicRanges |
| Version: 1.30.3 |
| Command: /Library/Frameworks/R.framework/Versions/Current/Resources/bin/R CMD check --no-vignettes --timings GenomicRanges_1.30.3.tar.gz |
| StartedAt: 2018-04-12 04:19:32 -0400 (Thu, 12 Apr 2018) |
| EndedAt: 2018-04-12 04:24:32 -0400 (Thu, 12 Apr 2018) |
| EllapsedTime: 300.0 seconds |
| RetCode: 0 |
| Status: WARNINGS |
| CheckDir: GenomicRanges.Rcheck |
| Warnings: 1 |
##############################################################################
##############################################################################
###
### Running command:
###
### /Library/Frameworks/R.framework/Versions/Current/Resources/bin/R CMD check --no-vignettes --timings GenomicRanges_1.30.3.tar.gz
###
##############################################################################
##############################################################################
* using log directory ‘/Users/biocbuild/bbs-3.6-bioc/meat/GenomicRanges.Rcheck’
* using R version 3.4.4 (2018-03-15)
* using platform: x86_64-apple-darwin15.6.0 (64-bit)
* using session charset: UTF-8
* using option ‘--no-vignettes’
* checking for file ‘GenomicRanges/DESCRIPTION’ ... OK
* this is package ‘GenomicRanges’ version ‘1.30.3’
* package encoding: UTF-8
* checking package namespace information ... OK
* checking package dependencies ... OK
* checking if this is a source package ... OK
* checking if there is a namespace ... OK
* checking for hidden files and directories ... OK
* checking for portable file names ... OK
* checking for sufficient/correct file permissions ... OK
* checking whether package ‘GenomicRanges’ can be installed ... OK
* checking installed package size ... OK
* checking package directory ... OK
* checking ‘build’ directory ... OK
* checking DESCRIPTION meta-information ... OK
* checking top-level files ... OK
* checking for left-over files ... OK
* checking index information ... OK
* checking package subdirectories ... OK
* checking R files for non-ASCII characters ... OK
* checking R files for syntax errors ... OK
* checking whether the package can be loaded ... OK
* checking whether the package can be loaded with stated dependencies ... OK
* checking whether the package can be unloaded cleanly ... OK
* checking whether the namespace can be loaded with stated dependencies ... OK
* checking whether the namespace can be unloaded cleanly ... OK
* checking dependencies in R code ... OK
* checking S3 generic/method consistency ... OK
* checking replacement functions ... OK
* checking foreign function calls ... OK
* checking R code for possible problems ... NOTE
poverlaps,GenomicRanges-GenomicRanges: no visible binding for global
variable ‘minoverlaps’
Undefined global functions or variables:
minoverlaps
* checking Rd files ... OK
* checking Rd metadata ... OK
* checking Rd cross-references ... OK
* checking for missing documentation entries ... OK
* checking for code/documentation mismatches ... WARNING
Codoc mismatches from documentation object 'inter-range-methods':
\S4method{reduce}{GenomicRangesList}
Code: function(x, drop.empty.ranges = FALSE, ...)
Docs: function(x, drop.empty.ranges = FALSE, min.gapwidth = 1L,
with.inframe.attrib = FALSE, ignore.strand = FALSE)
Argument names in code not in docs:
...
Argument names in docs not in code:
min.gapwidth with.inframe.attrib ignore.strand
Mismatches in argument names:
Position: 3 Code: ... Docs: min.gapwidth
* checking Rd \usage sections ... OK
* checking Rd contents ... OK
* checking for unstated dependencies in examples ... OK
* checking line endings in C/C++/Fortran sources/headers ... OK
* checking compiled code ... OK
* checking sizes of PDF files under ‘inst/doc’ ... OK
* checking installed files from ‘inst/doc’ ... OK
* checking files in ‘vignettes’ ... OK
* checking examples ... OK
Examples with CPU or elapsed time > 5s
user system elapsed
genomicvars 58.977 17.001 83.490
GPos-class 30.737 3.570 35.044
makeGRangesFromDataFrame 1.416 0.030 22.319
* checking for unstated dependencies in ‘tests’ ... OK
* checking tests ...
Running ‘run_unitTests.R’
OK
* checking for unstated dependencies in vignettes ... OK
* checking package vignettes in ‘inst/doc’ ... OK
* checking running R code from vignettes ... SKIPPED
* checking re-building of vignette outputs ... SKIPPED
* checking PDF version of manual ... OK
* DONE
Status: 1 WARNING, 1 NOTE
See
‘/Users/biocbuild/bbs-3.6-bioc/meat/GenomicRanges.Rcheck/00check.log’
for details.
GenomicRanges.Rcheck/00install.out
* installing *source* package ‘GenomicRanges’ ... ** libs clang -I/Library/Frameworks/R.framework/Resources/include -DNDEBUG -I"/Library/Frameworks/R.framework/Versions/3.4/Resources/library/S4Vectors/include" -I"/Library/Frameworks/R.framework/Versions/3.4/Resources/library/IRanges/include" -I/usr/local/include -fPIC -Wall -g -O2 -c IRanges_stubs.c -o IRanges_stubs.o clang -I/Library/Frameworks/R.framework/Resources/include -DNDEBUG -I"/Library/Frameworks/R.framework/Versions/3.4/Resources/library/S4Vectors/include" -I"/Library/Frameworks/R.framework/Versions/3.4/Resources/library/IRanges/include" -I/usr/local/include -fPIC -Wall -g -O2 -c R_init_GenomicRanges.c -o R_init_GenomicRanges.o clang -I/Library/Frameworks/R.framework/Resources/include -DNDEBUG -I"/Library/Frameworks/R.framework/Versions/3.4/Resources/library/S4Vectors/include" -I"/Library/Frameworks/R.framework/Versions/3.4/Resources/library/IRanges/include" -I/usr/local/include -fPIC -Wall -g -O2 -c S4Vectors_stubs.c -o S4Vectors_stubs.o clang -I/Library/Frameworks/R.framework/Resources/include -DNDEBUG -I"/Library/Frameworks/R.framework/Versions/3.4/Resources/library/S4Vectors/include" -I"/Library/Frameworks/R.framework/Versions/3.4/Resources/library/IRanges/include" -I/usr/local/include -fPIC -Wall -g -O2 -c transcript_utils.c -o transcript_utils.o clang++ -dynamiclib -Wl,-headerpad_max_install_names -undefined dynamic_lookup -single_module -multiply_defined suppress -L/Library/Frameworks/R.framework/Resources/lib -L/usr/local/lib -o GenomicRanges.so IRanges_stubs.o R_init_GenomicRanges.o S4Vectors_stubs.o transcript_utils.o -F/Library/Frameworks/R.framework/.. -framework R -Wl,-framework -Wl,CoreFoundation installing to /Users/biocbuild/bbs-3.6-bioc/meat/GenomicRanges.Rcheck/GenomicRanges/libs ** R ** inst ** preparing package for lazy loading ** help *** installing help indices ** building package indices ** installing vignettes ** testing if installed package can be loaded * DONE (GenomicRanges)
GenomicRanges.Rcheck/tests/run_unitTests.Rout
R version 3.4.4 (2018-03-15) -- "Someone to Lean On"
Copyright (C) 2018 The R Foundation for Statistical Computing
Platform: x86_64-apple-darwin15.6.0 (64-bit)
R is free software and comes with ABSOLUTELY NO WARRANTY.
You are welcome to redistribute it under certain conditions.
Type 'license()' or 'licence()' for distribution details.
R is a collaborative project with many contributors.
Type 'contributors()' for more information and
'citation()' on how to cite R or R packages in publications.
Type 'demo()' for some demos, 'help()' for on-line help, or
'help.start()' for an HTML browser interface to help.
Type 'q()' to quit R.
> require("GenomicRanges") || stop("unable to load GenomicRanges package")
Loading required package: GenomicRanges
Loading required package: stats4
Loading required package: BiocGenerics
Loading required package: parallel
Attaching package: 'BiocGenerics'
The following objects are masked from 'package:parallel':
clusterApply, clusterApplyLB, clusterCall, clusterEvalQ,
clusterExport, clusterMap, parApply, parCapply, parLapply,
parLapplyLB, parRapply, parSapply, parSapplyLB
The following objects are masked from 'package:stats':
IQR, mad, sd, var, xtabs
The following objects are masked from 'package:base':
Filter, Find, Map, Position, Reduce, anyDuplicated, append,
as.data.frame, cbind, colMeans, colSums, colnames, do.call,
duplicated, eval, evalq, get, grep, grepl, intersect, is.unsorted,
lapply, lengths, mapply, match, mget, order, paste, pmax, pmax.int,
pmin, pmin.int, rank, rbind, rowMeans, rowSums, rownames, sapply,
setdiff, sort, table, tapply, union, unique, unsplit, which,
which.max, which.min
Loading required package: S4Vectors
Attaching package: 'S4Vectors'
The following object is masked from 'package:base':
expand.grid
Loading required package: IRanges
Loading required package: GenomeInfoDb
[1] TRUE
> GenomicRanges:::.test()
RUNIT TEST PROTOCOL -- Thu Apr 12 04:24:24 2018
***********************************************
Number of test functions: 70
Number of errors: 0
Number of failures: 0
1 Test Suite :
GenomicRanges RUnit Tests - 70 test functions, 0 errors, 0 failures
Number of test functions: 70
Number of errors: 0
Number of failures: 0
>
> proc.time()
user system elapsed
42.952 0.289 43.817
GenomicRanges.Rcheck/GenomicRanges-Ex.timings
| name | user | system | elapsed | |
| GNCList-class | 1.410 | 0.017 | 1.461 | |
| GPos-class | 30.737 | 3.570 | 35.044 | |
| GRanges-class | 1.472 | 0.012 | 1.505 | |
| GRangesList-class | 0.554 | 0.005 | 0.570 | |
| GenomicRanges-comparison | 0.279 | 0.003 | 0.285 | |
| absoluteRanges | 1.666 | 0.116 | 1.801 | |
| constraint | 1.222 | 0.021 | 1.264 | |
| coverage-methods | 0.232 | 0.001 | 0.236 | |
| findOverlaps-methods | 1.302 | 0.007 | 1.350 | |
| genomic-range-squeezers | 0.001 | 0.000 | 0.000 | |
| genomicvars | 58.977 | 17.001 | 83.490 | |
| inter-range-methods | 2.557 | 0.470 | 3.080 | |
| intra-range-methods | 0.486 | 0.007 | 0.492 | |
| makeGRangesFromDataFrame | 1.416 | 0.030 | 22.319 | |
| makeGRangesListFromDataFrame | 0.107 | 0.001 | 0.109 | |
| nearest-methods | 0.871 | 0.004 | 0.889 | |
| phicoef | 0.030 | 0.001 | 0.031 | |
| setops-methods | 2.670 | 0.009 | 2.719 | |
| strand-utils | 0.127 | 0.002 | 0.130 | |
| tile-methods | 0.109 | 0.000 | 0.113 | |
| tileGenome | 0.317 | 0.007 | 0.330 | |