| Back to Multiple platform build/check report for BioC 3.6 |
|
This page was generated on 2018-04-12 13:33:23 -0400 (Thu, 12 Apr 2018).
| Package 530/1472 | Hostname | OS / Arch | INSTALL | BUILD | CHECK | BUILD BIN | ||||||
| GeneAnswers 2.20.0 Lei Huang
| malbec1 | Linux (Ubuntu 16.04.1 LTS) / x86_64 | OK | OK | WARNINGS | |||||||
| tokay1 | Windows Server 2012 R2 Standard / x64 | OK | OK | WARNINGS | OK | |||||||
| veracruz1 | OS X 10.11.6 El Capitan / x86_64 | OK | OK | [ WARNINGS ] | OK |
| Package: GeneAnswers |
| Version: 2.20.0 |
| Command: /Library/Frameworks/R.framework/Versions/Current/Resources/bin/R CMD check --no-vignettes --timings GeneAnswers_2.20.0.tar.gz |
| StartedAt: 2018-04-12 04:05:43 -0400 (Thu, 12 Apr 2018) |
| EndedAt: 2018-04-12 04:14:39 -0400 (Thu, 12 Apr 2018) |
| EllapsedTime: 536.1 seconds |
| RetCode: 0 |
| Status: WARNINGS |
| CheckDir: GeneAnswers.Rcheck |
| Warnings: 1 |
##############################################################################
##############################################################################
###
### Running command:
###
### /Library/Frameworks/R.framework/Versions/Current/Resources/bin/R CMD check --no-vignettes --timings GeneAnswers_2.20.0.tar.gz
###
##############################################################################
##############################################################################
* using log directory ‘/Users/biocbuild/bbs-3.6-bioc/meat/GeneAnswers.Rcheck’
* using R version 3.4.4 (2018-03-15)
* using platform: x86_64-apple-darwin15.6.0 (64-bit)
* using session charset: UTF-8
* using option ‘--no-vignettes’
* checking for file ‘GeneAnswers/DESCRIPTION’ ... OK
* checking extension type ... Package
* this is package ‘GeneAnswers’ version ‘2.20.0’
* checking package namespace information ... OK
* checking package dependencies ... NOTE
Depends: includes the non-default packages:
‘igraph’ ‘RCurl’ ‘annotate’ ‘Biobase’ ‘XML’ ‘RSQLite’ ‘MASS’
‘Heatplus’ ‘RColorBrewer’
Adding so many packages to the search path is excessive and importing
selectively is preferable.
* checking if this is a source package ... OK
* checking if there is a namespace ... OK
* checking for hidden files and directories ... OK
* checking for portable file names ... OK
* checking for sufficient/correct file permissions ... OK
* checking whether package ‘GeneAnswers’ can be installed ... WARNING
Found the following significant warnings:
Warning: replacing previous import ‘stats::decompose’ by ‘igraph::decompose’ when loading ‘GeneAnswers’
Warning: replacing previous import ‘stats::spectrum’ by ‘igraph::spectrum’ when loading ‘GeneAnswers’
See ‘/Users/biocbuild/bbs-3.6-bioc/meat/GeneAnswers.Rcheck/00install.out’ for details.
* checking installed package size ... NOTE
installed size is 35.5Mb
sub-directories of 1Mb or more:
External 32.4Mb
data 1.0Mb
doc 1.6Mb
* checking package directory ... OK
* checking ‘build’ directory ... OK
* checking DESCRIPTION meta-information ... NOTE
Package listed in more than one of Depends, Imports, Suggests, Enhances:
‘annotate’
A package should be listed in only one of these fields.
* checking top-level files ... OK
* checking for left-over files ... OK
* checking index information ... OK
* checking package subdirectories ... OK
* checking R files for non-ASCII characters ... OK
* checking R files for syntax errors ... OK
* checking whether the package can be loaded ... OK
* checking whether the package can be loaded with stated dependencies ... OK
* checking whether the package can be unloaded cleanly ... OK
* checking whether the namespace can be loaded with stated dependencies ... OK
* checking whether the namespace can be unloaded cleanly ... OK
* checking dependencies in R code ... NOTE
'library' or 'require' calls to packages already attached by Depends:
‘Biobase’ ‘Heatplus’ ‘MASS’ ‘RColorBrewer’ ‘XML’ ‘igraph’
Please remove these calls from your code.
'library' or 'require' calls in package code:
‘GO.db’ ‘KEGG.db’ ‘biomaRt’ ‘reactome.db’
Please use :: or requireNamespace() instead.
See section 'Suggested packages' in the 'Writing R Extensions' manual.
* checking S3 generic/method consistency ... OK
* checking replacement functions ... OK
* checking foreign function calls ... OK
* checking R code for possible problems ... NOTE
File ‘GeneAnswers/R/zzz.R’:
.onLoad calls:
require(Biobase)
Package startup functions should not change the search path.
See section ‘Good practice’ in '?.onAttach'.
.catsCluster: no visible global function definition for ‘par’
.catsCluster: no visible global function definition for ‘plot’
.defaultHeatmapColors: no visible global function definition for ‘rgb’
.drawHTMLtable: no visible global function definition for
‘colorRampPalette’
.drawTable: no visible global function definition for ‘par’
.drawTable: no visible global function definition for ‘image’
.drawTable: no visible global function definition for ‘abline’
.drawTable: no visible global function definition for ‘axis’
.drawTable: no visible global function definition for ‘points’
.heatmap.mds: no visible global function definition for
‘colorRampPalette’
.heatmap.mds: no visible global function definition for ‘layout’
.heatmap.mds: no visible global function definition for ‘par’
.heatmap.mds: no visible global function definition for ‘image’
.heatmap.mds: no visible global function definition for ‘axis’
.heatmap.mds: no visible global function definition for ‘box’
buildNet: no visible global function definition for ‘colorRampPalette’
buildNet: no visible global function definition for ‘plot’
chartPlots: no visible global function definition for ‘x11’
chartPlots: no visible global function definition for ‘pie’
chartPlots: no visible global function definition for ‘rainbow’
chartPlots: no visible global function definition for ‘barplot’
drawTable: no visible global function definition for ‘colorRampPalette’
drawTable: no visible global function definition for ‘x11’
drawTable: no visible global function definition for ‘par’
drawTable: no visible global function definition for ‘image’
drawTable: no visible global function definition for ‘abline’
drawTable: no visible global function definition for ‘axis’
drawTable: no visible global function definition for ‘text’
drawTable: no visible global function definition for ‘box’
drawTable: no visible global function definition for ‘dev.set’
drawTable: no visible global function definition for ‘dev.prev’
geneAnnotationHeatmap: no visible global function definition for
‘colorRampPalette’
geneAnnotationHeatmap: no visible global function definition for
‘layout’
geneConceptNet: no visible global function definition for
‘colorRampPalette’
getHomoGeneIDs: no visible global function definition for ‘useMart’
getHomoGeneIDs: no visible global function definition for ‘getLDS’
getTotalGeneNumber: no visible global function definition for
‘count.mappedkeys’
getTotalGeneNumber: no visible global function definition for ‘toTable’
getTotalGeneNumber: no visible binding for global variable
‘reactomePATHNAME2ID’
groupReport: no visible global function definition for ‘png’
groupReport: no visible global function definition for ‘dev.off’
groupReport: no visible global function definition for ‘rgb’
groupReport: no visible global function definition for ‘col2rgb’
Undefined global functions or variables:
abline axis barplot box col2rgb colorRampPalette count.mappedkeys
dev.off dev.prev dev.set getLDS image layout par pie plot png points
rainbow reactomePATHNAME2ID rgb text toTable useMart x11
Consider adding
importFrom("grDevices", "col2rgb", "colorRampPalette", "dev.off",
"dev.prev", "dev.set", "png", "rainbow", "rgb", "x11")
importFrom("graphics", "abline", "axis", "barplot", "box", "image",
"layout", "par", "pie", "plot", "points", "text")
to your NAMESPACE file.
* checking Rd files ... OK
* checking Rd metadata ... OK
* checking Rd cross-references ... OK
* checking for missing documentation entries ... OK
* checking for code/documentation mismatches ... OK
* checking Rd \usage sections ... OK
* checking Rd contents ... OK
* checking for unstated dependencies in examples ... OK
* checking contents of ‘data’ directory ... OK
* checking data for non-ASCII characters ... OK
* checking data for ASCII and uncompressed saves ... OK
* checking sizes of PDF files under ‘inst/doc’ ... OK
* checking installed files from ‘inst/doc’ ... OK
* checking files in ‘vignettes’ ... OK
* checking examples ... OK
Examples with CPU or elapsed time > 5s
user system elapsed
geneAnswersReadable 58.431 2.218 61.722
GeneAnswers-class 27.559 1.041 29.214
getMultiLayerGraphIDs 26.476 0.596 27.518
geneAnswersConceptRelation 26.019 0.646 27.095
geneAnswersChartPlots 25.622 0.657 26.847
geneAnswersSort 24.842 0.729 26.102
getConnectedGraph 24.718 0.638 25.852
geneAnswersConcepts 24.544 0.740 25.728
GeneAnswers-package 24.014 0.682 25.095
geneAnswersConceptNet 23.850 0.732 25.006
buildNet 23.897 0.644 25.064
geneAnswersHeatmap 23.536 0.711 24.710
geneAnswersBuilder 23.198 0.778 24.324
geneAnswersHomoMapping 22.188 0.612 23.096
getGOList 12.492 0.788 14.714
* checking for unstated dependencies in vignettes ... OK
* checking package vignettes in ‘inst/doc’ ... OK
* checking running R code from vignettes ... SKIPPED
* checking re-building of vignette outputs ... SKIPPED
* checking PDF version of manual ... OK
* DONE
Status: 1 WARNING, 5 NOTEs
See
‘/Users/biocbuild/bbs-3.6-bioc/meat/GeneAnswers.Rcheck/00check.log’
for details.
GeneAnswers.Rcheck/00install.out
* installing *source* package ‘GeneAnswers’ ... ** R ** data ** inst ** preparing package for lazy loading Warning: replacing previous import ‘stats::decompose’ by ‘igraph::decompose’ when loading ‘GeneAnswers’ Warning: replacing previous import ‘stats::spectrum’ by ‘igraph::spectrum’ when loading ‘GeneAnswers’ ** help *** installing help indices ** building package indices ** installing vignettes ** testing if installed package can be loaded Warning: replacing previous import ‘stats::decompose’ by ‘igraph::decompose’ when loading ‘GeneAnswers’ Warning: replacing previous import ‘stats::spectrum’ by ‘igraph::spectrum’ when loading ‘GeneAnswers’ * DONE (GeneAnswers)
GeneAnswers.Rcheck/GeneAnswers-Ex.timings
| name | user | system | elapsed | |
| DO | 0.395 | 0.014 | 0.414 | |
| DOLite | 0.030 | 0.005 | 0.036 | |
| DOLiteTerm | 0.003 | 0.002 | 0.005 | |
| DmIALite | 0.073 | 0.007 | 0.080 | |
| GeneAnswers-class | 27.559 | 1.041 | 29.214 | |
| GeneAnswers-package | 24.014 | 0.682 | 25.095 | |
| HsIALite | 0.242 | 0.009 | 0.253 | |
| MmIALite | 0.013 | 0.006 | 0.022 | |
| RnIALite | 0.008 | 0.006 | 0.013 | |
| buildNet | 23.897 | 0.644 | 25.064 | |
| caBIO.PATHGenes | 0.000 | 0.000 | 0.001 | |
| caBIO2entrez | 0.000 | 0.000 | 0.001 | |
| categoryNet | 0 | 0 | 0 | |
| chartPlots | 0.040 | 0.021 | 0.084 | |
| drawTable | 0.643 | 0.019 | 0.670 | |
| entrez2caBIO | 0.000 | 0.000 | 0.001 | |
| geneAnnotationHeatmap | 0.001 | 0.001 | 0.002 | |
| geneAnswersBuilder | 23.198 | 0.778 | 24.324 | |
| geneAnswersChartPlots | 25.622 | 0.657 | 26.847 | |
| geneAnswersConceptNet | 23.850 | 0.732 | 25.006 | |
| geneAnswersConceptRelation | 26.019 | 0.646 | 27.095 | |
| geneAnswersConcepts | 24.544 | 0.740 | 25.728 | |
| geneAnswersHeatmap | 23.536 | 0.711 | 24.710 | |
| geneAnswersHomoMapping | 22.188 | 0.612 | 23.096 | |
| geneAnswersReadable | 58.431 | 2.218 | 61.722 | |
| geneAnswersSort | 24.842 | 0.729 | 26.102 | |
| geneConceptNet | 0.001 | 0.000 | 0.001 | |
| getCategoryList | 0.418 | 0.016 | 0.449 | |
| getCategoryTerms | 0.043 | 0.002 | 0.045 | |
| getConceptTable | 0.709 | 0.027 | 0.756 | |
| getConnectedGraph | 24.718 | 0.638 | 25.852 | |
| getDOLiteTerms | 0.005 | 0.001 | 0.007 | |
| getGOList | 12.492 | 0.788 | 14.714 | |
| getHomoGeneIDs | 0.226 | 0.026 | 0.263 | |
| getListGIF | 0.001 | 0.000 | 0.001 | |
| getMultiLayerGraphIDs | 26.476 | 0.596 | 27.518 | |
| getNextGOIDs | 0.104 | 0.005 | 0.109 | |
| getPATHList | 0.038 | 0.003 | 0.040 | |
| getPATHTerms | 0.018 | 0.001 | 0.018 | |
| getREACTOMEPATHList | 0.000 | 0.000 | 0.001 | |
| getREACTOMEPATHTerms | 0.000 | 0.000 | 0.001 | |
| getSingleLayerGraphIDs | 0.003 | 0.000 | 0.003 | |
| getSymbols | 0.025 | 0.002 | 0.027 | |
| getTotalGeneNumber | 0.199 | 0.014 | 0.214 | |
| getcaBIOPATHList | 0.000 | 0.000 | 0.001 | |
| getcaBIOPATHTerms | 0.000 | 0.000 | 0.001 | |
| groupReport | 0.899 | 0.069 | 0.975 | |
| humanExpr | 0.005 | 0.002 | 0.006 | |
| humanGeneInput | 0.005 | 0.002 | 0.006 | |
| mouseExpr | 0.006 | 0.002 | 0.007 | |
| mouseGeneInput | 0.004 | 0.002 | 0.006 | |
| sampleGroupsData | 0.120 | 0.039 | 0.164 | |
| searchEntrez | 0.001 | 0.000 | 0.000 | |
| topCategory | 0.001 | 0.000 | 0.000 | |
| topCategoryGenes | 0.001 | 0.000 | 0.001 | |
| topDOLITE | 0.001 | 0.001 | 0.001 | |
| topDOLITEGenes | 0.001 | 0.000 | 0.000 | |
| topGO | 0.001 | 0.000 | 0.000 | |
| topGOGenes | 0.001 | 0.001 | 0.000 | |
| topPATH | 0.001 | 0.000 | 0.001 | |
| topPATHGenes | 0.001 | 0.000 | 0.001 | |
| topREACTOME.PATH | 0.001 | 0.001 | 0.002 | |
| topREACTOME.PATHGenes | 0.000 | 0.000 | 0.001 | |
| topcaBIO.PATH | 0 | 0 | 0 | |