flowStats 3.33.1 Greg Finak  and Mike Jiang
 | Snapshot Date: 2017-03-03 17:15:47 -0500 (Fri, 03 Mar 2017) |  | URL: https://hedgehog.fhcrc.org/bioconductor/trunk/madman/Rpacks/flowStats |  | Last Changed Rev: 125476 / Revision: 127142 |  | Last Changed Date: 2016-12-28 15:24:58 -0500 (Wed, 28 Dec 2016) |  
  | malbec2  | Linux (Ubuntu 16.04.1 LTS) / x86_64  |  OK  |  ERROR  |  skipped  |  |  | 
| tokay2  | Windows Server 2012 R2 Standard / x64  |  OK  |  ERROR  |  skipped  |  skipped  |  | 
| toluca2  | Mac OS X Mavericks (10.9.5) / x86_64  |  OK  |  ERROR  |  skipped  |  skipped  |  | 
| oaxaca  | Mac OS X Mavericks (10.9.5) / x86_64  |  OK  | [ ERROR ] |  skipped  |  skipped  |  | 
##############################################################################
##############################################################################
###
### Running command:
###
###   /Library/Frameworks/R.framework/Versions/Current/Resources/bin/R CMD build --keep-empty-dirs --no-resave-data flowStats
###
##############################################################################
##############################################################################
* checking for file ‘flowStats/DESCRIPTION’ ... OK
* preparing ‘flowStats’:
* checking DESCRIPTION meta-information ... OK
* installing the package to build vignettes
* creating vignettes ... ERROR
Loading required package: flowCore
Loading required package: fda
Loading required package: splines
Loading required package: Matrix
Attaching package: ‘Matrix’
The following object is masked from ‘package:flowCore’:
    %&%
Attaching package: ‘fda’
The following object is masked from ‘package:graphics’:
    matplot
Loading required package: cluster
Loading required package: flowWorkspace
Loading required package: ncdfFlow
Loading required package: RcppArmadillo
Loading required package: BH
Warning in rgl.init(initValue, onlyNULL) :
  RGL: GLX extension missing on server
Warning: 'rgl_init' failed, running with rgl.useNULL = TRUE
Warning: 'workFlow' is deprecated.
Use 'flowWorkspace::GatingSet' instead.
See help("Deprecated")
Warning in ovalues > r[1, ] & ovalues < r[2, ] & !is.na(ovalues) :
  longer object length is not a multiple of shorter object length
Error: processing vignette 'GettingStartedWithFlowStats.Rnw' failed with diagnostics:
 chunk 3 (label = lymphGate) 
Error in x %in% filter : 
  dims [product 9] do not match the length of object [136959]
Execution halted