| Back to the "Multiple platform build/check report" | A B C [D] E F G H I J K L M N O P Q R S T U V W X Y Z | 
This page was generated on 2017-08-16 13:24:59 -0400 (Wed, 16 Aug 2017).
| Package 315/1382 | Hostname | OS / Arch | INSTALL | BUILD | CHECK | BUILD BIN | |||||
| DAPAR 1.8.7 Samuel Wieczorek 
  | malbec2 | Linux (Ubuntu 16.04.1 LTS) / x86_64 | OK | OK | WARNINGS | ||||||
| tokay2 | Windows Server 2012 R2 Standard / x64 | OK | OK | [ WARNINGS ] | OK | ||||||
| veracruz2 | OS X 10.11.6 El Capitan / x86_64 | OK | OK | WARNINGS | OK | 
| Package: DAPAR | 
| Version: 1.8.7 | 
| Command: rm -rf DAPAR.buildbin-libdir DAPAR.Rcheck && mkdir DAPAR.buildbin-libdir DAPAR.Rcheck && C:\Users\biocbuild\bbs-3.5-bioc\R\bin\R.exe CMD INSTALL --build --merge-multiarch --library=DAPAR.buildbin-libdir DAPAR_1.8.7.tar.gz >DAPAR.Rcheck\00install.out 2>&1 && cp DAPAR.Rcheck\00install.out DAPAR-install.out && C:\Users\biocbuild\bbs-3.5-bioc\R\bin\R.exe CMD check --library=DAPAR.buildbin-libdir --install="check:DAPAR-install.out" --force-multiarch --no-vignettes --timings DAPAR_1.8.7.tar.gz | 
| StartedAt: 2017-08-15 23:06:22 -0400 (Tue, 15 Aug 2017) | 
| EndedAt: 2017-08-15 23:14:12 -0400 (Tue, 15 Aug 2017) | 
| EllapsedTime: 469.4 seconds | 
| RetCode: 0 | 
| Status: WARNINGS | 
| CheckDir: DAPAR.Rcheck | 
| Warnings: 1 | 
##############################################################################
##############################################################################
###
### Running command:
###
###   rm -rf DAPAR.buildbin-libdir DAPAR.Rcheck && mkdir DAPAR.buildbin-libdir DAPAR.Rcheck && C:\Users\biocbuild\bbs-3.5-bioc\R\bin\R.exe CMD INSTALL --build --merge-multiarch --library=DAPAR.buildbin-libdir DAPAR_1.8.7.tar.gz >DAPAR.Rcheck\00install.out 2>&1 && cp DAPAR.Rcheck\00install.out DAPAR-install.out  &&  C:\Users\biocbuild\bbs-3.5-bioc\R\bin\R.exe CMD check --library=DAPAR.buildbin-libdir --install="check:DAPAR-install.out" --force-multiarch --no-vignettes --timings DAPAR_1.8.7.tar.gz
###
##############################################################################
##############################################################################
* using log directory 'C:/Users/biocbuild/bbs-3.5-bioc/meat/DAPAR.Rcheck'
* using R version 3.4.1 (2017-06-30)
* using platform: x86_64-w64-mingw32 (64-bit)
* using session charset: ISO8859-1
* using option '--no-vignettes'
* checking for file 'DAPAR/DESCRIPTION' ... OK
* checking extension type ... Package
* this is package 'DAPAR' version '1.8.7'
* checking package namespace information ... OK
* checking package dependencies ... OK
* checking if this is a source package ... OK
* checking if there is a namespace ... OK
* checking for hidden files and directories ... OK
* checking for portable file names ... OK
* checking whether package 'DAPAR' can be installed ... OK
* checking installed package size ... OK
* checking package directory ... OK
* checking 'build' directory ... OK
* checking DESCRIPTION meta-information ... OK
* checking top-level files ... OK
* checking for left-over files ... OK
* checking index information ... OK
* checking package subdirectories ... OK
* checking R files for non-ASCII characters ... OK
* checking R files for syntax errors ... OK
* loading checks for arch 'i386'
** checking whether the package can be loaded ... OK
** checking whether the package can be loaded with stated dependencies ... OK
** checking whether the package can be unloaded cleanly ... OK
** checking whether the namespace can be loaded with stated dependencies ... OK
** checking whether the namespace can be unloaded cleanly ... OK
* loading checks for arch 'x64'
** checking whether the package can be loaded ... OK
** checking whether the package can be loaded with stated dependencies ... OK
** checking whether the package can be unloaded cleanly ... OK
** checking whether the namespace can be loaded with stated dependencies ... OK
** checking whether the namespace can be unloaded cleanly ... OK
* checking dependencies in R code ... OK
* checking S3 generic/method consistency ... OK
* checking replacement functions ... OK
* checking foreign function calls ... OK
* checking R code for possible problems ... OK
* checking Rd files ... OK
* checking Rd metadata ... OK
* checking Rd cross-references ... OK
* checking for missing documentation entries ... WARNING
Undocumented data sets:
  'testWithoutNA' 'test' 'UPSpep25'
All user-level objects in a package should have documentation entries.
See chapter 'Writing R documentation files' in the 'Writing R
Extensions' manual.
* checking for code/documentation mismatches ... OK
* checking Rd \usage sections ... OK
* checking Rd contents ... OK
* checking for unstated dependencies in examples ... OK
* checking contents of 'data' directory ... OK
* checking data for non-ASCII characters ... OK
* checking data for ASCII and uncompressed saves ... OK
* checking installed files from 'inst/doc' ... OK
* checking files in 'vignettes' ... OK
* checking examples ...
** running examples for arch 'i386' ... OK
Examples with CPU or elapsed time > 5s
                            user system elapsed
wrapper.dapar.impute.mi    16.11   0.02   16.13
diffAnaVolcanoplot_rCharts  1.47   0.05    7.05
** running examples for arch 'x64' ... OK
Examples with CPU or elapsed time > 5s
                         user system elapsed
wrapper.dapar.impute.mi 41.94      0   41.93
* checking for unstated dependencies in 'tests' ... OK
* checking tests ...
** running tests for arch 'i386' ...
  Running 'testthat.R'
 OK
** running tests for arch 'x64' ...
  Running 'testthat.R'
 OK
* checking for unstated dependencies in vignettes ... OK
* checking package vignettes in 'inst/doc' ... OK
* checking running R code from vignettes ... SKIPPED
* checking re-building of vignette outputs ... SKIPPED
* checking PDF version of manual ... OK
* DONE
Status: 1 WARNING
See
  'C:/Users/biocbuild/bbs-3.5-bioc/meat/DAPAR.Rcheck/00check.log'
for details.
DAPAR.Rcheck/00install.out:
install for i386 * installing *source* package 'DAPAR' ... ** R ** data ** inst ** preparing package for lazy loading ** help *** installing help indices ** building package indices ** installing vignettes ** testing if installed package can be loaded install for x64 * installing *source* package 'DAPAR' ... ** testing if installed package can be loaded * MD5 sums packaged installation of 'DAPAR' as DAPAR_1.8.7.zip * DONE (DAPAR)
DAPAR.Rcheck/examples_i386/DAPAR-Ex.timings:
| name | user | system | elapsed | |
| BuildAdjacencyMatrix | 1.31 | 0.08 | 3.73 | |
| BuildColumnToProteinDataset | 1.14 | 0.01 | 1.16 | |
| CVDistD | 2.57 | 0.11 | 2.68 | |
| CountPep | 0.39 | 0.02 | 0.41 | |
| GraphPepProt | 0.82 | 0.03 | 0.84 | |
| MeanPeptides | 0.26 | 0.03 | 0.30 | |
| SumPeptides | 0.33 | 0.00 | 0.33 | |
| TopnPeptides | 1.67 | 0.03 | 1.70 | |
| boxPlotD | 0.73 | 0.02 | 0.75 | |
| compareNormalizationD | 0.52 | 0.03 | 0.54 | |
| corrMatrixD | 1.26 | 0.03 | 1.30 | |
| createMSnset | 1.43 | 0.02 | 1.64 | |
| deleteLinesFromIndices | 0.36 | 0.03 | 0.39 | |
| densityPlotD | 0.32 | 0.00 | 0.33 | |
| diffAna | 0.52 | 0.00 | 0.52 | |
| diffAnaComputeFDR | 1.11 | 0.00 | 1.10 | |
| diffAnaGetSignificant | 0.28 | 0.00 | 0.29 | |
| diffAnaLimma | 0.31 | 0.01 | 0.32 | |
| diffAnaSave | 0.31 | 0.00 | 0.32 | |
| diffAnaVolcanoplot | 0.24 | 0.00 | 0.23 | |
| diffAnaVolcanoplot_rCharts | 1.47 | 0.05 | 7.05 | |
| diffAnaWelch | 0.48 | 0.00 | 0.48 | |
| getIndicesConditions | 0.58 | 0.00 | 0.58 | |
| getIndicesOfLinesToRemove | 0.23 | 0.00 | 0.23 | |
| getNumberOf | 0.23 | 0.00 | 0.23 | |
| getNumberOfEmptyLines | 0.27 | 0.00 | 0.27 | |
| getPaletteForLabels | 0.23 | 0.00 | 0.23 | |
| getPaletteForReplicates | 0.22 | 0.00 | 0.22 | |
| getPourcentageOfMV | 0.19 | 0.03 | 0.22 | |
| getProcessingInfo | 0.2 | 0.0 | 0.2 | |
| getProteinsStats | 0.23 | 0.03 | 0.27 | |
| heatmap.DAPAR | 0.49 | 0.03 | 0.51 | |
| heatmapD | 0.81 | 0.00 | 0.81 | |
| impute.pa2 | 0.29 | 0.00 | 0.30 | |
| limmaCompleteTest | 0.28 | 0.00 | 0.28 | |
| mvFilter | 0.32 | 0.00 | 0.31 | |
| mvFilterFromIndices | 0.23 | 0.03 | 0.27 | |
| mvFilterGetIndices | 0.27 | 0.05 | 0.31 | |
| mvHisto | 0.26 | 0.00 | 0.26 | |
| mvImage | 2.24 | 0.03 | 2.27 | |
| mvImputation | 0.22 | 0.02 | 0.23 | |
| mvPerLinesHisto | 0.33 | 0.01 | 0.34 | |
| mvPerLinesHistoPerCondition | 0.28 | 0.02 | 0.30 | |
| mvTypePlot | 1.03 | 0.02 | 1.05 | |
| normalizeD | 0.31 | 0.00 | 0.31 | |
| normalizeD2 | 0.27 | 0.01 | 0.28 | |
| pepAgregate | 0.33 | 0.02 | 0.35 | |
| proportionConRev | 0.81 | 0.01 | 0.82 | |
| removeLines | 0.22 | 0.00 | 0.22 | |
| translatedRandomBeta | 0 | 0 | 0 | |
| violinPlotD | 1.45 | 0.02 | 1.49 | |
| wrapper.CVDistD | 2.08 | 0.01 | 2.09 | |
| wrapper.boxPlotD | 0.22 | 0.00 | 0.22 | |
| wrapper.compareNormalizationD | 0.52 | 0.00 | 0.51 | |
| wrapper.corrMatrixD | 1.60 | 0.00 | 1.61 | |
| wrapper.dapar.impute.mi | 16.11 | 0.02 | 16.13 | |
| wrapper.densityPlotD | 0.3 | 0.0 | 0.3 | |
| wrapper.diffAnaLimma | 0.22 | 0.01 | 0.23 | |
| wrapper.diffAnaWelch | 0.25 | 0.02 | 0.27 | |
| wrapper.heatmapD | 1.19 | 0.00 | 1.18 | |
| wrapper.impute.pa | 0.33 | 0.00 | 0.33 | |
| wrapper.impute.pa2 | 0.29 | 0.00 | 0.30 | |
| wrapper.mvHisto | 0.3 | 0.0 | 0.3 | |
| wrapper.mvImage | 1.98 | 0.02 | 2.00 | |
| wrapper.mvImputation | 0.28 | 0.00 | 0.28 | |
| wrapper.mvPerLinesHisto | 0.40 | 0.00 | 0.39 | |
| wrapper.mvPerLinesHistoPerCondition | 0.32 | 0.01 | 0.34 | |
| wrapper.mvTypePlot | 1.10 | 0.03 | 1.13 | |
| wrapper.normalizeD | 0.38 | 0.00 | 0.38 | |
| wrapper.normalizeD2 | 0.83 | 0.00 | 0.82 | |
| wrapper.violinPlotD | 1.45 | 0.00 | 1.46 | |
| wrapperCalibrationPlot | 0.26 | 0.00 | 0.26 | |
| writeMSnsetToExcel | 1.40 | 0.02 | 1.64 | |
DAPAR.Rcheck/examples_x64/DAPAR-Ex.timings:
| name | user | system | elapsed | |
| BuildAdjacencyMatrix | 0.95 | 0.02 | 0.97 | |
| BuildColumnToProteinDataset | 1.38 | 0.05 | 1.42 | |
| CVDistD | 2.57 | 0.03 | 2.60 | |
| CountPep | 0.32 | 0.04 | 0.37 | |
| GraphPepProt | 0.79 | 0.02 | 0.80 | |
| MeanPeptides | 0.28 | 0.02 | 0.30 | |
| SumPeptides | 0.31 | 0.00 | 0.31 | |
| TopnPeptides | 1.56 | 0.01 | 1.58 | |
| boxPlotD | 0.92 | 0.02 | 0.93 | |
| compareNormalizationD | 1.07 | 0.03 | 1.10 | |
| corrMatrixD | 1.17 | 0.01 | 1.18 | |
| createMSnset | 0.83 | 0.00 | 0.83 | |
| deleteLinesFromIndices | 0.33 | 0.02 | 0.34 | |
| densityPlotD | 0.31 | 0.00 | 0.31 | |
| diffAna | 0.44 | 0.01 | 0.46 | |
| diffAnaComputeFDR | 1 | 0 | 1 | |
| diffAnaGetSignificant | 0.25 | 0.00 | 0.25 | |
| diffAnaLimma | 0.28 | 0.02 | 0.30 | |
| diffAnaSave | 0.29 | 0.00 | 0.30 | |
| diffAnaVolcanoplot | 0.22 | 0.05 | 0.26 | |
| diffAnaVolcanoplot_rCharts | 1.28 | 0.01 | 1.30 | |
| diffAnaWelch | 0.36 | 0.02 | 0.37 | |
| getIndicesConditions | 0.25 | 0.00 | 0.25 | |
| getIndicesOfLinesToRemove | 0.24 | 0.00 | 0.23 | |
| getNumberOf | 0.23 | 0.00 | 0.24 | |
| getNumberOfEmptyLines | 0.27 | 0.00 | 0.26 | |
| getPaletteForLabels | 0.25 | 0.00 | 0.25 | |
| getPaletteForReplicates | 0.22 | 0.00 | 0.22 | |
| getPourcentageOfMV | 0.25 | 0.00 | 0.25 | |
| getProcessingInfo | 0.2 | 0.0 | 0.2 | |
| getProteinsStats | 0.29 | 0.02 | 0.30 | |
| heatmap.DAPAR | 1.04 | 0.03 | 1.08 | |
| heatmapD | 0.86 | 0.00 | 0.86 | |
| impute.pa2 | 0.30 | 0.00 | 0.29 | |
| limmaCompleteTest | 0.25 | 0.02 | 0.26 | |
| mvFilter | 0.43 | 0.00 | 0.43 | |
| mvFilterFromIndices | 0.28 | 0.00 | 0.28 | |
| mvFilterGetIndices | 0.29 | 0.00 | 0.29 | |
| mvHisto | 0.24 | 0.01 | 0.25 | |
| mvImage | 2.59 | 0.02 | 2.61 | |
| mvImputation | 0.22 | 0.00 | 0.22 | |
| mvPerLinesHisto | 0.3 | 0.0 | 0.3 | |
| mvPerLinesHistoPerCondition | 0.22 | 0.00 | 0.21 | |
| mvTypePlot | 1.03 | 0.01 | 1.05 | |
| normalizeD | 0.33 | 0.00 | 0.33 | |
| normalizeD2 | 0.24 | 0.02 | 0.25 | |
| pepAgregate | 0.32 | 0.00 | 0.33 | |
| proportionConRev | 0.82 | 0.02 | 0.83 | |
| removeLines | 0.34 | 0.02 | 0.36 | |
| translatedRandomBeta | 0 | 0 | 0 | |
| violinPlotD | 1.39 | 0.02 | 1.40 | |
| wrapper.CVDistD | 2.66 | 0.00 | 2.66 | |
| wrapper.boxPlotD | 0.24 | 0.01 | 0.25 | |
| wrapper.compareNormalizationD | 0.86 | 0.02 | 0.88 | |
| wrapper.corrMatrixD | 1.42 | 0.01 | 1.44 | |
| wrapper.dapar.impute.mi | 41.94 | 0.00 | 41.93 | |
| wrapper.densityPlotD | 0.26 | 0.00 | 0.27 | |
| wrapper.diffAnaLimma | 0.24 | 0.00 | 0.23 | |
| wrapper.diffAnaWelch | 0.26 | 0.00 | 0.27 | |
| wrapper.heatmapD | 1.28 | 0.00 | 1.28 | |
| wrapper.impute.pa | 0.39 | 0.00 | 0.39 | |
| wrapper.impute.pa2 | 0.27 | 0.02 | 0.28 | |
| wrapper.mvHisto | 0.21 | 0.02 | 0.23 | |
| wrapper.mvImage | 2.24 | 0.01 | 2.25 | |
| wrapper.mvImputation | 0.22 | 0.05 | 0.27 | |
| wrapper.mvPerLinesHisto | 0.34 | 0.00 | 0.40 | |
| wrapper.mvPerLinesHistoPerCondition | 0.44 | 0.00 | 0.44 | |
| wrapper.mvTypePlot | 1.17 | 0.01 | 1.19 | |
| wrapper.normalizeD | 0.27 | 0.00 | 0.27 | |
| wrapper.normalizeD2 | 0.26 | 0.00 | 0.26 | |
| wrapper.violinPlotD | 1.33 | 0.01 | 1.34 | |
| wrapperCalibrationPlot | 0.25 | 0.00 | 0.25 | |
| writeMSnsetToExcel | 1.98 | 0.05 | 2.50 | |