DAPARdata 1.2.0 Samuel Wieczorek
 | Snapshot Date: 2017-04-15 09:20:05 -0400 (Sat, 15 Apr 2017) |  | URL: https://hedgehog.fhcrc.org/bioc-data/branches/RELEASE_3_4/experiment/pkgs/DAPARdata |  | Last Changed Rev: 3958 / Revision: 4141 |  | Last Changed Date: 2016-10-17 14:47:53 -0400 (Mon, 17 Oct 2016) |  
  | malbec1  | Linux (Ubuntu 16.04.1 LTS) / x86_64  |  OK  |  OK  | [ WARNINGS ] |  |   | 
##############################################################################
##############################################################################
###
### Running command:
###
###   /home/biocbuild/bbs-3.4-bioc/R/bin/R CMD check --no-vignettes --timings DAPARdata_1.2.0.tar.gz
###
##############################################################################
##############################################################################
* using log directory ‘/home/biocbuild/bbs-3.4-data-experiment/meat/DAPARdata.Rcheck’
* using R version 3.3.3 (2017-03-06)
* using platform: x86_64-pc-linux-gnu (64-bit)
* using session charset: UTF-8
* using option ‘--no-vignettes’
* checking for file ‘DAPARdata/DESCRIPTION’ ... OK
* checking extension type ... Package
* this is package ‘DAPARdata’ version ‘1.2.0’
* checking package namespace information ... OK
* checking package dependencies ... OK
* checking if this is a source package ... OK
* checking if there is a namespace ... OK
* checking for hidden files and directories ... OK
* checking for portable file names ... OK
* checking for sufficient/correct file permissions ... OK
* checking whether package ‘DAPARdata’ can be installed ... OK
* checking installed package size ... NOTE
  installed size is 52.1Mb
  sub-directories of 1Mb or more:
    data     11.2Mb
    extdata  40.1Mb
* checking package directory ... OK
* checking DESCRIPTION meta-information ... OK
* checking top-level files ... OK
* checking for left-over files ... OK
* checking index information ... OK
* checking package subdirectories ... OK
* checking R files for non-ASCII characters ... OK
* checking R files for syntax errors ... OK
* checking whether the package can be loaded ... OK
* checking whether the package can be loaded with stated dependencies ... OK
* checking whether the package can be unloaded cleanly ... OK
* checking whether the namespace can be loaded with stated dependencies ... OK
* checking whether the namespace can be unloaded cleanly ... OK
* checking dependencies in R code ... OK
* checking S3 generic/method consistency ... OK
* checking replacement functions ... OK
* checking foreign function calls ... OK
* checking R code for possible problems ... OK
* checking Rd files ... OK
* checking Rd metadata ... OK
* checking Rd cross-references ... OK
* checking for missing documentation entries ... OK
* checking for code/documentation mismatches ... OK
* checking Rd \usage sections ... OK
* checking Rd contents ... OK
* checking for unstated dependencies in examples ... OK
* checking contents of ‘data’ directory ... OK
* checking data for non-ASCII characters ... OK
* checking data for ASCII and uncompressed saves ... WARNING
  
  Note: significantly better compression could be obtained
        by using R CMD build --resave-data
                       old_size new_size compress
  Exp1_R25_pept.RData     2.3Mb    1.2Mb       xz
  Exp1_R25_prot.RData     1.1Mb    584Kb       xz
  Exp1_R2_pept.RData      1.9Mb   1000Kb       xz
  Exp1_R2_prot.RData      1.1Mb    599Kb       xz
  Exp2_R100_pept.RData    1.0Mb    575Kb       xz
  Exp2_R100_prot.RData    557Kb    259Kb       xz
  Exp2_R10_pept.RData     1.0Mb    572Kb       xz
  Exp2_R10_prot.RData     571Kb    262Kb       xz
  Exp2_R2_pept.RData     1023Kb    553Kb       xz
  Exp2_R2_prot.RData      567Kb    258Kb       xz
* checking installed files from ‘inst/doc’ ... OK
* checking examples ... OK
* checking PDF version of manual ... OK
* DONE
Status: 1 WARNING, 1 NOTE
See
  ‘/home/biocbuild/bbs-3.4-data-experiment/meat/DAPARdata.Rcheck/00check.log’
for details.