| Back to the "Multiple platform build/check report" | A B C D E F G H I J K [L] M N O P Q R S T U V W X Y Z |
This page was generated on 2017-04-15 16:15:07 -0400 (Sat, 15 Apr 2017).
| Package 689/1296 | Hostname | OS / Arch | INSTALL | BUILD | CHECK | BUILD BIN | |||||
| lumi 2.26.4 Pan Du
| malbec1 | Linux (Ubuntu 16.04.1 LTS) / x86_64 | OK | OK | WARNINGS | ||||||
| tokay1 | Windows Server 2012 R2 Standard / x64 | OK | OK | [ WARNINGS ] | OK | ||||||
| morelia | Mac OS X Mavericks (10.9.5) / x86_64 | OK | OK | WARNINGS | OK |
| Package: lumi |
| Version: 2.26.4 |
| Command: rm -rf lumi.buildbin-libdir lumi.Rcheck && mkdir lumi.buildbin-libdir lumi.Rcheck && C:\Users\biocbuild\bbs-3.4-bioc\R\bin\R.exe CMD INSTALL --build --merge-multiarch --library=lumi.buildbin-libdir lumi_2.26.4.tar.gz >lumi.Rcheck\00install.out 2>&1 && cp lumi.Rcheck\00install.out lumi-install.out && C:\Users\biocbuild\bbs-3.4-bioc\R\bin\R.exe CMD check --library=lumi.buildbin-libdir --install="check:lumi-install.out" --force-multiarch --no-vignettes --timings lumi_2.26.4.tar.gz |
| StartedAt: 2017-04-14 23:16:22 -0400 (Fri, 14 Apr 2017) |
| EndedAt: 2017-04-14 23:26:19 -0400 (Fri, 14 Apr 2017) |
| EllapsedTime: 596.7 seconds |
| RetCode: 0 |
| Status: WARNINGS |
| CheckDir: lumi.Rcheck |
| Warnings: 1 |
##############################################################################
##############################################################################
###
### Running command:
###
### rm -rf lumi.buildbin-libdir lumi.Rcheck && mkdir lumi.buildbin-libdir lumi.Rcheck && C:\Users\biocbuild\bbs-3.4-bioc\R\bin\R.exe CMD INSTALL --build --merge-multiarch --library=lumi.buildbin-libdir lumi_2.26.4.tar.gz >lumi.Rcheck\00install.out 2>&1 && cp lumi.Rcheck\00install.out lumi-install.out && C:\Users\biocbuild\bbs-3.4-bioc\R\bin\R.exe CMD check --library=lumi.buildbin-libdir --install="check:lumi-install.out" --force-multiarch --no-vignettes --timings lumi_2.26.4.tar.gz
###
##############################################################################
##############################################################################
* using log directory 'C:/Users/biocbuild/bbs-3.4-bioc/meat/lumi.Rcheck'
* using R version 3.3.3 (2017-03-06)
* using platform: x86_64-w64-mingw32 (64-bit)
* using session charset: ISO8859-1
* using option '--no-vignettes'
* checking for file 'lumi/DESCRIPTION' ... OK
* checking extension type ... Package
* this is package 'lumi' version '2.26.4'
* checking package namespace information ... OK
* checking package dependencies ... OK
* checking if this is a source package ... OK
* checking if there is a namespace ... OK
* checking for hidden files and directories ... OK
* checking for portable file names ... OK
* checking whether package 'lumi' can be installed ... OK
* checking installed package size ... OK
* checking package directory ... OK
* checking DESCRIPTION meta-information ... OK
* checking top-level files ... OK
* checking for left-over files ... OK
* checking index information ... OK
* checking package subdirectories ... OK
* checking R files for non-ASCII characters ... OK
* checking R files for syntax errors ... OK
* loading checks for arch 'i386'
** checking whether the package can be loaded ... OK
** checking whether the package can be loaded with stated dependencies ... OK
** checking whether the package can be unloaded cleanly ... OK
** checking whether the namespace can be loaded with stated dependencies ... OK
** checking whether the namespace can be unloaded cleanly ... OK
* loading checks for arch 'x64'
** checking whether the package can be loaded ... OK
** checking whether the package can be loaded with stated dependencies ... OK
** checking whether the package can be unloaded cleanly ... OK
** checking whether the namespace can be loaded with stated dependencies ... OK
** checking whether the namespace can be unloaded cleanly ... OK
* checking dependencies in R code ... WARNING
'::' or ':::' imports not declared from:
'IRanges' 'bigmemoryExtras'
* checking S3 generic/method consistency ... OK
* checking replacement functions ... OK
* checking foreign function calls ... OK
* checking R code for possible problems ... OK
* checking Rd files ... OK
* checking Rd metadata ... OK
* checking Rd cross-references ... NOTE
Package unavailable to check Rd xrefs: 'bigmemoryExtras'
* checking for missing documentation entries ... OK
* checking for code/documentation mismatches ... OK
* checking Rd \usage sections ... OK
* checking Rd contents ... OK
* checking for unstated dependencies in examples ... OK
* checking contents of 'data' directory ... OK
* checking data for non-ASCII characters ... OK
* checking data for ASCII and uncompressed saves ... OK
* checking files in 'vignettes' ... OK
* checking examples ...
** running examples for arch 'i386' ... OK
Examples with CPU or elapsed time > 5s
user system elapsed
lumiMethyStatus 60.31 0.00 60.31
getChipInfo 3.67 0.19 15.06
** running examples for arch 'x64' ... OK
Examples with CPU or elapsed time > 5s
user system elapsed
lumiMethyStatus 63.83 0.03 63.86
plotGammaFit 6.66 0.01 6.67
getChipInfo 5.55 0.12 5.67
* checking PDF version of manual ... OK
* DONE
Status: 1 WARNING, 1 NOTE
See
'C:/Users/biocbuild/bbs-3.4-bioc/meat/lumi.Rcheck/00check.log'
for details.
lumi.Rcheck/00install.out:
install for i386 * installing *source* package 'lumi' ... ** R ** data ** inst ** preparing package for lazy loading ** help *** installing help indices ** building package indices ** installing vignettes ** testing if installed package can be loaded install for x64 * installing *source* package 'lumi' ... ** testing if installed package can be loaded * MD5 sums packaged installation of 'lumi' as lumi_2.26.4.zip * DONE (lumi)
lumi.Rcheck/examples_i386/lumi-Ex.timings:
| name | user | system | elapsed | |
| LumiBatch-class | 1.06 | 0.11 | 1.17 | |
| MAplot-methods | 4.58 | 0.03 | 4.61 | |
| addAnnotationInfo | 0.1 | 0.0 | 0.1 | |
| addControlData2lumi | 0.00 | 0.01 | 0.01 | |
| addNuID2lumi | 0 | 0 | 0 | |
| adjColorBias.quantile | 1.98 | 0.03 | 2.02 | |
| adjColorBias.ssn | 1.06 | 0.02 | 1.08 | |
| bgAdjust | 0.13 | 0.00 | 0.12 | |
| bgAdjustMethylation | 0.26 | 0.00 | 0.27 | |
| boxplot-MethyLumiM-methods | 0.82 | 0.02 | 0.82 | |
| boxplot-methods | 0.53 | 0.00 | 0.54 | |
| boxplotColorBias | 0.22 | 0.01 | 0.23 | |
| density-methods | 0.10 | 0.00 | 0.11 | |
| detectOutlier | 0.11 | 0.00 | 0.11 | |
| detectionCall | 0.55 | 0.02 | 0.56 | |
| estimateBeta | 0.11 | 0.01 | 0.13 | |
| estimateIntensity | 0.14 | 0.00 | 0.14 | |
| estimateLumiCV | 0.13 | 0.02 | 0.14 | |
| estimateM | 0.71 | 0.01 | 0.73 | |
| estimateMethylationBG | 0.22 | 0.00 | 0.22 | |
| example.lumi | 0.08 | 0.00 | 0.08 | |
| example.lumiMethy | 0.08 | 0.00 | 0.08 | |
| example.methyTitration | 0.23 | 0.00 | 0.23 | |
| gammaFitEM | 4.11 | 0.05 | 4.61 | |
| getChipInfo | 3.67 | 0.19 | 15.06 | |
| getControlData | 0 | 0 | 0 | |
| getControlProbe | 0 | 0 | 0 | |
| getControlType | 0 | 0 | 0 | |
| getNuIDMappingInfo | 1.01 | 0.03 | 2.02 | |
| hist-methods | 0.19 | 0.02 | 0.20 | |
| id2seq | 0 | 0 | 0 | |
| inverseVST | 0.58 | 0.01 | 0.60 | |
| is.nuID | 0 | 0 | 0 | |
| lumiB | 0.14 | 0.02 | 0.15 | |
| lumiExpresso | 0.72 | 0.00 | 0.72 | |
| lumiMethyB | 0.06 | 0.00 | 0.06 | |
| lumiMethyC | 1.22 | 0.00 | 1.22 | |
| lumiMethyN | 0.11 | 0.01 | 0.13 | |
| lumiMethyStatus | 60.31 | 0.00 | 60.31 | |
| lumiN | 0.50 | 0.02 | 0.53 | |
| lumiQ | 0.4 | 0.0 | 0.4 | |
| lumiR | 0 | 0 | 0 | |
| lumiR.batch | 0 | 0 | 0 | |
| lumiT | 0.54 | 0.01 | 0.56 | |
| methylationCall | 3.63 | 0.00 | 3.63 | |
| normalizeMethylation.quantile | 0.19 | 0.00 | 0.18 | |
| normalizeMethylation.ssn | 0.18 | 0.00 | 0.19 | |
| nuID2EntrezID | 0.94 | 0.02 | 0.96 | |
| nuID2IlluminaID | 4.02 | 0.00 | 4.01 | |
| nuID2RefSeqID | 0.99 | 0.00 | 0.98 | |
| nuID2probeID | 3.7 | 0.0 | 3.7 | |
| nuID2targetID | 3.72 | 0.05 | 3.77 | |
| pairs-methods | 1.36 | 0.04 | 1.41 | |
| plot-methods | 1.86 | 0.00 | 1.86 | |
| plotCDF | 0.25 | 0.00 | 0.25 | |
| plotColorBias1D | 0.25 | 0.02 | 0.27 | |
| plotColorBias2D | 0.19 | 0.01 | 0.20 | |
| plotControlData | 0 | 0 | 0 | |
| plotDensity | 0.13 | 0.00 | 0.12 | |
| plotGammaFit | 3.48 | 0.00 | 3.49 | |
| plotHousekeepingGene | 0 | 0 | 0 | |
| plotSampleRelation | 0.56 | 0.02 | 0.58 | |
| plotStringencyGene | 0 | 0 | 0 | |
| plotVST | 0.41 | 0.00 | 0.40 | |
| probeID2nuID | 3.89 | 0.03 | 3.93 | |
| produceGEOPlatformFile | 0 | 0 | 0 | |
| produceGEOSubmissionFile | 0 | 0 | 0 | |
| produceMethylationGEOSubmissionFile | 0 | 0 | 0 | |
| seq2id | 0 | 0 | 0 | |
| targetID2nuID | 3.73 | 0.00 | 3.74 | |
| vst | 0.36 | 0.00 | 0.35 | |
lumi.Rcheck/examples_x64/lumi-Ex.timings:
| name | user | system | elapsed | |
| LumiBatch-class | 1.80 | 0.02 | 1.81 | |
| MAplot-methods | 4.78 | 0.02 | 4.80 | |
| addAnnotationInfo | 0.07 | 0.00 | 0.08 | |
| addControlData2lumi | 0 | 0 | 0 | |
| addNuID2lumi | 0 | 0 | 0 | |
| adjColorBias.quantile | 0.93 | 0.00 | 0.92 | |
| adjColorBias.ssn | 0.62 | 0.00 | 0.62 | |
| bgAdjust | 0.08 | 0.01 | 0.10 | |
| bgAdjustMethylation | 0.77 | 0.02 | 0.78 | |
| boxplot-MethyLumiM-methods | 0.73 | 0.00 | 0.73 | |
| boxplot-methods | 0.09 | 0.00 | 0.09 | |
| boxplotColorBias | 0.70 | 0.01 | 0.72 | |
| density-methods | 0.10 | 0.00 | 0.09 | |
| detectOutlier | 0.09 | 0.00 | 0.10 | |
| detectionCall | 0.16 | 0.00 | 0.16 | |
| estimateBeta | 0.11 | 0.00 | 0.11 | |
| estimateIntensity | 0.20 | 0.01 | 0.22 | |
| estimateLumiCV | 0.12 | 0.00 | 0.12 | |
| estimateM | 0.71 | 0.00 | 0.71 | |
| estimateMethylationBG | 0.2 | 0.0 | 0.2 | |
| example.lumi | 0.08 | 0.00 | 0.08 | |
| example.lumiMethy | 0.06 | 0.02 | 0.08 | |
| example.methyTitration | 0.2 | 0.0 | 0.2 | |
| gammaFitEM | 4.13 | 0.00 | 4.17 | |
| getChipInfo | 5.55 | 0.12 | 5.67 | |
| getControlData | 0 | 0 | 0 | |
| getControlProbe | 0 | 0 | 0 | |
| getControlType | 0 | 0 | 0 | |
| getNuIDMappingInfo | 1.39 | 0.05 | 1.44 | |
| hist-methods | 0.11 | 0.00 | 0.11 | |
| id2seq | 0 | 0 | 0 | |
| inverseVST | 0.57 | 0.00 | 0.57 | |
| is.nuID | 0 | 0 | 0 | |
| lumiB | 0.16 | 0.00 | 0.16 | |
| lumiExpresso | 0.3 | 0.0 | 0.3 | |
| lumiMethyB | 0.06 | 0.00 | 0.06 | |
| lumiMethyC | 2.80 | 0.03 | 2.83 | |
| lumiMethyN | 0.13 | 0.00 | 0.13 | |
| lumiMethyStatus | 63.83 | 0.03 | 63.86 | |
| lumiN | 0.56 | 0.00 | 0.56 | |
| lumiQ | 0.28 | 0.01 | 0.30 | |
| lumiR | 0 | 0 | 0 | |
| lumiR.batch | 0 | 0 | 0 | |
| lumiT | 0.39 | 0.04 | 0.42 | |
| methylationCall | 4.05 | 0.01 | 4.06 | |
| normalizeMethylation.quantile | 0.14 | 0.00 | 0.14 | |
| normalizeMethylation.ssn | 0.19 | 0.00 | 0.19 | |
| nuID2EntrezID | 1.09 | 0.03 | 1.13 | |
| nuID2IlluminaID | 3.91 | 0.02 | 3.92 | |
| nuID2RefSeqID | 2.12 | 0.01 | 2.14 | |
| nuID2probeID | 3.78 | 0.04 | 3.81 | |
| nuID2targetID | 4.25 | 0.01 | 4.27 | |
| pairs-methods | 0.92 | 0.02 | 0.93 | |
| plot-methods | 1.93 | 0.00 | 1.93 | |
| plotCDF | 0.15 | 0.01 | 0.17 | |
| plotColorBias1D | 0.31 | 0.00 | 0.31 | |
| plotColorBias2D | 0.18 | 0.02 | 0.19 | |
| plotControlData | 0 | 0 | 0 | |
| plotDensity | 0.12 | 0.00 | 0.12 | |
| plotGammaFit | 6.66 | 0.01 | 6.67 | |
| plotHousekeepingGene | 0 | 0 | 0 | |
| plotSampleRelation | 0.67 | 0.02 | 0.69 | |
| plotStringencyGene | 0 | 0 | 0 | |
| plotVST | 0.37 | 0.03 | 0.41 | |
| probeID2nuID | 3.85 | 0.03 | 3.87 | |
| produceGEOPlatformFile | 0 | 0 | 0 | |
| produceGEOSubmissionFile | 0 | 0 | 0 | |
| produceMethylationGEOSubmissionFile | 0 | 0 | 0 | |
| seq2id | 0 | 0 | 0 | |
| targetID2nuID | 3.35 | 0.00 | 3.34 | |
| vst | 0.86 | 0.02 | 0.87 | |