Back to the "Multiple platform build/check report" A  B [C] D  E  F  G  H  I  J  K  L  M  N  O  P  Q  R  S  T  U  V  W  X  Y  Z 

BioC 3.3: CHECK report for ChemmineR on morelia

This page was generated on 2016-04-21 13:20:55 -0700 (Thu, 21 Apr 2016).

Package 172/1210HostnameOS / ArchINSTALLBUILDCHECKBUILD BIN
ChemmineR 2.23.5
Thomas Girke
Snapshot Date: 2016-04-20 17:20:35 -0700 (Wed, 20 Apr 2016)
URL: https://hedgehog.fhcrc.org/bioconductor/trunk/madman/Rpacks/ChemmineR
Last Changed Rev: 112133 / Revision: 116626
Last Changed Date: 2016-01-04 07:34:13 -0800 (Mon, 04 Jan 2016)
zin2 Linux (Ubuntu 14.04.2 LTS) / x86_64  OK  OK  OK UNNEEDED, same version exists in internal repository
moscato2 Windows Server 2008 R2 Enterprise SP1 (64-bit) / x64  OK  OK  OK  OK UNNEEDED, same version exists in internal repository
morelia Mac OS X Mavericks (10.9.5) / x86_64  OK  OK [ WARNINGS ] OK UNNEEDED, same version exists in internal repository

Summary

Package: ChemmineR
Version: 2.23.5
Command: /Library/Frameworks/R.framework/Versions/Current/Resources/bin/R CMD check --no-vignettes --timings ChemmineR_2.23.5.tar.gz
StartedAt: 2016-04-21 00:07:49 -0700 (Thu, 21 Apr 2016)
EndedAt: 2016-04-21 00:11:05 -0700 (Thu, 21 Apr 2016)
EllapsedTime: 196.4 seconds
RetCode: 0
Status:  WARNINGS 
CheckDir: ChemmineR.Rcheck
Warnings: 1

Command output

##############################################################################
##############################################################################
###
### Running command:
###
###   /Library/Frameworks/R.framework/Versions/Current/Resources/bin/R CMD check --no-vignettes --timings ChemmineR_2.23.5.tar.gz
###
##############################################################################
##############################################################################


* using log directory ‘/Users/biocbuild/bbs-3.3-bioc/meat/ChemmineR.Rcheck’
* using R version 3.3.0 beta (2016-04-06 r70435)
* using platform: x86_64-apple-darwin13.4.0 (64-bit)
* using session charset: UTF-8
* using option ‘--no-vignettes’
* checking for file ‘ChemmineR/DESCRIPTION’ ... OK
* checking extension type ... Package
* this is package ‘ChemmineR’ version ‘2.23.5’
* checking package namespace information ... OK
* checking package dependencies ... OK
* checking if this is a source package ... OK
* checking if there is a namespace ... OK
* checking for hidden files and directories ... OK
* checking for portable file names ... OK
* checking for sufficient/correct file permissions ... OK
* checking whether package ‘ChemmineR’ can be installed ... [18s/25s] OK
* checking installed package size ... OK
* checking package directory ... OK
* checking ‘build’ directory ... OK
* checking DESCRIPTION meta-information ... NOTE
Package listed in more than one of Depends, Imports, Suggests, Enhances:
  ‘ChemmineOB’
A package should be listed in only one of these fields.
* checking top-level files ... OK
* checking for left-over files ... OK
* checking index information ... OK
* checking package subdirectories ... OK
* checking R files for non-ASCII characters ... OK
* checking R files for syntax errors ... OK
* checking whether the package can be loaded ... OK
* checking whether the package can be loaded with stated dependencies ... OK
* checking whether the package can be unloaded cleanly ... OK
* checking whether the namespace can be loaded with stated dependencies ... OK
* checking whether the namespace can be unloaded cleanly ... OK
* checking dependencies in R code ... NOTE
'library' or 'require' calls in package code:
  ‘ChemmineDrugs’ ‘ChemmineOB’ ‘RPostgreSQL’ ‘RSQLite’ ‘fmcsR’ ‘grid’
  ‘png’ ‘snow’
  Please use :: or requireNamespace() instead.
  See section 'Suggested packages' in the 'Writing R Extensions' manual.
Namespace in Imports field not imported from: ‘BiocGenerics’
  All declared Imports should be used.
* checking S3 generic/method consistency ... OK
* checking replacement functions ... OK
* checking foreign function calls ... OK
* checking R code for possible problems ... NOTE
Found the following possibly unsafe calls:
File ‘ChemmineR/R/sim.R’:
  unlockBinding(".progress_bar_int_cnt", environment(.progress_bar))

.data.frame.to.str: no visible global function definition for
  ‘write.table’
.data.frame.to.str: no visible binding for global variable ‘string’
.parseV3000: no visible binding for global variable ‘AW’
.rings: no visible global function definition for ‘combn’
applyOptions: no visible global function definition for ‘convertFormat’
browseJob: no visible global function definition for ‘browseURL’
canonicalNumbering: no visible global function definition for
  ‘canonicalNumbering_OB’
canonicalNumberingOB: no visible global function definition for
  ‘canonicalNumbering_OB’
cluster.visualize: no visible global function definition for ‘rainbow’
cluster.visualize: no visible global function definition for ‘pdf’
cluster.visualize: no visible global function definition for
  ‘postscript’
cluster.visualize: no visible global function definition for ‘dev.off’
concatenate_plots: no visible binding for global variable ‘arrangeGrob’
desc2fp: no visible global function definition for ‘data’
draw_sdf: no visible global function definition for ‘rgb’
draw_sdf: no visible global function definition for ‘fmcs’
exactMassOB: no visible global function definition for ‘exactMass_OB’
fingerprintOB: no visible global function definition for
  ‘fingerprint_OB’
getCompoundFeatures : <anonymous>: no visible global function
  definition for ‘write.table’
getCompounds: no visible global function definition for ‘str’
getDbConn: no visible global function definition for ‘error’
handle_raster: no visible global function definition for ‘readPNG’
handle_raster: no visible global function definition for ‘rasterGrob’
handle_segs: no visible binding for global variable ‘C1’
handle_segs: no visible binding for global variable ‘C2’
handle_segs: no visible binding for global variable ‘C1.1’
handle_segs: no visible binding for global variable ‘C2.1’
handle_text: no visible binding for global variable ‘C1’
handle_text: no visible binding for global variable ‘C2’
insertDef: no visible global function definition for
  ‘dbGetPreparedQuery’
insertDescriptor: no visible global function definition for
  ‘dbGetPreparedQuery’
insertDescriptorType: no visible global function definition for
  ‘dbGetPreparedQuery’
insertFeature: no visible global function definition for
  ‘dbGetPreparedQuery’
insertNamedDef: no visible global function definition for
  ‘dbGetPreparedQuery’
listCMTools: no visible global function definition for ‘read.table’
parBatchByIndex: no visible global function definition for
  ‘clusterExport’
parBatchByIndex: no visible global function definition for
  ‘clusterApplyLB’
postgresqlWriteTable: no visible global function definition for
  ‘postgresqlTableRef’
postgresqlWriteTable: no visible global function definition for
  ‘postgresqlQuoteId’
postgresqlWriteTable: no visible global function definition for
  ‘postgresqlpqExec’
postgresqlWriteTable: no visible global function definition for
  ‘postgresqlCopyInDataframe’
postgresqlWriteTable: no visible global function definition for
  ‘postgresqlgetResult’
propOB: no visible global function definition for ‘prop_OB’
read.AP: no visible global function definition for ‘read.delim’
sdf2OBMol: no visible global function definition for ‘forEachMol’
sdf2smiles: no visible global function definition for ‘convertFormat’
sdf2smilesOB: no visible global function definition for ‘convertFormat’
sdfStream: no visible global function definition for ‘write.table’
setPriorities: no visible global function definition for
  ‘clusterExport’
smartsSearchOB: no visible global function definition for
  ‘smartsSearch_OB’
smile2sdfFile: no visible global function definition for
  ‘convertFormatFile’
smiles2sdf: no visible global function definition for ‘convertFormat’
smiles2sdfOB: no visible global function definition for ‘convertFormat’
updatePriorities: no visible global function definition for
  ‘dbGetPreparedQuery’
write.SMI: no visible global function definition for ‘write.table’
Undefined global functions or variables:
  AW C1 C1.1 C2 C2.1 arrangeGrob browseURL canonicalNumbering_OB
  clusterApplyLB clusterExport combn convertFormat convertFormatFile
  data dbGetPreparedQuery dev.off error exactMass_OB fingerprint_OB
  fmcs forEachMol pdf postgresqlCopyInDataframe postgresqlQuoteId
  postgresqlTableRef postgresqlgetResult postgresqlpqExec postscript
  prop_OB rainbow rasterGrob read.delim read.table readPNG rgb
  smartsSearch_OB str string write.table
Consider adding
  importFrom("grDevices", "dev.off", "pdf", "postscript", "rainbow",
             "rgb")
  importFrom("utils", "browseURL", "combn", "data", "read.delim",
             "read.table", "str", "write.table")
to your NAMESPACE file.
* checking Rd files ... OK
* checking Rd metadata ... OK
* checking Rd cross-references ... OK
* checking for missing documentation entries ... OK
* checking for code/documentation mismatches ... OK
* checking Rd \usage sections ... OK
* checking Rd contents ... OK
* checking for unstated dependencies in examples ... OK
* checking contents of ‘data’ directory ... OK
* checking data for non-ASCII characters ... OK
* checking data for ASCII and uncompressed saves ... OK
* checking line endings in C/C++/Fortran sources/headers ... OK
* checking line endings in Makefiles ... OK
* checking compilation flags in Makevars ... WARNING
Non-portable flags in variable 'PKG_CXXFLAGS':
  -stdlib=libstdc++
* checking for GNU extensions in Makefiles ... NOTE
GNU make is a SystemRequirements.
* checking for portable use of $(BLAS_LIBS) and $(LAPACK_LIBS) ... OK
* checking compiled code ... NOTE
File ‘ChemmineR/libs/ChemmineR.so’:
  Found ‘__ZSt4cerr’, possibly from ‘std::cerr’ (C++)
    Objects: ‘desc.o’, ‘formats.o’, ‘script.o’
  Found ‘__ZSt4cout’, possibly from ‘std::cout’ (C++)
    Object: ‘cluster.o’

Compiled code should not call entry points which might terminate R nor
write to stdout/stderr instead of to the console, nor the system RNG.

See ‘Writing portable packages’ in the ‘Writing R Extensions’ manual.
* checking installed files from ‘inst/doc’ ... OK
* checking files in ‘vignettes’ ... OK
* checking examples ... [43s/67s] OK
Examples with CPU or elapsed time > 5s
                user system elapsed
addNewFeatures 3.672  0.189   5.229
loadSdf        2.846  0.039   6.129
* checking for unstated dependencies in ‘tests’ ... OK
* checking tests ...
  Running ‘runTests.R’ [21s/30s]
 [21s/30s] OK
* checking for unstated dependencies in vignettes ... OK
* checking package vignettes in ‘inst/doc’ ... OK
* checking running R code from vignettes ... SKIPPED
* checking re-building of vignette outputs ... SKIPPED
* checking PDF version of manual ... OK
* DONE

Status: 1 WARNING, 5 NOTEs
See
  ‘/Users/biocbuild/bbs-3.3-bioc/meat/ChemmineR.Rcheck/00check.log’
for details.


ChemmineR.Rcheck/00install.out:

* installing *source* package ‘ChemmineR’ ...
** libs
clang++ -I/Library/Frameworks/R.framework/Resources/include -DNDEBUG  -I/usr/local/include -I/usr/local/include/freetype2 -I/opt/X11/include -I"/Library/Frameworks/R.framework/Versions/3.3/Resources/library/Rcpp/include" -I"/Library/Frameworks/R.framework/Versions/3.3/Resources/library/BH/include"  -stdlib=libstdc++ -DNO_MAIN -DNO_DEBUG -fPIC  -Wall -mtune=core2 -g -O2  -c DisjointSets.cpp -o DisjointSets.o
clang++ -I/Library/Frameworks/R.framework/Resources/include -DNDEBUG  -I/usr/local/include -I/usr/local/include/freetype2 -I/opt/X11/include -I"/Library/Frameworks/R.framework/Versions/3.3/Resources/library/Rcpp/include" -I"/Library/Frameworks/R.framework/Versions/3.3/Resources/library/BH/include"  -stdlib=libstdc++ -DNO_MAIN -DNO_DEBUG -fPIC  -Wall -mtune=core2 -g -O2  -c cluster.cc -o cluster.o
cluster.cc:49:13: warning: unused function 'prepare_neighbors' [-Wunused-function]
void static prepare_neighbors(const char* nbr_file, int skip, int p)
            ^
1 warning generated.
clang++ -I/Library/Frameworks/R.framework/Resources/include -DNDEBUG  -I/usr/local/include -I/usr/local/include/freetype2 -I/opt/X11/include -I"/Library/Frameworks/R.framework/Versions/3.3/Resources/library/Rcpp/include" -I"/Library/Frameworks/R.framework/Versions/3.3/Resources/library/BH/include"  -stdlib=libstdc++ -DNO_MAIN -DNO_DEBUG -fPIC  -Wall -mtune=core2 -g -O2  -c cstrsplit.cc -o cstrsplit.o
clang++ -I/Library/Frameworks/R.framework/Resources/include -DNDEBUG  -I/usr/local/include -I/usr/local/include/freetype2 -I/opt/X11/include -I"/Library/Frameworks/R.framework/Versions/3.3/Resources/library/Rcpp/include" -I"/Library/Frameworks/R.framework/Versions/3.3/Resources/library/BH/include"  -stdlib=libstdc++ -DNO_MAIN -DNO_DEBUG -fPIC  -Wall -mtune=core2 -g -O2  -c desc.cc -o desc.o
clang++ -I/Library/Frameworks/R.framework/Resources/include -DNDEBUG  -I/usr/local/include -I/usr/local/include/freetype2 -I/opt/X11/include -I"/Library/Frameworks/R.framework/Versions/3.3/Resources/library/Rcpp/include" -I"/Library/Frameworks/R.framework/Versions/3.3/Resources/library/BH/include"  -stdlib=libstdc++ -DNO_MAIN -DNO_DEBUG -fPIC  -Wall -mtune=core2 -g -O2  -c fingerprints.cc -o fingerprints.o
clang++ -I/Library/Frameworks/R.framework/Resources/include -DNDEBUG  -I/usr/local/include -I/usr/local/include/freetype2 -I/opt/X11/include -I"/Library/Frameworks/R.framework/Versions/3.3/Resources/library/Rcpp/include" -I"/Library/Frameworks/R.framework/Versions/3.3/Resources/library/BH/include"  -stdlib=libstdc++ -DNO_MAIN -DNO_DEBUG -fPIC  -Wall -mtune=core2 -g -O2  -c formats.cc -o formats.o
clang++ -I/Library/Frameworks/R.framework/Resources/include -DNDEBUG  -I/usr/local/include -I/usr/local/include/freetype2 -I/opt/X11/include -I"/Library/Frameworks/R.framework/Versions/3.3/Resources/library/Rcpp/include" -I"/Library/Frameworks/R.framework/Versions/3.3/Resources/library/BH/include"  -stdlib=libstdc++ -DNO_MAIN -DNO_DEBUG -fPIC  -Wall -mtune=core2 -g -O2  -c molecule.cc -o molecule.o
clang++ -I/Library/Frameworks/R.framework/Resources/include -DNDEBUG  -I/usr/local/include -I/usr/local/include/freetype2 -I/opt/X11/include -I"/Library/Frameworks/R.framework/Versions/3.3/Resources/library/Rcpp/include" -I"/Library/Frameworks/R.framework/Versions/3.3/Resources/library/BH/include"  -stdlib=libstdc++ -DNO_MAIN -DNO_DEBUG -fPIC  -Wall -mtune=core2 -g -O2  -c r_wrap.cc -o r_wrap.o
r_wrap.cc:1689:14: warning: explicitly assigning a variable of type 'void *' to itself [-Wself-assign]
  clientdata = clientdata;
  ˜˜˜˜˜˜˜˜˜˜ ^ ˜˜˜˜˜˜˜˜˜˜
1 warning generated.
clang++ -I/Library/Frameworks/R.framework/Resources/include -DNDEBUG  -I/usr/local/include -I/usr/local/include/freetype2 -I/opt/X11/include -I"/Library/Frameworks/R.framework/Versions/3.3/Resources/library/Rcpp/include" -I"/Library/Frameworks/R.framework/Versions/3.3/Resources/library/BH/include"  -stdlib=libstdc++ -DNO_MAIN -DNO_DEBUG -fPIC  -Wall -mtune=core2 -g -O2  -c script.cc -o script.o
clang++ -I/Library/Frameworks/R.framework/Resources/include -DNDEBUG  -I/usr/local/include -I/usr/local/include/freetype2 -I/opt/X11/include -I"/Library/Frameworks/R.framework/Versions/3.3/Resources/library/Rcpp/include" -I"/Library/Frameworks/R.framework/Versions/3.3/Resources/library/BH/include"  -stdlib=libstdc++ -DNO_MAIN -DNO_DEBUG -fPIC  -Wall -mtune=core2 -g -O2  -c similarity.cc -o similarity.o
clang++ -dynamiclib -Wl,-headerpad_max_install_names -undefined dynamic_lookup -single_module -multiply_defined suppress -L/Library/Frameworks/R.framework/Resources/lib -L/usr/local/lib -o ChemmineR.so DisjointSets.o cluster.o cstrsplit.o desc.o fingerprints.o formats.o molecule.o r_wrap.o script.o similarity.o -stdlib=libstdc++ -F/Library/Frameworks/R.framework/.. -framework R -Wl,-framework -Wl,CoreFoundation
installing to /Users/biocbuild/bbs-3.3-bioc/meat/ChemmineR.Rcheck/ChemmineR/libs
** R
** data
** inst
** preparing package for lazy loading
Creating a generic function for ‘as.matrix’ from package ‘base’ in package ‘ChemmineR’
Creating a generic function for ‘plot’ from package ‘graphics’ in package ‘ChemmineR’
Creating a generic function for ‘print’ from package ‘base’ in package ‘ChemmineR’
** help
*** installing help indices
** building package indices
** installing vignettes
** testing if installed package can be loaded
* DONE (ChemmineR)

ChemmineR.Rcheck/ChemmineR-Ex.timings:

nameusersystemelapsed
AP-class0.5070.0770.921
APset-class0.3980.0640.464
ExtSDF-class0.0010.0010.001
FP-class0.0900.0020.095
FPset-class0.4190.0290.448
SDF-class0.0860.0070.094
SDF2apcmp0.0240.0010.024
SDFset-class0.5390.0320.575
SDFset2SDF0.1390.0070.146
SDFset2list0.0730.0310.104
SDFstr-class0.3840.0040.390
SMI-class0.0040.0010.006
SMIset-class0.0070.0020.008
addDescriptorType0.0010.0000.001
addNewFeatures3.6720.1895.229
ap0.1220.0120.134
apfp0.0040.0010.005
apset0.0060.0010.006
apset2descdb0.4060.0670.546
atomblock0.1240.0130.137
atomcount0.2450.0050.330
atomprop0.0060.0010.008
atomsubset0.0310.0020.033
batchByIndex0.0010.0000.001
bondblock0.1880.0120.202
bonds0.0390.0020.041
browseJob0.0010.0010.001
bufferLines0.0010.0000.001
bufferResultSet0.0020.0000.002
byCluster0.7920.0510.843
canonicalNumbering0.8000.0431.597
canonicalize0.0480.0010.070
cid0.0260.0000.026
cluster.sizestat0.5850.0250.611
cluster.visualize0.8190.0150.852
cmp.cluster2.4220.0352.548
cmp.duplicated0.0620.0010.064
cmp.parse0.0310.0010.032
cmp.parse10.0010.0000.001
cmp.search0.8000.0260.942
cmp.similarity0.0270.0010.029
conMA0.0770.0110.088
connections0.2590.0050.356
datablock0.3140.0080.323
datablock2ma0.0480.0020.051
db.explain0.0700.0060.076
db.subset0.0040.0010.005
dbTransaction0.0530.0070.061
desc2fp0.1030.0030.106
draw_sdf0.5760.0370.837
exactMassOB0.8790.0050.885
findCompounds3.0250.0303.069
findCompoundsByName0.4160.0120.430
fingerprintOB0.0010.0000.001
fold0.0020.0000.002
foldCount0.0020.0000.002
fp2bit0.6450.0150.662
fpSim0.4560.0060.468
fptype0.0020.0000.002
fromNNMatrix1.0230.0021.028
genAPDescriptors0.0210.0010.022
genParameters0.7680.0030.781
generate3DCoords0.0000.0000.001
getAllCompoundIds0.3620.0120.723
getCompoundFeatures2.5430.0323.738
getCompoundNames0.4010.0131.375
getCompounds0.3010.0121.341
getIds0.0000.0000.001
grepSDFset0.0550.0010.064
groups0.1730.0050.263
header0.1190.0020.144
initDb0.0420.0081.061
jarvisPatrick2.5970.0273.252
jobToken-class0.0020.0000.002
launchCMTool0.0010.0000.001
listCMTools0.0000.0000.001
listFeatures0.3900.0121.919
loadSdf2.8460.0396.129
makeUnique0.0190.0010.026
maximallyDissimilar0.2210.0010.224
nearestNeighbors0.9550.0030.964
numBits0.0010.0000.002
obmol0.0310.0020.049
parBatchByIndex0.0000.0000.001
plotStruc0.2870.0060.442
propOB0.0010.0010.011
pubchemFPencoding0.0030.0000.021
read.AP0.0950.0000.111
read.SDFindex0.0170.0010.054
read.SDFset0.6400.0020.810
read.SDFstr0.8820.0030.894
read.SMIset0.0020.0010.018
regenerateCoords0.0000.0000.001
result0.0010.0010.001
rings0.4940.0070.565
sdf.subset0.0000.0000.001
sdf.visualize0.0150.0010.024
sdf2ap0.4070.0631.898
sdf2list0.0260.0080.391
sdf2smiles0.0010.0000.525
sdf2str0.0410.0040.320
sdfStream0.0170.0010.024
sdfid0.0210.0010.084
sdfsample0.0530.0020.069
sdfstr2list1.3660.3044.509
searchSim0.0010.0010.001
searchString0.0000.0000.001
selectInBatches0.0020.0000.002
setPriorities0.0010.0000.001
smartsSearchOB0.0010.0000.002
smiles2sdf0.0010.0000.000
smisample0.0050.0010.005
status0.0010.0000.001
toolDetails0.0010.0000.001
trimNeighbors1.9520.0061.963
validSDF0.0270.0010.029
view0.0810.0040.086
write.SDF0.2560.0040.260
write.SDFsplit0.0200.0000.021
write.SMI0.0030.0000.003