| Back to Build/check report for BioC 3.23: simplified long |
|
This page was generated on 2025-11-13 11:32 -0500 (Thu, 13 Nov 2025).
| Hostname | OS | Arch (*) | R version | Installed pkgs |
|---|---|---|---|---|
| kjohnson3 | macOS 13.7.7 Ventura | arm64 | R Under development (unstable) (2025-11-04 r88984) -- "Unsuffered Consequences" | 4013 |
| Click on any hostname to see more info about the system (e.g. compilers) (*) as reported by 'uname -p', except on Windows and Mac OS X | ||||
| Package 2182/2325 | Hostname | OS / Arch | INSTALL | BUILD | CHECK | BUILD BIN | ||||||||
| tidySpatialExperiment 1.7.1 (landing page) William Hutchison
| kjohnson3 | macOS 13.7.7 Ventura / arm64 | OK | ERROR | skipped | skipped | ||||||||
|
To the developers/maintainers of the tidySpatialExperiment package: - Allow up to 24 hours (and sometimes 48 hours) for your latest push to git@git.bioconductor.org:packages/tidySpatialExperiment.git to reflect on this report. See Troubleshooting Build Report for more information. - Use the following Renviron settings to reproduce errors and warnings. - If 'R CMD check' started to fail recently on the Linux builder(s) over a missing dependency, add the missing dependency to 'Suggests:' in your DESCRIPTION file. See Renviron.bioc for more information. |
| Package: tidySpatialExperiment |
| Version: 1.7.1 |
| Command: /Library/Frameworks/R.framework/Resources/bin/R CMD build --keep-empty-dirs --no-resave-data tidySpatialExperiment |
| StartedAt: 2025-11-12 17:23:15 -0500 (Wed, 12 Nov 2025) |
| EndedAt: 2025-11-12 17:23:34 -0500 (Wed, 12 Nov 2025) |
| EllapsedTime: 19.2 seconds |
| RetCode: 1 |
| Status: ERROR |
| PackageFile: None |
| PackageFileSize: NA |
##############################################################################
##############################################################################
###
### Running command:
###
### /Library/Frameworks/R.framework/Resources/bin/R CMD build --keep-empty-dirs --no-resave-data tidySpatialExperiment
###
##############################################################################
##############################################################################
* checking for file ‘tidySpatialExperiment/DESCRIPTION’ ... OK
* preparing ‘tidySpatialExperiment’:
* checking DESCRIPTION meta-information ... OK
* installing the package (it is needed to process help pages)
* creating vignettes ... ERROR
--- re-building ‘overview.Rmd’ using rmarkdown
Quitting from overview.Rmd:124-128 [unnamed-chunk-3]
~~~~~~~~~~~~~~~~~~~~~~~~~~~~~~~~~~~~~~~~~~~~~~~~~~~~~~~~~~~~~~~~~~~~~~~~~~~~~~~~
<error/rlang_error>
Error in `loadNamespace()`:
! there is no package called 'DropletUtils'
---
Backtrace:
▆
1. ├─SpatialExperiment::read10xVisium(...) at /Rtmp4NTKgR/Rex135fb652d2195:18:1
2. │ └─base::lapply(...)
3. │ └─SpatialExperiment (local) FUN(X[[i]], ...)
4. └─base::loadNamespace(x)
5. └─base::withRestarts(stop(cond), retry_loadNamespace = function() NULL)
6. └─base (local) withOneRestart(expr, restarts[[1L]])
7. └─base (local) doWithOneRestart(return(expr), restart)
~~~~~~~~~~~~~~~~~~~~~~~~~~~~~~~~~~~~~~~~~~~~~~~~~~~~~~~~~~~~~~~~~~~~~~~~~~~~~~~~
Error: processing vignette 'overview.Rmd' failed with diagnostics:
there is no package called 'DropletUtils'
--- failed re-building ‘overview.Rmd’
SUMMARY: processing the following file failed:
‘overview.Rmd’
Error: Vignette re-building failed.
Execution halted