Back to Build/check report for BioC 3.23:   simplified   long
ABCDEFGHIJKLMNOPQR[S]TUVWXYZ

This page was generated on 2025-11-13 11:32 -0500 (Thu, 13 Nov 2025).

HostnameOSArch (*)R versionInstalled pkgs
kjohnson3macOS 13.7.7 Venturaarm64R Under development (unstable) (2025-11-04 r88984) -- "Unsuffered Consequences" 4013
Click on any hostname to see more info about the system (e.g. compilers)      (*) as reported by 'uname -p', except on Windows and Mac OS X

Package 2125/2325HostnameOS / ArchINSTALLBUILDCHECKBUILD BIN
survClust 1.5.0  (landing page)
Arshi Arora
Snapshot Date: 2025-11-12 13:40 -0500 (Wed, 12 Nov 2025)
git_url: https://git.bioconductor.org/packages/survClust
git_branch: devel
git_last_commit: eb66f82
git_last_commit_date: 2025-10-29 11:30:24 -0500 (Wed, 29 Oct 2025)
kjohnson3macOS 13.7.7 Ventura / arm64  OK    ERROR  skippedskipped


BUILD results for survClust on kjohnson3

To the developers/maintainers of the survClust package:
- Allow up to 24 hours (and sometimes 48 hours) for your latest push to git@git.bioconductor.org:packages/survClust.git to reflect on this report. See Troubleshooting Build Report for more information.
- Use the following Renviron settings to reproduce errors and warnings.
- If 'R CMD check' started to fail recently on the Linux builder(s) over a missing dependency, add the missing dependency to 'Suggests:' in your DESCRIPTION file. See Renviron.bioc for more information.

raw results


Summary

Package: survClust
Version: 1.5.0
Command: /Library/Frameworks/R.framework/Resources/bin/R CMD build --keep-empty-dirs --no-resave-data survClust
StartedAt: 2025-11-12 17:20:08 -0500 (Wed, 12 Nov 2025)
EndedAt: 2025-11-12 17:20:28 -0500 (Wed, 12 Nov 2025)
EllapsedTime: 20.3 seconds
RetCode: 1
Status:   ERROR  
PackageFile: None
PackageFileSize: NA

Command output

##############################################################################
##############################################################################
###
### Running command:
###
###   /Library/Frameworks/R.framework/Resources/bin/R CMD build --keep-empty-dirs --no-resave-data survClust
###
##############################################################################
##############################################################################


* checking for file ‘survClust/DESCRIPTION’ ... OK
* preparing ‘survClust’:
* checking DESCRIPTION meta-information ... OK
* cleaning src
* installing the package (it is needed to build vignettes)
* creating vignettes ... ERROR
--- re-building ‘survClust_vignette.Rmd’ using rmarkdown
2025-11-12 17:20:24.000 R[40746:3548898] XType: Using static font registry.

Quitting from survClust_vignette.Rmd:235-255 [unnamed-chunk-12]
~~~~~~~~~~~~~~~~~~~~~~~~~~~~~~~~~~~~~~~~~~~~~~~~~~~~~~~~~~~~~~~~~~~~~~~~~~~~~~~~
<error/rlang_error>
Error in `reducer$value.cache[[as.character(idx)]] <- values`:
! wrong args for environment subassignment
---
Backtrace:
     ▆
  1. ├─BiocParallel::bplapply(2:7, sim_cvrounds)
  2. └─BiocParallel::bplapply(2:7, sim_cvrounds)
  3.   ├─BiocParallel::bplapply(...)
  4.   └─BiocParallel::bplapply(...)
  5.     └─BiocParallel:::.bpinit(...)
  6.       ├─BiocParallel::bploop(...)
  7.       └─BiocParallel:::bploop.lapply(...)
  8.         └─BiocParallel:::.bploop_impl(...)
  9.           └─BiocParallel:::.collect_result(manager, reducer, progress, BPPARAM)
 10.             ├─BiocParallel:::.reducer_add(reducer, njob, value)
 11.             └─BiocParallel:::.reducer_add(reducer, njob, value)
~~~~~~~~~~~~~~~~~~~~~~~~~~~~~~~~~~~~~~~~~~~~~~~~~~~~~~~~~~~~~~~~~~~~~~~~~~~~~~~~

Error: processing vignette 'survClust_vignette.Rmd' failed with diagnostics:
wrong args for environment subassignment
--- failed re-building ‘survClust_vignette.Rmd’

SUMMARY: processing the following file failed:
  ‘survClust_vignette.Rmd’

Error: Vignette re-building failed.
Execution halted