Back to Build/check report for BioC 3.23:   simplified   long
ABCDEFGHIJKLMNOPQR[S]TUVWXYZ

This page was generated on 2025-11-13 11:32 -0500 (Thu, 13 Nov 2025).

HostnameOSArch (*)R versionInstalled pkgs
kjohnson3macOS 13.7.7 Venturaarm64R Under development (unstable) (2025-11-04 r88984) -- "Unsuffered Consequences" 4013
Click on any hostname to see more info about the system (e.g. compilers)      (*) as reported by 'uname -p', except on Windows and Mac OS X

Package 1921/2325HostnameOS / ArchINSTALLBUILDCHECKBUILD BIN
scrapper 1.5.2  (landing page)
Aaron Lun
Snapshot Date: 2025-11-12 13:40 -0500 (Wed, 12 Nov 2025)
git_url: https://git.bioconductor.org/packages/scrapper
git_branch: devel
git_last_commit: 5daae9c
git_last_commit_date: 2025-11-10 17:51:44 -0500 (Mon, 10 Nov 2025)
kjohnson3macOS 13.7.7 Ventura / arm64  OK    ERROR  skippedskipped


BUILD results for scrapper on kjohnson3

To the developers/maintainers of the scrapper package:
- Allow up to 24 hours (and sometimes 48 hours) for your latest push to git@git.bioconductor.org:packages/scrapper.git to reflect on this report. See Troubleshooting Build Report for more information.
- Use the following Renviron settings to reproduce errors and warnings.
- If 'R CMD check' started to fail recently on the Linux builder(s) over a missing dependency, add the missing dependency to 'Suggests:' in your DESCRIPTION file. See Renviron.bioc for more information.

raw results


Summary

Package: scrapper
Version: 1.5.2
Command: /Library/Frameworks/R.framework/Resources/bin/R CMD build --keep-empty-dirs --no-resave-data scrapper
StartedAt: 2025-11-12 17:10:36 -0500 (Wed, 12 Nov 2025)
EndedAt: 2025-11-12 17:11:54 -0500 (Wed, 12 Nov 2025)
EllapsedTime: 77.9 seconds
RetCode: 1
Status:   ERROR  
PackageFile: None
PackageFileSize: NA

Command output

##############################################################################
##############################################################################
###
### Running command:
###
###   /Library/Frameworks/R.framework/Resources/bin/R CMD build --keep-empty-dirs --no-resave-data scrapper
###
##############################################################################
##############################################################################


* checking for file ‘scrapper/DESCRIPTION’ ... OK
* preparing ‘scrapper’:
* checking DESCRIPTION meta-information ... OK
* cleaning src
* installing the package (it is needed to build vignettes)
* creating vignettes ... ERROR
--- re-building ‘userguide.Rmd’ using rmarkdown

Quitting from userguide.Rmd:35-39 [unnamed-chunk-2]
~~~~~~~~~~~~~~~~~~~~~~~~~~~~~~~~~~~~~~~~~~~~~~~~~~~~~~~~~~~~~~~~~~~~~~~~~~~~~~~~
<error/rlang_error>
Error in `library()`:
! there is no package called 'scRNAseq'
---
Backtrace:
    ▆
 1. └─base::library(scRNAseq)
~~~~~~~~~~~~~~~~~~~~~~~~~~~~~~~~~~~~~~~~~~~~~~~~~~~~~~~~~~~~~~~~~~~~~~~~~~~~~~~~

Error: processing vignette 'userguide.Rmd' failed with diagnostics:
there is no package called 'scRNAseq'
--- failed re-building ‘userguide.Rmd’

SUMMARY: processing the following file failed:
  ‘userguide.Rmd’

Error: Vignette re-building failed.
Execution halted