Back to Build/check report for BioC 3.23:   simplified   long
ABCDEFGHIJKLMNOPQ[R]STUVWXYZ

This page was generated on 2025-11-13 11:32 -0500 (Thu, 13 Nov 2025).

HostnameOSArch (*)R versionInstalled pkgs
kjohnson3macOS 13.7.7 Venturaarm64R Under development (unstable) (2025-11-04 r88984) -- "Unsuffered Consequences" 4013
Click on any hostname to see more info about the system (e.g. compilers)      (*) as reported by 'uname -p', except on Windows and Mac OS X

Package 1684/2325HostnameOS / ArchINSTALLBUILDCHECKBUILD BIN
randRotation 1.23.0  (landing page)
Peter Hettegger
Snapshot Date: 2025-11-12 13:40 -0500 (Wed, 12 Nov 2025)
git_url: https://git.bioconductor.org/packages/randRotation
git_branch: devel
git_last_commit: 58e9564
git_last_commit_date: 2025-10-29 10:58:44 -0500 (Wed, 29 Oct 2025)
kjohnson3macOS 13.7.7 Ventura / arm64  OK    ERROR  skippedskipped


BUILD results for randRotation on kjohnson3

To the developers/maintainers of the randRotation package:
- Allow up to 24 hours (and sometimes 48 hours) for your latest push to git@git.bioconductor.org:packages/randRotation.git to reflect on this report. See Troubleshooting Build Report for more information.
- Use the following Renviron settings to reproduce errors and warnings.
- If 'R CMD check' started to fail recently on the Linux builder(s) over a missing dependency, add the missing dependency to 'Suggests:' in your DESCRIPTION file. See Renviron.bioc for more information.

raw results


Summary

Package: randRotation
Version: 1.23.0
Command: /Library/Frameworks/R.framework/Resources/bin/R CMD build --keep-empty-dirs --no-resave-data randRotation
StartedAt: 2025-11-12 17:01:13 -0500 (Wed, 12 Nov 2025)
EndedAt: 2025-11-12 17:01:16 -0500 (Wed, 12 Nov 2025)
EllapsedTime: 3.0 seconds
RetCode: 1
Status:   ERROR  
PackageFile: None
PackageFileSize: NA

Command output

##############################################################################
##############################################################################
###
### Running command:
###
###   /Library/Frameworks/R.framework/Resources/bin/R CMD build --keep-empty-dirs --no-resave-data randRotation
###
##############################################################################
##############################################################################


* checking for file ‘randRotation/DESCRIPTION’ ... OK
* preparing ‘randRotation’:
* checking DESCRIPTION meta-information ... OK
* installing the package (it is needed to process help pages)
Loading required namespace: randRotation
* saving partial Rd database
* creating vignettes ... ERROR
--- re-building ‘randRotationIntro.Rmd’ using rmarkdown

Quitting from randRotationIntro.Rmd:102-105 [unnamed-chunk-7]
~~~~~~~~~~~~~~~~~~~~~~~~~~~~~~~~~~~~~~~~~~~~~~~~~~~~~~~~~~~~~~~~~~~~~~~~~~~~~~~~
<error/rlang_error>
Error in `loadNamespace()`:
! there is no package called 'sva'
---
Backtrace:
    x
 1. +-randRotation::rotateStat(...)
 2. | \-base::lapply(X = i, FUN = FUN, ...)
 3. |   \-randRotation (local) FUN(X[[i]], ...)
 4. |     \-global statistic(randrot(initialised.obj, I.matrix = (j == 1)), ...)
 5. \-base::loadNamespace(x)
 6.   \-base::withRestarts(stop(cond), retry_loadNamespace = function() NULL)
 7.     \-base (local) withOneRestart(expr, restarts[[1L]])
 8.       \-base (local) doWithOneRestart(return(expr), restart)
~~~~~~~~~~~~~~~~~~~~~~~~~~~~~~~~~~~~~~~~~~~~~~~~~~~~~~~~~~~~~~~~~~~~~~~~~~~~~~~~

Error: processing vignette 'randRotationIntro.Rmd' failed with diagnostics:
there is no package called 'sva'
--- failed re-building ‘randRotationIntro.Rmd’

SUMMARY: processing the following file failed:
  ‘randRotationIntro.Rmd’

Error: Vignette re-building failed.
Execution halted