Back to Build/check report for BioC 3.23:   simplified   long
ABCDEFGHIJKLMNO[P]QRSTUVWXYZ

This page was generated on 2025-11-12 11:32 -0500 (Wed, 12 Nov 2025).

HostnameOSArch (*)R versionInstalled pkgs
nebbiolo1Linux (Ubuntu 24.04.3 LTS)x86_64R Under development (unstable) (2025-10-20 r88955) -- "Unsuffered Consequences" 4823
Click on any hostname to see more info about the system (e.g. compilers)      (*) as reported by 'uname -p', except on Windows and Mac OS X

Package 1590/2325HostnameOS / ArchINSTALLBUILDCHECKBUILD BIN
plotgardener 1.17.0  (landing page)
Nicole Kramer
Snapshot Date: 2025-11-11 13:40 -0500 (Tue, 11 Nov 2025)
git_url: https://git.bioconductor.org/packages/plotgardener
git_branch: devel
git_last_commit: eaa9c96
git_last_commit_date: 2025-10-29 11:11:39 -0500 (Wed, 29 Oct 2025)
nebbiolo1Linux (Ubuntu 24.04.3 LTS) / x86_64  OK    OK    ERROR  


CHECK results for plotgardener on nebbiolo1

To the developers/maintainers of the plotgardener package:
- Allow up to 24 hours (and sometimes 48 hours) for your latest push to git@git.bioconductor.org:packages/plotgardener.git to reflect on this report. See Troubleshooting Build Report for more information.
- Use the following Renviron settings to reproduce errors and warnings.
- If 'R CMD check' started to fail recently on the Linux builder(s) over a missing dependency, add the missing dependency to 'Suggests:' in your DESCRIPTION file. See Renviron.bioc for more information.

raw results


Summary

Package: plotgardener
Version: 1.17.0
Command: /home/biocbuild/bbs-3.23-bioc/R/bin/R CMD check --install=check:plotgardener.install-out.txt --library=/home/biocbuild/bbs-3.23-bioc/R/site-library --timings plotgardener_1.17.0.tar.gz
StartedAt: 2025-11-12 02:37:52 -0500 (Wed, 12 Nov 2025)
EndedAt: 2025-11-12 02:47:25 -0500 (Wed, 12 Nov 2025)
EllapsedTime: 573.7 seconds
RetCode: 1
Status:   ERROR  
CheckDir: plotgardener.Rcheck
Warnings: NA

Command output

##############################################################################
##############################################################################
###
### Running command:
###
###   /home/biocbuild/bbs-3.23-bioc/R/bin/R CMD check --install=check:plotgardener.install-out.txt --library=/home/biocbuild/bbs-3.23-bioc/R/site-library --timings plotgardener_1.17.0.tar.gz
###
##############################################################################
##############################################################################


* using log directory ‘/home/biocbuild/bbs-3.23-bioc/meat/plotgardener.Rcheck’
* using R Under development (unstable) (2025-10-20 r88955)
* using platform: x86_64-pc-linux-gnu
* R was compiled by
    gcc (Ubuntu 13.3.0-6ubuntu2~24.04) 13.3.0
    GNU Fortran (Ubuntu 13.3.0-6ubuntu2~24.04) 13.3.0
* running under: Ubuntu 24.04.3 LTS
* using session charset: UTF-8
* checking for file ‘plotgardener/DESCRIPTION’ ... OK
* this is package ‘plotgardener’ version ‘1.17.0’
* package encoding: UTF-8
* checking package namespace information ... OK
* checking package dependencies ... OK
* checking if this is a source package ... OK
* checking if there is a namespace ... OK
* checking for hidden files and directories ... OK
* checking for portable file names ... OK
* checking for sufficient/correct file permissions ... OK
* checking whether package ‘plotgardener’ can be installed ... OK
* used C++ compiler: ‘g++ (Ubuntu 13.3.0-6ubuntu2~24.04) 13.3.0’
* checking installed package size ... OK
* checking package directory ... OK
* checking ‘build’ directory ... OK
* checking DESCRIPTION meta-information ... OK
* checking top-level files ... OK
* checking for left-over files ... OK
* checking index information ... OK
* checking package subdirectories ... OK
* checking code files for non-ASCII characters ... OK
* checking R files for syntax errors ... OK
* checking whether the package can be loaded ... OK
* checking whether the package can be loaded with stated dependencies ... OK
* checking whether the package can be unloaded cleanly ... OK
* checking whether the namespace can be loaded with stated dependencies ... OK
* checking whether the namespace can be unloaded cleanly ... OK
* checking loading without being on the library search path ... OK
* checking whether startup messages can be suppressed ... OK
* checking dependencies in R code ... OK
* checking S3 generic/method consistency ... OK
* checking replacement functions ... OK
* checking foreign function calls ... OK
* checking R code for possible problems ... NOTE
.checkCool: no visible binding for global variable ‘name’
pgParams: no visible binding for global variable ‘width’
pgParams: no visible binding for global variable ‘strand’
Undefined global functions or variables:
  name strand width
* checking Rd files ... NOTE
checkRd: (-1) annoDomains.Rd:28-29: Lost braces in \itemize; meant \describe ?
checkRd: (-1) annoDomains.Rd:30-31: Lost braces in \itemize; meant \describe ?
checkRd: (-1) annoDomains.Rd:32-33: Lost braces in \itemize; meant \describe ?
checkRd: (-1) annoDomains.Rd:34-35: Lost braces in \itemize; meant \describe ?
checkRd: (-1) annoGenomeLabel.Rd:47: Lost braces in \itemize; meant \describe ?
checkRd: (-1) annoGenomeLabel.Rd:48-49: Lost braces in \itemize; meant \describe ?
checkRd: (-1) annoGenomeLabel.Rd:50-51: Lost braces in \itemize; meant \describe ?
checkRd: (-1) annoGenomeLabel.Rd:69: Lost braces in \itemize; meant \describe ?
checkRd: (-1) annoGenomeLabel.Rd:70-72: Lost braces in \itemize; meant \describe ?
checkRd: (-1) annoHeatmapLegend.Rd:33: Lost braces in \itemize; meant \describe ?
checkRd: (-1) annoHeatmapLegend.Rd:34: Lost braces in \itemize; meant \describe ?
checkRd: (-1) annoPixels.Rd:30: Lost braces in \itemize; meant \describe ?
checkRd: (-1) annoPixels.Rd:31: Lost braces in \itemize; meant \describe ?
checkRd: (-1) annoPixels.Rd:32: Lost braces in \itemize; meant \describe ?
checkRd: (-1) annoPixels.Rd:39-40: Lost braces in \itemize; meant \describe ?
checkRd: (-1) annoPixels.Rd:41-42: Lost braces in \itemize; meant \describe ?
checkRd: (-1) annoPixels.Rd:43-44: Lost braces in \itemize; meant \describe ?
checkRd: (-1) annoPixels.Rd:45-46: Lost braces in \itemize; meant \describe ?
checkRd: (-1) annoSegments.Rd:64: Lost braces in \itemize; meant \describe ?
checkRd: (-1) annoSegments.Rd:65: Lost braces in \itemize; meant \describe ?
checkRd: (-1) annoSegments.Rd:66: Lost braces in \itemize; meant \describe ?
checkRd: (-1) annoXaxis.Rd:31: Lost braces in \itemize; meant \describe ?
checkRd: (-1) annoXaxis.Rd:32: Lost braces in \itemize; meant \describe ?
checkRd: (-1) annoYaxis.Rd:31: Lost braces in \itemize; meant \describe ?
checkRd: (-1) annoYaxis.Rd:32: Lost braces in \itemize; meant \describe ?
checkRd: (-1) plotGenomeLabel.Rd:58: Lost braces in \itemize; meant \describe ?
checkRd: (-1) plotGenomeLabel.Rd:59-60: Lost braces in \itemize; meant \describe ?
checkRd: (-1) plotGenomeLabel.Rd:61-62: Lost braces in \itemize; meant \describe ?
checkRd: (-1) plotGenomeLabel.Rd:80: Lost braces in \itemize; meant \describe ?
checkRd: (-1) plotGenomeLabel.Rd:81-83: Lost braces in \itemize; meant \describe ?
checkRd: (-1) plotHicRectangle.Rd:55: Lost braces in \itemize; meant \describe ?
checkRd: (-1) plotHicRectangle.Rd:56: Lost braces in \itemize; meant \describe ?
checkRd: (-1) plotHicRectangle.Rd:57: Lost braces in \itemize; meant \describe ?
checkRd: (-1) plotHicSquare.Rd:58: Lost braces in \itemize; meant \describe ?
checkRd: (-1) plotHicSquare.Rd:59: Lost braces in \itemize; meant \describe ?
checkRd: (-1) plotHicSquare.Rd:60: Lost braces in \itemize; meant \describe ?
checkRd: (-1) plotHicSquare.Rd:97: Lost braces in \itemize; meant \describe ?
checkRd: (-1) plotHicSquare.Rd:98: Lost braces in \itemize; meant \describe ?
checkRd: (-1) plotHicSquare.Rd:99: Lost braces in \itemize; meant \describe ?
checkRd: (-1) plotHicTriangle.Rd:54: Lost braces in \itemize; meant \describe ?
checkRd: (-1) plotHicTriangle.Rd:55: Lost braces in \itemize; meant \describe ?
checkRd: (-1) plotHicTriangle.Rd:56: Lost braces in \itemize; meant \describe ?
checkRd: (-1) plotIdeogram.Rd:40: Lost braces in \itemize; meant \describe ?
checkRd: (-1) plotIdeogram.Rd:41: Lost braces in \itemize; meant \describe ?
checkRd: (-1) plotLegend.Rd:42: Lost braces in \itemize; meant \describe ?
checkRd: (-1) plotLegend.Rd:43: Lost braces in \itemize; meant \describe ?
checkRd: (-1) plotManhattan.Rd:45: Lost braces in \itemize; meant \describe ?
checkRd: (-1) plotManhattan.Rd:46-47: Lost braces in \itemize; meant \describe ?
checkRd: (-1) plotManhattan.Rd:48-49: Lost braces in \itemize; meant \describe ?
checkRd: (-1) plotManhattan.Rd:50-51: Lost braces in \itemize; meant \describe ?
checkRd: (-1) plotMultiSignal.Rd:103-104: Lost braces in \itemize; meant \describe ?
checkRd: (-1) plotMultiSignal.Rd:105-106: Lost braces in \itemize; meant \describe ?
checkRd: (-1) plotPairs.Rd:58: Lost braces in \itemize; meant \describe ?
checkRd: (-1) plotPairs.Rd:59: Lost braces in \itemize; meant \describe ?
checkRd: (-1) plotPairsArches.Rd:56: Lost braces in \itemize; meant \describe ?
checkRd: (-1) plotPairsArches.Rd:57: Lost braces in \itemize; meant \describe ?
checkRd: (-1) plotPairsArches.Rd:79: Lost braces in \itemize; meant \describe ?
checkRd: (-1) plotPairsArches.Rd:80: Lost braces in \itemize; meant \describe ?
checkRd: (-1) plotRanges.Rd:62: Lost braces in \itemize; meant \describe ?
checkRd: (-1) plotRanges.Rd:63: Lost braces in \itemize; meant \describe ?
checkRd: (-1) plotRanges.Rd:70: Lost braces in \itemize; meant \describe ?
checkRd: (-1) plotRanges.Rd:71: Lost braces in \itemize; meant \describe ?
checkRd: (-1) plotSegments.Rd:68: Lost braces in \itemize; meant \describe ?
checkRd: (-1) plotSegments.Rd:69: Lost braces in \itemize; meant \describe ?
checkRd: (-1) plotSegments.Rd:70: Lost braces in \itemize; meant \describe ?
checkRd: (-1) plotSignal.Rd:104: Lost braces in \itemize; meant \describe ?
checkRd: (-1) plotSignal.Rd:105: Lost braces in \itemize; meant \describe ?
checkRd: (-1) plotTranscripts.Rd:92: Lost braces in \itemize; meant \describe ?
checkRd: (-1) plotTranscripts.Rd:93: Lost braces in \itemize; meant \describe ?
checkRd: (-1) plotTranscripts.Rd:94: Lost braces in \itemize; meant \describe ?
checkRd: (-1) plotTranscripts.Rd:95-96: Lost braces in \itemize; meant \describe ?
checkRd: (-1) readBigwig.Rd:29: Lost braces in \itemize; meant \describe ?
checkRd: (-1) readBigwig.Rd:30: Lost braces in \itemize; meant \describe ?
checkRd: (-1) readBigwig.Rd:31: Lost braces in \itemize; meant \describe ?
checkRd: (-1) readHic.Rd:54: Lost braces in \itemize; meant \describe ?
checkRd: (-1) readHic.Rd:55: Lost braces in \itemize; meant \describe ?
checkRd: (-1) readHic.Rd:68: Lost braces in \itemize; meant \describe ?
checkRd: (-1) readHic.Rd:69: Lost braces in \itemize; meant \describe ?
checkRd: (-1) readHic.Rd:70: Lost braces in \itemize; meant \describe ?
* checking Rd metadata ... OK
* checking Rd cross-references ... OK
* checking for missing documentation entries ... OK
* checking for code/documentation mismatches ... OK
* checking Rd \usage sections ... OK
* checking Rd contents ... OK
* checking for unstated dependencies in examples ... OK
* checking R/sysdata.rda ... OK
* checking line endings in C/C++/Fortran sources/headers ... OK
* checking compiled code ... INFO
Note: information on .o files is not available
* checking files in ‘vignettes’ ... OK
* checking examples ... ERROR
Running examples in ‘plotgardener-Ex.R’ failed
The error most likely occurred in:

> base::assign(".ptime", proc.time(), pos = "CheckExEnv")
> ### Name: readCool
> ### Title: Read a .(m)cool file and return Hi-C data as a dataframe
> ### Aliases: readCool
> 
> ### ** Examples
> 
> 
> ## .cool file
> coolFile <- file.path(tempdir(), "Rao2014-IMR90-MboI-allreps-filtered.1000kb.cool")
> download.file(url = "https://usgs2.osn.mghpcc.org/cooler01/examples/hg19/Rao2014-IMR90-MboI-allreps-filtered.1000kb.cool",
+     destfile = coolFile, mode = "wb")
trying URL 'https://usgs2.osn.mghpcc.org/cooler01/examples/hg19/Rao2014-IMR90-MboI-allreps-filtered.1000kb.cool'
Content type 'binary/octet-stream' length 4103444 bytes (3.9 MB)
==================================================
downloaded 3.9 MB

> 
> ## Read in region `chr2:10000000-22000000` at 1000Kb cool file resolution
> coolData <- readCool(file = coolFile, chrom = "chr2", chromstart = 10000000,
+                      chromend = 22000000,
+                      resolution = 1000000)
Read in .cool file with NONE normalization at 1e+06 BP resolution.
> 
> ## .mcool file
> mcoolFile <- file.path(tempdir(), "LEUK_HEK_PJA27_inter_30.mcool")
> download.file(url = "https://zenodo.org/records/10906240/files/LEUK_HEK_PJA27_inter_30.mcool?download=1",
+     destfile = mcoolFile, mode = "wb")
trying URL 'https://zenodo.org/records/10906240/files/LEUK_HEK_PJA27_inter_30.mcool?download=1'
Warning in download.file(url = "https://zenodo.org/records/10906240/files/LEUK_HEK_PJA27_inter_30.mcool?download=1",  :
  URL 'https://zenodo.org/records/10906240/files/LEUK_HEK_PJA27_inter_30.mcool?download=1': status was 'SSL peer certificate or SSH remote key was not OK'
Error in download.file(url = "https://zenodo.org/records/10906240/files/LEUK_HEK_PJA27_inter_30.mcool?download=1",  : 
  cannot open URL 'https://zenodo.org/records/10906240/files/LEUK_HEK_PJA27_inter_30.mcool?download=1'
Execution halted
Examples with CPU (user + system) or elapsed time > 5s
             user system elapsed
plotGenes  25.959  1.082  27.044
plotRaster 18.565  1.797  20.370
* checking for unstated dependencies in ‘tests’ ... OK
* checking tests ...
  Running ‘testthat.R’
 OK
* checking for unstated dependencies in vignettes ... OK
* checking package vignettes ... OK
* checking re-building of vignette outputs ... OK
* checking PDF version of manual ... OK
* DONE

Status: 1 ERROR, 2 NOTEs
See
  ‘/home/biocbuild/bbs-3.23-bioc/meat/plotgardener.Rcheck/00check.log’
for details.


Installation output

plotgardener.Rcheck/00install.out

##############################################################################
##############################################################################
###
### Running command:
###
###   /home/biocbuild/bbs-3.23-bioc/R/bin/R CMD INSTALL plotgardener
###
##############################################################################
##############################################################################


* installing to library ‘/home/biocbuild/bbs-3.23-bioc/R/site-library’
* installing *source* package ‘plotgardener’ ...
** this is package ‘plotgardener’ version ‘1.17.0’
** using staged installation
** libs
using C++ compiler: ‘g++ (Ubuntu 13.3.0-6ubuntu2~24.04) 13.3.0’
g++ -std=gnu++17 -I"/home/biocbuild/bbs-3.23-bioc/R/include" -DNDEBUG  -I'/home/biocbuild/bbs-3.23-bioc/R/site-library/Rcpp/include' -I/usr/local/include    -fpic  -g -O2  -Wall -Werror=format-security  -c RcppExports.cpp -o RcppExports.o
g++ -std=gnu++17 -I"/home/biocbuild/bbs-3.23-bioc/R/include" -DNDEBUG  -I'/home/biocbuild/bbs-3.23-bioc/R/site-library/Rcpp/include' -I/usr/local/include    -fpic  -g -O2  -Wall -Werror=format-security  -c checkRow.cpp -o checkRow.o
g++ -std=gnu++17 -I"/home/biocbuild/bbs-3.23-bioc/R/include" -DNDEBUG  -I'/home/biocbuild/bbs-3.23-bioc/R/site-library/Rcpp/include' -I/usr/local/include    -fpic  -g -O2  -Wall -Werror=format-security  -c rebinBigwig.cpp -o rebinBigwig.o
g++ -std=gnu++17 -shared -L/home/biocbuild/bbs-3.23-bioc/R/lib -L/usr/local/lib -o plotgardener.so RcppExports.o checkRow.o rebinBigwig.o -L/home/biocbuild/bbs-3.23-bioc/R/lib -lR
installing to /home/biocbuild/bbs-3.23-bioc/R/site-library/00LOCK-plotgardener/00new/plotgardener/libs
** R
** inst
** byte-compile and prepare package for lazy loading
** help
*** installing help indices
*** copying figures
** building package indices
** installing vignettes
** testing if installed package can be loaded from temporary location
** checking absolute paths in shared objects and dynamic libraries
** testing if installed package can be loaded from final location
** testing if installed package keeps a record of temporary installation path
* DONE (plotgardener)

Tests output

plotgardener.Rcheck/tests/testthat.Rout


R Under development (unstable) (2025-10-20 r88955) -- "Unsuffered Consequences"
Copyright (C) 2025 The R Foundation for Statistical Computing
Platform: x86_64-pc-linux-gnu

R is free software and comes with ABSOLUTELY NO WARRANTY.
You are welcome to redistribute it under certain conditions.
Type 'license()' or 'licence()' for distribution details.

R is a collaborative project with many contributors.
Type 'contributors()' for more information and
'citation()' on how to cite R or R packages in publications.

Type 'demo()' for some demos, 'help()' for on-line help, or
'help.start()' for an HTML browser interface to help.
Type 'q()' to quit R.

> library(testthat)
> library(plotgardener)

Attaching package: 'plotgardener'

The following object is masked from 'package:base':

    c

> 
> test_check("plotgardener")
Loading required package: GenomicFeatures
Loading required package: BiocGenerics
Loading required package: generics

Attaching package: 'generics'

The following objects are masked from 'package:base':

    as.difftime, as.factor, as.ordered, intersect, is.element, setdiff,
    setequal, union


Attaching package: 'BiocGenerics'

The following objects are masked from 'package:stats':

    IQR, mad, sd, var, xtabs

The following objects are masked from 'package:base':

    Filter, Find, Map, Position, Reduce, anyDuplicated, aperm, append,
    as.data.frame, basename, cbind, colnames, dirname, do.call,
    duplicated, eval, evalq, get, grep, grepl, is.unsorted, lapply,
    mapply, match, mget, order, paste, pmax, pmax.int, pmin, pmin.int,
    rank, rbind, rownames, sapply, saveRDS, table, tapply, unique,
    unsplit, which.max, which.min

Loading required package: S4Vectors
Loading required package: stats4

Attaching package: 'S4Vectors'

The following object is masked from 'package:utils':

    findMatches

The following objects are masked from 'package:base':

    I, expand.grid, unname

Loading required package: IRanges
Loading required package: Seqinfo
Loading required package: GenomicRanges
Loading required package: AnnotationDbi
Loading required package: Biobase
Welcome to Bioconductor

    Vignettes contain introductory material; view with
    'browseVignettes()'. To cite Bioconductor, see
    'citation("Biobase")', and for packages 'citation("pkgname")'.


Using poppler version 24.02.0
Loading required package: BiocFileCache
Loading required package: dbplyr

Attaching package: 'AnnotationHub'

The following object is masked from 'package:Biobase':

    cache

pairs[pairs1]
arches[arches1]
ranges[ranges1]
transcripts[transcripts1]
start, endLoading required package: SummarizedExperiment
Loading required package: MatrixGenerics
Loading required package: matrixStats

Attaching package: 'matrixStats'

The following objects are masked from 'package:Biobase':

    anyMissing, rowMedians


Attaching package: 'MatrixGenerics'

The following objects are masked from 'package:matrixStats':

    colAlls, colAnyNAs, colAnys, colAvgsPerRowSet, colCollapse,
    colCounts, colCummaxs, colCummins, colCumprods, colCumsums,
    colDiffs, colIQRDiffs, colIQRs, colLogSumExps, colMadDiffs,
    colMads, colMaxs, colMeans2, colMedians, colMins, colOrderStats,
    colProds, colQuantiles, colRanges, colRanks, colSdDiffs, colSds,
    colSums2, colTabulates, colVarDiffs, colVars, colWeightedMads,
    colWeightedMeans, colWeightedMedians, colWeightedSds,
    colWeightedVars, rowAlls, rowAnyNAs, rowAnys, rowAvgsPerColSet,
    rowCollapse, rowCounts, rowCummaxs, rowCummins, rowCumprods,
    rowCumsums, rowDiffs, rowIQRDiffs, rowIQRs, rowLogSumExps,
    rowMadDiffs, rowMads, rowMaxs, rowMeans2, rowMedians, rowMins,
    rowOrderStats, rowProds, rowQuantiles, rowRanges, rowRanks,
    rowSdDiffs, rowSds, rowSums2, rowTabulates, rowVarDiffs, rowVars,
    rowWeightedMads, rowWeightedMeans, rowWeightedMedians,
    rowWeightedSds, rowWeightedVars

The following object is masked from 'package:Biobase':

    rowMedians

Read in hic file with KR normalization at 1e+05 BP resolution.
trying URL 'https://usgs2.osn.mghpcc.org/cooler01/examples/hg19/Rao2014-IMR90-MboI-allreps-filtered.1000kb.cool'
Content type 'binary/octet-stream' length 4103444 bytes (3.9 MB)
==================================================
downloaded 3.9 MB

trying URL 'https://zenodo.org/records/10906240/files/LEUK_HEK_PJA27_inter_30.mcool?download=1'
Content type 'application/octet-stream' length 55194561 bytes (52.6 MB)
==================================================
downloaded 52.6 MB

signal[signal1_h]
signal[signal1_h]
transcripts[transcripts1]
[ FAIL 0 | WARN 0 | SKIP 1 | PASS 133 ]

══ Skipped tests (1) ═══════════════════════════════════════════════════════════
• empty test (1): 'test-transcriptFilter.R:4:1'

[ FAIL 0 | WARN 0 | SKIP 1 | PASS 133 ]
> 
> proc.time()
   user  system elapsed 
 59.995   4.539 122.074 

Example timings

plotgardener.Rcheck/plotgardener-Ex.timings

nameusersystemelapsed
annoDomains0.7850.0380.826
annoGenomeLabel3.0140.2093.223
annoHeatmapLegend0.5300.0040.534
annoHighlight1.6150.0651.682
annoPixels0.8260.0120.839
annoSegments1.7050.0461.753
annoText0.8020.0320.835
annoXaxis2.8070.0992.907
annoYaxis0.5250.0120.537
annoZoomLines2.3180.0342.352
assembly000
c0.0000.0010.000
calcSignalRange0.2740.0100.286
colorby0.5390.0070.546
defaultPackages0.0090.0000.010
genomes0.0000.0000.001
mapColors0.0870.0020.089
pageCreate0.0370.0000.038
pageGuideHide0.0310.0000.031
pageGuideHorizontal0.0470.0010.048
pageGuideShow0.7220.0100.733
pageGuideVertical0.0860.0030.090
pageLayoutCol000
pageLayoutRow0.0010.0000.000
pagePlotPlace0.5130.0060.518
pagePlotRemove0.4300.0080.437
pgParams1.9140.0581.973
plotCircle0.0260.0010.027
plotGG0.2510.0020.254
plotGenes25.959 1.08227.044
plotGenomeLabel1.7900.0331.824
plotHicRectangle0.4710.0030.474
plotHicSquare0.6050.0080.613
plotHicTriangle1.1570.0201.177
plotIdeogram3.8360.4614.573
plotLegend0.2840.0170.301
plotManhattan1.7750.0851.860
plotMultiSignal1.6410.1561.797
plotPairs0.1300.0130.143
plotPairsArches0.1270.0080.135
plotPolygon0.0430.0040.046
plotRanges0.1500.0110.161
plotRaster18.565 1.79720.370
plotRect0.4740.0320.506
plotSegments0.0570.0090.065
plotSignal0.7240.0640.789
plotText0.0470.0000.047
plotTranscripts1.1450.0521.196
readBigwig0.2380.0040.242