Back to Build/check report for BioC 3.23:   simplified   long
ABCDEFGHIJKLM[N]OPQRSTUVWXYZ

This page was generated on 2025-11-12 11:32 -0500 (Wed, 12 Nov 2025).

HostnameOSArch (*)R versionInstalled pkgs
nebbiolo1Linux (Ubuntu 24.04.3 LTS)x86_64R Under development (unstable) (2025-10-20 r88955) -- "Unsuffered Consequences" 4823
Click on any hostname to see more info about the system (e.g. compilers)      (*) as reported by 'uname -p', except on Windows and Mac OS X

Package 1460/2325HostnameOS / ArchINSTALLBUILDCHECKBUILD BIN
nucleR 2.43.0  (landing page)
Alba Sala
Snapshot Date: 2025-11-11 13:40 -0500 (Tue, 11 Nov 2025)
git_url: https://git.bioconductor.org/packages/nucleR
git_branch: devel
git_last_commit: 3db28f8
git_last_commit_date: 2025-10-29 10:08:16 -0500 (Wed, 29 Oct 2025)
nebbiolo1Linux (Ubuntu 24.04.3 LTS) / x86_64  OK    OK    WARNINGS  UNNEEDED, same version is already published


CHECK results for nucleR on nebbiolo1

To the developers/maintainers of the nucleR package:
- Allow up to 24 hours (and sometimes 48 hours) for your latest push to git@git.bioconductor.org:packages/nucleR.git to reflect on this report. See Troubleshooting Build Report for more information.
- Use the following Renviron settings to reproduce errors and warnings.
- If 'R CMD check' started to fail recently on the Linux builder(s) over a missing dependency, add the missing dependency to 'Suggests:' in your DESCRIPTION file. See Renviron.bioc for more information.

raw results


Summary

Package: nucleR
Version: 2.43.0
Command: /home/biocbuild/bbs-3.23-bioc/R/bin/R CMD check --install=check:nucleR.install-out.txt --library=/home/biocbuild/bbs-3.23-bioc/R/site-library --timings nucleR_2.43.0.tar.gz
StartedAt: 2025-11-12 02:06:17 -0500 (Wed, 12 Nov 2025)
EndedAt: 2025-11-12 02:11:06 -0500 (Wed, 12 Nov 2025)
EllapsedTime: 289.4 seconds
RetCode: 0
Status:   WARNINGS  
CheckDir: nucleR.Rcheck
Warnings: 1

Command output

##############################################################################
##############################################################################
###
### Running command:
###
###   /home/biocbuild/bbs-3.23-bioc/R/bin/R CMD check --install=check:nucleR.install-out.txt --library=/home/biocbuild/bbs-3.23-bioc/R/site-library --timings nucleR_2.43.0.tar.gz
###
##############################################################################
##############################################################################


* using log directory ‘/home/biocbuild/bbs-3.23-bioc/meat/nucleR.Rcheck’
* using R Under development (unstable) (2025-10-20 r88955)
* using platform: x86_64-pc-linux-gnu
* R was compiled by
    gcc (Ubuntu 13.3.0-6ubuntu2~24.04) 13.3.0
    GNU Fortran (Ubuntu 13.3.0-6ubuntu2~24.04) 13.3.0
* running under: Ubuntu 24.04.3 LTS
* using session charset: UTF-8
* checking for file ‘nucleR/DESCRIPTION’ ... OK
* checking extension type ... Package
* this is package ‘nucleR’ version ‘2.43.0’
* package encoding: UTF-8
* checking package namespace information ... OK
* checking package dependencies ... OK
* checking if this is a source package ... OK
* checking if there is a namespace ... OK
* checking for hidden files and directories ... OK
* checking for portable file names ... OK
* checking for sufficient/correct file permissions ... OK
* checking whether package ‘nucleR’ can be installed ... OK
* checking installed package size ... OK
* checking package directory ... OK
* checking ‘build’ directory ... OK
* checking DESCRIPTION meta-information ... OK
* checking top-level files ... OK
* checking for left-over files ... OK
* checking index information ... OK
* checking package subdirectories ... OK
* checking code files for non-ASCII characters ... OK
* checking R files for syntax errors ... OK
* checking whether the package can be loaded ... OK
* checking whether the package can be loaded with stated dependencies ... OK
* checking whether the package can be unloaded cleanly ... OK
* checking whether the namespace can be loaded with stated dependencies ... OK
* checking whether the namespace can be unloaded cleanly ... OK
* checking loading without being on the library search path ... OK
* checking dependencies in R code ... OK
* checking S3 generic/method consistency ... OK
* checking replacement functions ... OK
* checking foreign function calls ... OK
* checking R code for possible problems ... OK
* checking Rd files ... OK
* checking Rd metadata ... OK
* checking Rd cross-references ... NOTE
Unknown package ‘Starr’ in Rd xrefs
* checking for missing documentation entries ... OK
* checking for code/documentation mismatches ... OK
* checking Rd \usage sections ... WARNING
Undocumented arguments in Rd file 'dot-fftRegion.Rd'
  ‘data2’ ‘pcKeepComp’

Undocumented arguments in Rd file 'dot-loadFiles.Rd'
  ‘singleLoad’ ‘pairedLoad’

Undocumented arguments in Rd file 'dot-loadPairedBam.Rd'
  ‘file’

Undocumented arguments in Rd file 'dot-loadSingleBam.Rd'
  ‘exp’

Undocumented arguments in Rd file 'dot-mid.Rd'
  ‘x’

Undocumented arguments in Rd file 'dot-unlist_as_integer.Rd'
  ‘x’

Undocumented arguments in Rd file 'dot-xlapply.Rd'
  ‘X’ ‘FUN’ ‘...’ ‘mc.cores’

Documented arguments not in \usage in Rd file 'pcKeepCompDetect.Rd':
  ‘...’

Functions with \usage entries need to have the appropriate \alias
entries, and all their arguments documented.
The \usage entries must correspond to syntactically valid R code.
See chapter ‘Writing R documentation files’ in the ‘Writing R
Extensions’ manual.
* checking Rd contents ... OK
* checking for unstated dependencies in examples ... OK
* checking contents of ‘data’ directory ... OK
* checking data for non-ASCII characters ... OK
* checking data for ASCII and uncompressed saves ... OK
* checking files in ‘vignettes’ ... OK
* checking examples ... OK
Examples with CPU (user + system) or elapsed time > 5s
                 user system elapsed
syntheticNucMap 7.999  0.135   8.135
* checking for unstated dependencies in ‘tests’ ... OK
* checking tests ...
  Running ‘testthat.R’
 OK
* checking for unstated dependencies in vignettes ... OK
* checking package vignettes ... OK
* checking re-building of vignette outputs ... OK
* checking PDF version of manual ... OK
* DONE

Status: 1 WARNING, 1 NOTE
See
  ‘/home/biocbuild/bbs-3.23-bioc/meat/nucleR.Rcheck/00check.log’
for details.


Installation output

nucleR.Rcheck/00install.out

##############################################################################
##############################################################################
###
### Running command:
###
###   /home/biocbuild/bbs-3.23-bioc/R/bin/R CMD INSTALL nucleR
###
##############################################################################
##############################################################################


* installing to library ‘/home/biocbuild/bbs-3.23-bioc/R/site-library’
* installing *source* package ‘nucleR’ ...
** this is package ‘nucleR’ version ‘2.43.0’
** using staged installation
** R
** data
** inst
** byte-compile and prepare package for lazy loading
Loading required package: usethis

Welcome at Tue Nov 11 15:56:06 2025 

Goodbye at  Tue Nov 11 15:56:18 2025 
** help
*** installing help indices
** building package indices
Loading required package: usethis

Welcome at Tue Nov 11 15:56:19 2025 

Goodbye at  Tue Nov 11 15:56:19 2025 
** installing vignettes
** testing if installed package can be loaded from temporary location
Loading required package: usethis

Welcome at Tue Nov 11 15:56:20 2025 

Goodbye at  Tue Nov 11 15:56:30 2025 
** testing if installed package can be loaded from final location
Loading required package: usethis

Welcome at Tue Nov 11 15:56:31 2025 

Goodbye at  Tue Nov 11 15:56:42 2025 
** testing if installed package keeps a record of temporary installation path
* DONE (nucleR)

Tests output

nucleR.Rcheck/tests/testthat.Rout


R Under development (unstable) (2025-10-20 r88955) -- "Unsuffered Consequences"
Copyright (C) 2025 The R Foundation for Statistical Computing
Platform: x86_64-pc-linux-gnu

R is free software and comes with ABSOLUTELY NO WARRANTY.
You are welcome to redistribute it under certain conditions.
Type 'license()' or 'licence()' for distribution details.

R is a collaborative project with many contributors.
Type 'contributors()' for more information and
'citation()' on how to cite R or R packages in publications.

Type 'demo()' for some demos, 'help()' for on-line help, or
'help.start()' for an HTML browser interface to help.
Type 'q()' to quit R.

> library(testthat)
> library(nucleR)
> 
> test_check("nucleR")
[ FAIL 0 | WARN 0 | SKIP 0 | PASS 2 ]
> 
> proc.time()
   user  system elapsed 
 10.602   0.730  11.321 

Example timings

nucleR.Rcheck/nucleR-Ex.timings

nameusersystemelapsed
controlCorrection0.0860.0150.101
coverage.rpm0.4170.0080.427
export.bed0.1390.0040.145
export.wig0.0370.0720.108
filterFFT1.4660.0631.528
fragmentLenDetect0.4320.0250.458
mergeCalls0.6110.0460.657
nucleR-package1.8130.0091.821
pcKeepCompDetect0.3650.0030.367
peakDetection1.6660.0361.703
peakScoring0.4330.0010.434
plotPeaks1.3100.0081.319
processReads0.3610.0220.384
processTilingArray0.0000.0000.001
readBAM0.1370.0050.146
syntheticNucMap7.9990.1358.135