| Back to Multiple platform build/check report for BioC 3.23: simplified long |
|
This page was generated on 2025-11-14 11:36 -0500 (Fri, 14 Nov 2025).
| Hostname | OS | Arch (*) | R version | Installed pkgs |
|---|---|---|---|---|
| nebbiolo1 | Linux (Ubuntu 24.04.3 LTS) | x86_64 | R Under development (unstable) (2025-10-20 r88955) -- "Unsuffered Consequences" | 4825 |
| kjohnson3 | macOS 13.7.7 Ventura | arm64 | R Under development (unstable) (2025-11-04 r88984) -- "Unsuffered Consequences" | 4547 |
| Click on any hostname to see more info about the system (e.g. compilers) (*) as reported by 'uname -p', except on Windows and Mac OS X | ||||
| Package 1287/2325 | Hostname | OS / Arch | INSTALL | BUILD | CHECK | BUILD BIN | ||||||||
| mina 1.19.0 (landing page) Rui Guan
| nebbiolo1 | Linux (Ubuntu 24.04.3 LTS) / x86_64 | OK | OK | WARNINGS | |||||||||
| kjohnson3 | macOS 13.7.7 Ventura / arm64 | OK | OK | WARNINGS | OK | |||||||||
|
To the developers/maintainers of the mina package: - Allow up to 24 hours (and sometimes 48 hours) for your latest push to git@git.bioconductor.org:packages/mina.git to reflect on this report. See Troubleshooting Build Report for more information. - Use the following Renviron settings to reproduce errors and warnings. - If 'R CMD check' started to fail recently on the Linux builder(s) over a missing dependency, add the missing dependency to 'Suggests:' in your DESCRIPTION file. See Renviron.bioc for more information. |
| Package: mina |
| Version: 1.19.0 |
| Command: /Library/Frameworks/R.framework/Resources/bin/R CMD check --install=check:mina.install-out.txt --library=/Library/Frameworks/R.framework/Resources/library --no-vignettes --timings mina_1.19.0.tar.gz |
| StartedAt: 2025-11-13 21:02:36 -0500 (Thu, 13 Nov 2025) |
| EndedAt: 2025-11-13 21:04:17 -0500 (Thu, 13 Nov 2025) |
| EllapsedTime: 101.2 seconds |
| RetCode: 0 |
| Status: WARNINGS |
| CheckDir: mina.Rcheck |
| Warnings: 1 |
##############################################################################
##############################################################################
###
### Running command:
###
### /Library/Frameworks/R.framework/Resources/bin/R CMD check --install=check:mina.install-out.txt --library=/Library/Frameworks/R.framework/Resources/library --no-vignettes --timings mina_1.19.0.tar.gz
###
##############################################################################
##############################################################################
* using log directory ‘/Users/biocbuild/bbs-3.23-bioc/meat/mina.Rcheck’
* using R Under development (unstable) (2025-11-04 r88984)
* using platform: aarch64-apple-darwin20
* R was compiled by
Apple clang version 16.0.0 (clang-1600.0.26.6)
GNU Fortran (GCC) 14.2.0
* running under: macOS Ventura 13.7.8
* using session charset: UTF-8
* using option ‘--no-vignettes’
* checking for file ‘mina/DESCRIPTION’ ... OK
* this is package ‘mina’ version ‘1.19.0’
* package encoding: UTF-8
* checking package namespace information ... OK
* checking package dependencies ... OK
* checking if this is a source package ... OK
* checking if there is a namespace ... OK
* checking for hidden files and directories ... OK
* checking for portable file names ... OK
* checking for sufficient/correct file permissions ... OK
* checking whether package ‘mina’ can be installed ... OK
* used C++ compiler: ‘Apple clang version 15.0.0 (clang-1500.1.0.2.5)’
* used SDK: ‘MacOSX11.3.1.sdk’
* checking installed package size ... INFO
installed size is 8.2Mb
sub-directories of 1Mb or more:
data 7.6Mb
* checking package directory ... OK
* checking ‘build’ directory ... OK
* checking DESCRIPTION meta-information ... OK
* checking top-level files ... OK
* checking for left-over files ... OK
* checking index information ... OK
* checking package subdirectories ... OK
* checking code files for non-ASCII characters ... OK
* checking R files for syntax errors ... OK
* checking whether the package can be loaded ... OK
* checking whether the package can be loaded with stated dependencies ... OK
* checking whether the package can be unloaded cleanly ... OK
* checking whether the namespace can be loaded with stated dependencies ... OK
* checking whether the namespace can be unloaded cleanly ... OK
* checking dependencies in R code ... OK
* checking S3 generic/method consistency ... OK
* checking replacement functions ... OK
* checking foreign function calls ... OK
* checking R code for possible problems ... NOTE
sparcc: no visible binding for global variable ‘i’
net_dis_pcoa,character: no visible binding for global variable ‘y’
net_dis_pcoa,character: no visible binding for global variable ‘Group’
net_dis_plot,mina: no visible binding for global variable ‘Group1’
net_dis_plot,mina: no visible binding for global variable ‘Group2’
net_dis_plot,mina: no visible binding for global variable ‘Distance’
net_dis_plot,mina: no visible binding for global variable ‘Sig’
Undefined global functions or variables:
Distance Group Group1 Group2 Sig i y
* checking Rd files ... NOTE
checkRd: (-1) re_format_AP.Rd:10: Lost braces; missing escapes or markup?
10 | \item{x}{an {APResult} object from \pkg{apcluster}.}
| ^
* checking Rd metadata ... OK
* checking Rd cross-references ... OK
* checking for missing documentation entries ... OK
* checking for code/documentation mismatches ... OK
* checking Rd \usage sections ... OK
* checking Rd contents ... OK
* checking for unstated dependencies in examples ... OK
* checking contents of ‘data’ directory ... OK
* checking data for non-ASCII characters ... OK
* checking LazyData ... WARNING
LazyData DB of 7.6 MB without LazyDataCompression set
See §1.1.6 of 'Writing R Extensions'
* checking data for ASCII and uncompressed saves ... OK
* checking line endings in C/C++/Fortran sources/headers ... OK
* checking compiled code ... INFO
Note: information on .o files is not available
* checking files in ‘vignettes’ ... OK
* checking examples ... OK
Examples with CPU (user + system) or elapsed time > 5s
user system elapsed
net_dis_plot 14.173 4.828 18.054
net_dis-mina 7.222 2.314 9.226
dis_stat_accessor 5.564 1.383 6.819
* checking for unstated dependencies in vignettes ... OK
* checking package vignettes ... OK
* checking running R code from vignettes ... SKIPPED
* checking re-building of vignette outputs ... SKIPPED
* checking PDF version of manual ... OK
* DONE
Status: 1 WARNING, 2 NOTEs
See
‘/Users/biocbuild/bbs-3.23-bioc/meat/mina.Rcheck/00check.log’
for details.
mina.Rcheck/00install.out
############################################################################## ############################################################################## ### ### Running command: ### ### /Library/Frameworks/R.framework/Resources/bin/R CMD INSTALL mina ### ############################################################################## ############################################################################## * installing to library ‘/Library/Frameworks/R.framework/Versions/4.6-arm64/Resources/library’ * installing *source* package ‘mina’ ... ** this is package ‘mina’ version ‘1.19.0’ ** using staged installation ** libs using C++ compiler: ‘Apple clang version 15.0.0 (clang-1500.1.0.2.5)’ using SDK: ‘MacOSX11.3.1.sdk’ clang++ -arch arm64 -std=gnu++17 -I"/Library/Frameworks/R.framework/Resources/include" -DNDEBUG -I'/Library/Frameworks/R.framework/Versions/4.6-arm64/Resources/library/Rcpp/include' -I'/Library/Frameworks/R.framework/Versions/4.6-arm64/Resources/library/RcppParallel/include' -I'/Library/Frameworks/R.framework/Versions/4.6-arm64/Resources/library/RcppArmadillo/include' -I/opt/R/arm64/include -fPIC -falign-functions=64 -Wall -g -O2 -c RcppExports.cpp -o RcppExports.o clang++ -arch arm64 -std=gnu++17 -I"/Library/Frameworks/R.framework/Resources/include" -DNDEBUG -I'/Library/Frameworks/R.framework/Versions/4.6-arm64/Resources/library/Rcpp/include' -I'/Library/Frameworks/R.framework/Versions/4.6-arm64/Resources/library/RcppParallel/include' -I'/Library/Frameworks/R.framework/Versions/4.6-arm64/Resources/library/RcppArmadillo/include' -I/opt/R/arm64/include -fPIC -falign-functions=64 -Wall -g -O2 -c cp_cor.cpp -o cp_cor.o clang++ -arch arm64 -std=gnu++17 -dynamiclib -Wl,-headerpad_max_install_names -undefined dynamic_lookup -L/Library/Frameworks/R.framework/Resources/lib -L/opt/R/arm64/lib -o mina.so RcppExports.o cp_cor.o -F/Library/Frameworks/R.framework/.. -framework R installing to /Library/Frameworks/R.framework/Versions/4.6-arm64/Resources/library/00LOCK-mina/00new/mina/libs ** R ** data *** moving datasets to lazyload DB ** byte-compile and prepare package for lazy loading Creating a new generic function for ‘norm’ in package ‘mina’ ** help *** installing help indices ** building package indices ** installing vignettes ** testing if installed package can be loaded from temporary location ** checking absolute paths in shared objects and dynamic libraries ** testing if installed package can be loaded from final location ** testing if installed package keeps a record of temporary installation path * DONE (mina)
mina.Rcheck/mina-Ex.timings
| name | user | system | elapsed | |
| adj-matrix | 0.326 | 0.014 | 0.163 | |
| adj-mina | 0.466 | 0.016 | 0.334 | |
| adj | 0.435 | 0.013 | 0.285 | |
| adj_method_list | 0.026 | 0.023 | 0.072 | |
| bs_pm-mina | 3.085 | 0.363 | 3.185 | |
| bs_pm | 0.861 | 0.150 | 0.956 | |
| check_mina | 0.021 | 0.007 | 0.033 | |
| check_mina_de | 0.018 | 0.005 | 0.022 | |
| check_mina_qu | 0.018 | 0.005 | 0.031 | |
| cls_tab | 0.02 | 0.01 | 0.03 | |
| com_dis-matrix | 0.270 | 0.008 | 0.126 | |
| com_dis-mina | 0.212 | 0.009 | 0.049 | |
| com_dis | 0.266 | 0.008 | 0.111 | |
| com_dis_list | 0.036 | 0.016 | 0.055 | |
| com_plot-mina | 3.226 | 0.506 | 0.804 | |
| com_plot | 0.079 | 0.010 | 0.104 | |
| com_r2-mina | 0.335 | 0.016 | 0.204 | |
| com_r2 | 0.358 | 0.073 | 0.271 | |
| data-hmp | 0.000 | 0.001 | 0.005 | |
| data-maize | 0.000 | 0.000 | 0.001 | |
| des_accessor | 0.001 | 0.000 | 0.001 | |
| dis_accessor | 0.184 | 0.012 | 0.032 | |
| dis_stat_accessor | 5.564 | 1.383 | 6.819 | |
| dmr-matrix | 0.265 | 0.013 | 0.170 | |
| dmr-mina | 0.280 | 0.040 | 0.166 | |
| dmr | 0.263 | 0.021 | 0.131 | |
| dmr_accessor | 0.263 | 0.014 | 0.125 | |
| fit_tabs-mina | 0.227 | 0.067 | 0.340 | |
| fit_tabs | 0.427 | 0.107 | 0.578 | |
| get_net_cls_tab-matrix-data.frame-method | 0.788 | 0.085 | 0.727 | |
| get_net_cls_tab | 0.784 | 0.084 | 0.732 | |
| get_r2-mat | 0.299 | 0.012 | 0.167 | |
| get_r2 | 0.318 | 0.015 | 0.177 | |
| get_rep-matrix | 0.086 | 0.034 | 0.126 | |
| get_rep-mima | 0.236 | 0.045 | 0.294 | |
| hmp_des | 0.000 | 0.001 | 0.001 | |
| hmp_otu | 0.000 | 0.001 | 0.000 | |
| maize_asv | 0.001 | 0.000 | 0.000 | |
| maize_asv2 | 0 | 0 | 0 | |
| maize_des | 0.000 | 0.001 | 0.001 | |
| maize_des2 | 0.000 | 0.000 | 0.001 | |
| mina-class | 0.001 | 0.000 | 0.001 | |
| net_cls-matrix | 1.385 | 0.326 | 1.657 | |
| net_cls-mina | 3.192 | 0.574 | 3.846 | |
| net_cls | 1.455 | 0.337 | 1.818 | |
| net_cls_tab-mina-method | 0.692 | 0.093 | 0.830 | |
| net_cls_tab | 0.752 | 0.090 | 0.781 | |
| net_dis-mina | 7.222 | 2.314 | 9.226 | |
| net_dis | 0.936 | 0.260 | 1.074 | |
| net_dis_indi | 0 | 0 | 0 | |
| net_dis_pcoa | 0 | 0 | 0 | |
| net_dis_plot | 14.173 | 4.828 | 18.054 | |
| net_grp_cmp | 0.000 | 0.000 | 0.001 | |
| net_node_cmp | 0 | 0 | 0 | |
| norm_accessor | 0.011 | 0.002 | 0.014 | |
| norm_tab-matrix | 0.226 | 0.021 | 0.264 | |
| norm_tab-mina | 0.233 | 0.029 | 0.272 | |
| norm_tab | 0.016 | 0.003 | 0.019 | |
| norm_tab_method_list | 0.021 | 0.016 | 0.044 | |
| pcoa_plot | 0.604 | 0.048 | 0.348 | |
| sim_par | 0 | 0 | 0 | |
| sparcc | 0 | 0 | 0 | |
| tab_accessor | 0.000 | 0.001 | 0.000 | |
| tina-matrix-method | 0 | 0 | 0 | |
| tina | 0.001 | 0.000 | 0.000 | |