| Back to Build/check report for BioC 3.23: simplified long |
|
This page was generated on 2025-11-13 11:32 -0500 (Thu, 13 Nov 2025).
| Hostname | OS | Arch (*) | R version | Installed pkgs |
|---|---|---|---|---|
| kjohnson3 | macOS 13.7.7 Ventura | arm64 | R Under development (unstable) (2025-11-04 r88984) -- "Unsuffered Consequences" | 4013 |
| Click on any hostname to see more info about the system (e.g. compilers) (*) as reported by 'uname -p', except on Windows and Mac OS X | ||||
| Package 1230/2325 | Hostname | OS / Arch | INSTALL | BUILD | CHECK | BUILD BIN | ||||||||
| metagenomeSeq 1.53.0 (landing page) Joseph N. Paulson
| kjohnson3 | macOS 13.7.7 Ventura / arm64 | OK | ERROR | skipped | skipped | ||||||||
|
To the developers/maintainers of the metagenomeSeq package: - Allow up to 24 hours (and sometimes 48 hours) for your latest push to git@git.bioconductor.org:packages/metagenomeSeq.git to reflect on this report. See Troubleshooting Build Report for more information. - Use the following Renviron settings to reproduce errors and warnings. - If 'R CMD check' started to fail recently on the Linux builder(s) over a missing dependency, add the missing dependency to 'Suggests:' in your DESCRIPTION file. See Renviron.bioc for more information. |
| Package: metagenomeSeq |
| Version: 1.53.0 |
| Command: /Library/Frameworks/R.framework/Resources/bin/R CMD build --keep-empty-dirs --no-resave-data metagenomeSeq |
| StartedAt: 2025-11-12 16:40:22 -0500 (Wed, 12 Nov 2025) |
| EndedAt: 2025-11-12 16:40:33 -0500 (Wed, 12 Nov 2025) |
| EllapsedTime: 11.1 seconds |
| RetCode: 1 |
| Status: ERROR |
| PackageFile: None |
| PackageFileSize: NA |
##############################################################################
##############################################################################
###
### Running command:
###
### /Library/Frameworks/R.framework/Resources/bin/R CMD build --keep-empty-dirs --no-resave-data metagenomeSeq
###
##############################################################################
##############################################################################
* checking for file ‘metagenomeSeq/DESCRIPTION’ ... OK
* preparing ‘metagenomeSeq’:
* checking DESCRIPTION meta-information ... OK
* installing the package (it is needed to build vignettes)
* creating vignettes ... ERROR
--- re-building ‘fitTimeSeries.Rnw’ using knitr
--- finished re-building ‘fitTimeSeries.Rnw’
--- re-building ‘metagenomeSeq.Rnw’ using knitr
Quitting from metagenomeSeq.Rnw:89-95 [loadBiom]
~~~~~~~~~~~~~~~~~~~~~~~~~~~~~~~~~~~~~~~~~~~~~~~~~~~~~~~~~~~~
<error/rlang_error>
Error in `library()`:
! there is no package called 'biomformat'
---
Backtrace:
x
1. \-base::library(biomformat)
~~~~~~~~~~~~~~~~~~~~~~~~~~~~~~~~~~~~~~~~~~~~~~~~~~~~~~~~~~~~
Error: processing vignette 'metagenomeSeq.Rnw' failed with diagnostics:
there is no package called 'biomformat'
--- failed re-building ‘metagenomeSeq.Rnw’
SUMMARY: processing the following file failed:
‘metagenomeSeq.Rnw’
Error: Vignette re-building failed.
Execution halted