Back to Build/check report for BioC 3.23:   simplified   long
ABCDEFGHIJK[L]MNOPQRSTUVWXYZ

This page was generated on 2025-11-13 11:32 -0500 (Thu, 13 Nov 2025).

HostnameOSArch (*)R versionInstalled pkgs
kjohnson3macOS 13.7.7 Venturaarm64R Under development (unstable) (2025-11-04 r88984) -- "Unsuffered Consequences" 4013
Click on any hostname to see more info about the system (e.g. compilers)      (*) as reported by 'uname -p', except on Windows and Mac OS X

Package 1139/2325HostnameOS / ArchINSTALLBUILDCHECKBUILD BIN
looking4clusters 1.1.0  (landing page)
David Barrios
Snapshot Date: 2025-11-12 13:40 -0500 (Wed, 12 Nov 2025)
git_url: https://git.bioconductor.org/packages/looking4clusters
git_branch: devel
git_last_commit: 7fb974e
git_last_commit_date: 2025-10-29 11:38:18 -0500 (Wed, 29 Oct 2025)
kjohnson3macOS 13.7.7 Ventura / arm64  OK    ERROR  skippedskipped


BUILD results for looking4clusters on kjohnson3

To the developers/maintainers of the looking4clusters package:
- Allow up to 24 hours (and sometimes 48 hours) for your latest push to git@git.bioconductor.org:packages/looking4clusters.git to reflect on this report. See Troubleshooting Build Report for more information.
- Use the following Renviron settings to reproduce errors and warnings.
- If 'R CMD check' started to fail recently on the Linux builder(s) over a missing dependency, add the missing dependency to 'Suggests:' in your DESCRIPTION file. See Renviron.bioc for more information.

raw results


Summary

Package: looking4clusters
Version: 1.1.0
Command: /Library/Frameworks/R.framework/Resources/bin/R CMD build --keep-empty-dirs --no-resave-data looking4clusters
StartedAt: 2025-11-12 16:36:44 -0500 (Wed, 12 Nov 2025)
EndedAt: 2025-11-12 16:36:46 -0500 (Wed, 12 Nov 2025)
EllapsedTime: 2.0 seconds
RetCode: 1
Status:   ERROR  
PackageFile: None
PackageFileSize: NA

Command output

##############################################################################
##############################################################################
###
### Running command:
###
###   /Library/Frameworks/R.framework/Resources/bin/R CMD build --keep-empty-dirs --no-resave-data looking4clusters
###
##############################################################################
##############################################################################


* checking for file ‘looking4clusters/DESCRIPTION’ ... OK
* preparing ‘looking4clusters’:
* checking DESCRIPTION meta-information ... OK
* installing the package (it is needed to build vignettes)
* creating vignettes ... ERROR
--- re-building ‘looking4clusters.Rmd’ using rmarkdown

Quitting from looking4clusters.Rmd:50-61 [unnamed-chunk-3]
~~~~~~~~~~~~~~~~~~~~~~~~~~~~~~~~~~~~~~~~~~~~~~~~~~~~~~~~~~~~~~~~~~~~~~~~~~~~~~~~
<error/rlang_error>
Error in `library()`:
! there is no package called 'scRNAseq'
---
Backtrace:
    ▆
 1. └─base::library(scRNAseq)
~~~~~~~~~~~~~~~~~~~~~~~~~~~~~~~~~~~~~~~~~~~~~~~~~~~~~~~~~~~~~~~~~~~~~~~~~~~~~~~~

Error: processing vignette 'looking4clusters.Rmd' failed with diagnostics:
there is no package called 'scRNAseq'
--- failed re-building ‘looking4clusters.Rmd’

SUMMARY: processing the following file failed:
  ‘looking4clusters.Rmd’

Error: Vignette re-building failed.
Execution halted