| Back to Multiple platform build/check report for BioC 3.23: simplified long |
|
This page was generated on 2025-11-14 11:36 -0500 (Fri, 14 Nov 2025).
| Hostname | OS | Arch (*) | R version | Installed pkgs |
|---|---|---|---|---|
| nebbiolo1 | Linux (Ubuntu 24.04.3 LTS) | x86_64 | R Under development (unstable) (2025-10-20 r88955) -- "Unsuffered Consequences" | 4825 |
| kjohnson3 | macOS 13.7.7 Ventura | arm64 | R Under development (unstable) (2025-11-04 r88984) -- "Unsuffered Consequences" | 4547 |
| Click on any hostname to see more info about the system (e.g. compilers) (*) as reported by 'uname -p', except on Windows and Mac OS X | ||||
| Package 772/2325 | Hostname | OS / Arch | INSTALL | BUILD | CHECK | BUILD BIN | ||||||||
| funtooNorm 1.35.0 (landing page) Kathleen Klein
| nebbiolo1 | Linux (Ubuntu 24.04.3 LTS) / x86_64 | OK | OK | WARNINGS | |||||||||
| kjohnson3 | macOS 13.7.7 Ventura / arm64 | OK | OK | WARNINGS | OK | |||||||||
|
To the developers/maintainers of the funtooNorm package: - Allow up to 24 hours (and sometimes 48 hours) for your latest push to git@git.bioconductor.org:packages/funtooNorm.git to reflect on this report. See Troubleshooting Build Report for more information. - Use the following Renviron settings to reproduce errors and warnings. - If 'R CMD check' started to fail recently on the Linux builder(s) over a missing dependency, add the missing dependency to 'Suggests:' in your DESCRIPTION file. See Renviron.bioc for more information. |
| Package: funtooNorm |
| Version: 1.35.0 |
| Command: /Library/Frameworks/R.framework/Resources/bin/R CMD check --install=check:funtooNorm.install-out.txt --library=/Library/Frameworks/R.framework/Resources/library --no-vignettes --timings funtooNorm_1.35.0.tar.gz |
| StartedAt: 2025-11-13 20:01:09 -0500 (Thu, 13 Nov 2025) |
| EndedAt: 2025-11-13 20:04:17 -0500 (Thu, 13 Nov 2025) |
| EllapsedTime: 187.5 seconds |
| RetCode: 0 |
| Status: WARNINGS |
| CheckDir: funtooNorm.Rcheck |
| Warnings: 2 |
##############################################################################
##############################################################################
###
### Running command:
###
### /Library/Frameworks/R.framework/Resources/bin/R CMD check --install=check:funtooNorm.install-out.txt --library=/Library/Frameworks/R.framework/Resources/library --no-vignettes --timings funtooNorm_1.35.0.tar.gz
###
##############################################################################
##############################################################################
* using log directory ‘/Users/biocbuild/bbs-3.23-bioc/meat/funtooNorm.Rcheck’
* using R Under development (unstable) (2025-11-04 r88984)
* using platform: aarch64-apple-darwin20
* R was compiled by
Apple clang version 16.0.0 (clang-1600.0.26.6)
GNU Fortran (GCC) 14.2.0
* running under: macOS Ventura 13.7.8
* using session charset: UTF-8
* using option ‘--no-vignettes’
* checking for file ‘funtooNorm/DESCRIPTION’ ... OK
* checking extension type ... Package
* this is package ‘funtooNorm’ version ‘1.35.0’
* checking package namespace information ... OK
* checking package dependencies ... OK
* checking if this is a source package ... OK
* checking if there is a namespace ... OK
* checking for hidden files and directories ... OK
* checking for portable file names ... OK
* checking for sufficient/correct file permissions ... OK
* checking whether package ‘funtooNorm’ can be installed ... OK
* checking installed package size ... OK
* checking package directory ... OK
* checking DESCRIPTION meta-information ... OK
* checking top-level files ... OK
* checking for left-over files ... OK
* checking index information ... OK
* checking package subdirectories ... OK
* checking code files for non-ASCII characters ... OK
* checking R files for syntax errors ... OK
* checking whether the package can be loaded ... OK
* checking whether the package can be loaded with stated dependencies ... OK
* checking whether the package can be unloaded cleanly ... OK
* checking whether the namespace can be loaded with stated dependencies ... OK
* checking whether the namespace can be unloaded cleanly ... OK
* checking dependencies in R code ... OK
* checking S3 generic/method consistency ... OK
* checking replacement functions ... OK
* checking foreign function calls ... OK
* checking R code for possible problems ... OK
* checking Rd files ... NOTE
checkRd: (-1) fromRGChannelSet.Rd:5: Lost braces; missing escapes or markup?
5 | \title{Creates an object of class SampleSet from a RGChannelSet {minfi}}
| ^
* checking Rd metadata ... OK
* checking Rd cross-references ... OK
* checking for missing documentation entries ... OK
* checking for code/documentation mismatches ... OK
* checking Rd \usage sections ... WARNING
Documented arguments not in \usage in Rd file 'show-SampleSet-method.Rd':
‘...’
Functions with \usage entries need to have the appropriate \alias
entries, and all their arguments documented.
The \usage entries must correspond to syntactically valid R code.
See chapter ‘Writing R documentation files’ in the ‘Writing R
Extensions’ manual.
* checking Rd contents ... OK
* checking for unstated dependencies in examples ... OK
* checking R/sysdata.rda ... OK
* checking files in ‘vignettes’ ... WARNING
Files in the 'vignettes' directory but no files in 'inst/doc':
‘MyEndnoteLibrary.bib’ ‘funtooNorm.Rmd’ ‘funtooNorm.pdf’
‘validationcurvesPCRlow.jpg’
Files named as vignettes but with no recognized vignette engine:
‘vignettes/funtooNorm.Rmd’
(Is a VignetteBuilder field missing?)
* checking examples ... OK
Examples with CPU (user + system) or elapsed time > 5s
user system elapsed
funtooNorm 8.488 0.502 9.597
getNormBeta 8.123 0.496 9.105
getNormM 7.256 0.493 8.363
getSnpM 7.070 0.456 7.906
plotValidationGraph 5.692 0.320 6.309
fromRGChannelSet 5.424 0.195 6.048
* checking package vignettes ... NOTE
Package has ‘vignettes’ subdirectory but apparently no vignettes.
Perhaps the ‘VignetteBuilder’ information is missing from the
DESCRIPTION file?
* checking PDF version of manual ... OK
* DONE
Status: 2 WARNINGs, 2 NOTEs
See
‘/Users/biocbuild/bbs-3.23-bioc/meat/funtooNorm.Rcheck/00check.log’
for details.
funtooNorm.Rcheck/00install.out
############################################################################## ############################################################################## ### ### Running command: ### ### /Library/Frameworks/R.framework/Resources/bin/R CMD INSTALL funtooNorm ### ############################################################################## ############################################################################## * installing to library ‘/Library/Frameworks/R.framework/Versions/4.6-arm64/Resources/library’ * installing *source* package ‘funtooNorm’ ... ** this is package ‘funtooNorm’ version ‘1.35.0’ ** using staged installation ** R ** inst ** byte-compile and prepare package for lazy loading ** help *** installing help indices ** building package indices ** installing vignettes ** testing if installed package can be loaded from temporary location ** testing if installed package can be loaded from final location ** testing if installed package keeps a record of temporary installation path * DONE (funtooNorm)
funtooNorm.Rcheck/funtooNorm-Ex.timings
| name | user | system | elapsed | |
| SampleSet-class | 0.001 | 0.000 | 0.001 | |
| agreement | 0.000 | 0.000 | 0.001 | |
| fromRGChannelSet | 5.424 | 0.195 | 6.048 | |
| funtooNorm | 8.488 | 0.502 | 9.597 | |
| getGRanges | 2.599 | 0.201 | 3.061 | |
| getNormBeta | 8.123 | 0.496 | 9.105 | |
| getNormM | 7.256 | 0.493 | 8.363 | |
| getRawBeta | 2.663 | 0.227 | 3.174 | |
| getSnpM | 7.070 | 0.456 | 7.906 | |
| plotValidationGraph | 5.692 | 0.320 | 6.309 | |
| show-SampleSet-method | 2.483 | 0.175 | 2.795 | |